{"id":308,"date":"2014-12-09T13:58:53","date_gmt":"2014-12-09T15:58:53","guid":{"rendered":"http:\/\/sites.usp.br\/gefim\/?page_id=308"},"modified":"2014-12-09T13:58:53","modified_gmt":"2014-12-09T15:58:53","slug":"4o-encontro","status":"publish","type":"page","link":"https:\/\/sites.usp.br\/gefim\/pagina-inicial\/4o-encontro\/","title":{"rendered":"4\u00ba Encontro"},"content":{"rendered":"<p><span style=\"line-height: 1.5\"><a href=\"http:\/\/sites.usp.br\/gefim\/wp-content\/uploads\/sites\/42\/2014\/11\/Slide4.jpg\"><img loading=\"lazy\" decoding=\"async\" class=\"alignleft size-medium wp-image-198\" alt=\"Slide4\" src=\"http:\/\/sites.usp.br\/gefim\/wp-content\/uploads\/sites\/42\/2014\/11\/Slide4-300x193.jpg\" width=\"300\" height=\"193\" srcset=\"https:\/\/sites.usp.br\/gefim\/wp-content\/uploads\/sites\/42\/2014\/11\/Slide4-300x193.jpg 300w, https:\/\/sites.usp.br\/gefim\/wp-content\/uploads\/sites\/42\/2014\/11\/Slide4-1024x661.jpg 1024w, https:\/\/sites.usp.br\/gefim\/wp-content\/uploads\/sites\/42\/2014\/11\/Slide4-400x258.jpg 400w, https:\/\/sites.usp.br\/gefim\/wp-content\/uploads\/sites\/42\/2014\/11\/Slide4.jpg 1178w\" sizes=\"auto, (max-width: 300px) 100vw, 300px\" \/><\/a>O<\/span><b style=\"line-height: 1.5\">\u00a04\u00b0 Encontro GEFIM \u2013 \u201cRetrospectiva e Tend\u00eancias\u201d<\/b><span style=\"line-height: 1.5\">\u00a0ocorreu em julho e agosto de 2003, com a participa\u00e7\u00e3o de 650 servidores da Universidade de S\u00e3o Paulo, al\u00e9m de 15 convidados da UNICAMP. Esta parceria, iniciada no 3\u00ba Encontro, ganhou peso em 2003, em raz\u00e3o dos benef\u00edcios que a integra\u00e7\u00e3o e a troca de experi\u00eancias trazem \u00e0s institui\u00e7\u00f5es.<\/span><\/p>\n<p>Os objetivos do\u00a04<sup>o<\/sup>\u00a0Encontro GEFIM\u00a0foram os de promover a integra\u00e7\u00e3o entre os servidores; levantar temas de import\u00e2ncia para a \u00e1rea de finan\u00e7as e materiais, propondo a participa\u00e7\u00e3o efetiva dos servidores na solu\u00e7\u00e3o de problemas; e introduzir pr\u00e1ticas de utiliza\u00e7\u00e3o de ferramentas de qualidade e a implanta\u00e7\u00e3o da gest\u00e3o de projetos.<\/p>\n<p>Ap\u00f3s as discuss\u00f5es em grupos, foram identificados 11 temas, que se converteram em projetos priorit\u00e1rios para os servidores da \u00e1rea, segundo os mesmos. Entre os temas, citam-se: \u201cComunica\u00e7\u00e3o e Relacionamento Humano\u201d, \u201cEstudo das Condi\u00e7\u00f5es F\u00edsicas de Trabalho\u201d, \u201cIdentifica\u00e7\u00e3o do Perfil do Funcion\u00e1rio USP \u2013 Est\u00edmulo, Reconhecimento e Valoriza\u00e7\u00e3o\u201d, \u201cReestrutura\u00e7\u00e3o do Cadastro de Materiais\u201d, \u201cPadroniza\u00e7\u00e3o dos Processos de Trabalho\u201d, \u201cPlanejamento de A\u00e7\u00f5es na \u00c1rea Financeira e de Materiais\u201d, \u201cPlano de Treinamento para a \u00c1rea de Finan\u00e7as e Materiais\u201d, \u201cCria\u00e7\u00e3o de Servi\u00e7o de Informa\u00e7\u00f5es sobre Legisla\u00e7\u00e3o\u201d, \u201cSistema de Informa\u00e7\u00f5es Gerenciais\u201d, \u201cPlano de Treinamento para Usu\u00e1rios do Sistema Merc\u00fario e Merc\u00fario Web\u201d.<\/p>\n","protected":false},"excerpt":{"rendered":"<p>O\u00a04\u00b0 Encontro GEFIM \u2013 \u201cRetrospectiva e Tend\u00eancias\u201d\u00a0ocorreu em julho e agosto de 2003, com a participa\u00e7\u00e3o de 650 servidores da Universidade de S\u00e3o Paulo, al\u00e9m de 15 convidados da UNICAMP. Esta parceria, iniciada no 3\u00ba Encontro, ganhou peso em 2003, em raz\u00e3o dos benef\u00edcios que a integra\u00e7\u00e3o e a troca de experi\u00eancias trazem \u00e0s institui\u00e7\u00f5es. [&hellip;]<\/p>\n","protected":false},"author":70,"featured_media":0,"parent":79,"menu_order":0,"comment_status":"closed","ping_status":"closed","template":"","meta":{"footnotes":"","_links_to":"","_links_to_target":""},"class_list":["post-308","page","type-page","status-publish","hentry"],"_links":{"self":[{"href":"https:\/\/sites.usp.br\/gefim\/wp-json\/wp\/v2\/pages\/308","targetHints":{"allow":["GET"]}}],"collection":[{"href":"https:\/\/sites.usp.br\/gefim\/wp-json\/wp\/v2\/pages"}],"about":[{"href":"https:\/\/sites.usp.br\/gefim\/wp-json\/wp\/v2\/types\/page"}],"author":[{"embeddable":true,"href":"https:\/\/sites.usp.br\/gefim\/wp-json\/wp\/v2\/users\/70"}],"replies":[{"embeddable":true,"href":"https:\/\/sites.usp.br\/gefim\/wp-json\/wp\/v2\/comments?post=308"}],"version-history":[{"count":1,"href":"https:\/\/sites.usp.br\/gefim\/wp-json\/wp\/v2\/pages\/308\/revisions"}],"predecessor-version":[{"id":309,"href":"https:\/\/sites.usp.br\/gefim\/wp-json\/wp\/v2\/pages\/308\/revisions\/309"}],"up":[{"embeddable":true,"href":"https:\/\/sites.usp.br\/gefim\/wp-json\/wp\/v2\/pages\/79"}],"wp:attachment":[{"href":"https:\/\/sites.usp.br\/gefim\/wp-json\/wp\/v2\/media?parent=308"}],"curies":[{"name":"wp","href":"https:\/\/api.w.org\/{rel}","templated":true}]}}