{"id":308,"date":"2022-02-05T11:35:58","date_gmt":"2022-02-05T13:35:58","guid":{"rendered":"https:\/\/sites.usp.br\/gema\/?page_id=308"},"modified":"2026-03-17T15:22:31","modified_gmt":"2026-03-17T17:22:31","slug":"a-equipe","status":"publish","type":"page","link":"https:\/\/sites.usp.br\/gema\/a-equipe\/","title":{"rendered":"Equipe"},"content":{"rendered":"\n<h2 class=\"wp-block-heading\" id=\"coordenadora\">Coordenadora<\/h2>\n\n\n\n<p><strong>Profa. Dra. V\u00e2nia Carneiro de Carvalho<\/strong><\/p>\n\n\n\n<p>Professora do Museu Paulista da Universidade de S\u00e3o Paulo, onde atua desde 1990 como curadora na \u00e1rea de hist\u00f3ria social. Atua igualmente no Programa de P\u00f3s-Gradua\u00e7\u00e3o em Hist\u00f3ria Social do Departamento de Hist\u00f3ria da Faculdade de Filosofia, Letras e Ci\u00eancias Humanas da USP. \u00c9 pesquisadora associada do <a rel=\"noreferrer noopener\" href=\"https:\/\/sites.usp.br\/ciclocuratorial\/\" target=\"_blank\">Projeto Tem\u00e1tico Ciclo Curatorial<\/a>, junto ao qual coordena dois projetos sobre as rela\u00e7\u00f5es entre g\u00eanero, decora\u00e7\u00e3o e trabalho dom\u00e9stico. Al\u00e9m de in\u00fameros artigos e cap\u00edtulos de livro, publicou o livro <em>G\u00eanero e artefato: o sistema dom\u00e9stico na perspectiva da cultura material. S\u00e3o Paulo, 1870-1920<\/em> (Edusp, 2008).<br>Lattes: <a rel=\"noreferrer noopener\" href=\"http:\/\/lattes.cnpq.br\/9144568282558054\" target=\"_blank\">http:\/\/lattes.cnpq.br\/9144568282558054<\/a><br>Orcid: <a rel=\"noreferrer noopener\" href=\"https:\/\/orcid.org\/0000-0003-3840-8987\" target=\"_blank\">https:\/\/orcid.org\/0000-0003-3840-8987<\/a><\/p>\n\n\n\n<p><\/p>\n\n\n\n<div class=\"su-spacer\" style=\"height:20px\"><\/div>\n\n\n\n<h1 class=\"wp-block-heading\" id=\"pos-doutorando-a\">Equipe de pesquisa e produ\u00e7\u00e3o do livro <a href=\"https:\/\/sites.usp.br\/gema\/repertorio-historico-da-cozinha\/\">&#8220;<em>Objetos de cozinha &#8211; biografias (1860-1960)<\/em>&#8220;<\/a> <\/h1>\n\n\n\n<p><\/p>\n\n\n\n<p><strong>Beatriz Gasques Favilla<\/strong><\/p>\n\n\n\n<p>Graduada em Hist\u00f3ria pela Universidade de S\u00e3o Paulo (USP). Participou como bolsista de inicia\u00e7\u00e3o cient\u00edfica do projeto <em>Cultura Material e Alimenta\u00e7\u00e3o: estudo sistem\u00e1tico para a constru\u00e7\u00e3o de repert\u00f3rio de equipamentos de cozinha (1860-1960)<\/em>, vinculado ao Museu Paulista. <br>Lattes: <a rel=\"noreferrer noopener\" href=\"http:\/\/lattes.cnpq.br\/2497138124922277\" target=\"_blank\">http:\/\/lattes.cnpq.br\/2497138124922277<\/a><\/p>\n\n\n\n<p><\/p>\n\n\n\n<p><strong>Beatriz Perez Lazari<\/strong><\/p>\n\n\n\n<p>Graduanda em Hist\u00f3ria pela Universidade de S\u00e3o Paulo (USP). Participou como estagi\u00e1ria da Divis\u00e3o de Acervo e Curadoria do Museu Paulista, com bolsa concedida pela USP. Integra tamb\u00e9m o Grupo de Estudos de Hist\u00f3ria e Economia Pol\u00edtica na mesma institui\u00e7\u00e3o. <br>Lattes: <a rel=\"noreferrer noopener\" href=\"http:\/\/lattes.cnpq.br\/6524467998058456\" target=\"_blank\">http:\/\/lattes.cnpq.br\/6524467998058456<\/a><\/p>\n\n\n\n<p><\/p>\n\n\n\n<p><strong>Crislene Silva Sousa Concei\u00e7\u00e3o<\/strong><\/p>\n\n\n\n<p>Graduanda em Hist\u00f3ria na Universidade de S\u00e3o Paulo (USP) e T\u00e9cnica em Museologia pela ETEC Parque da Juventude. Foi pesquisadora volunt\u00e1ria na Universidade Federal de S\u00e3o Paulo (Unifesp), onde desenvolveu sua Inicia\u00e7\u00e3o Cient\u00edfica com o tema &#8220;Gera\u00e7\u00e3o de renda entre jovens na periferia: an\u00e1lise a partir de manifesta\u00e7\u00f5es art\u00edsticas e culturais&#8221;. Atualmente \u00e9 estagi\u00e1ria na Divis\u00e3o de Acervo e Curadoria do Museu Paulista.<br>Lattes: <a rel=\"noreferrer noopener\" href=\"http:\/\/lattes.cnpq.br\/8973669521804387\" target=\"_blank\">http:\/\/lattes.cnpq.br\/8973669521804387<\/a><\/p>\n\n\n\n<p><\/p>\n\n\n\n<p><strong>J\u00falia Carloni da Silva<\/strong><\/p>\n\n\n\n<p>Graduada em Hist\u00f3ria pela Universidade de S\u00e3o Paulo (USP). Participa como bolsista de Inicia\u00e7\u00e3o Cient\u00edfica, financiada pelo Conselho Nacional de Desenvolvimento Cient\u00edfico e Tecnol\u00f3gico (CNPq) atrav\u00e9s do Projeto Institucional de Bolsas de Inicia\u00e7\u00e3o Cient\u00edfica (PIBIC), com o projeto <em>Cultura Material e Alimenta\u00e7\u00e3o: estudo sistem\u00e1tico para a constru\u00e7\u00e3o de repert\u00f3rio de equipamentos de cozinha<\/em> (1860-1960), vinculado ao Museu Paulista.<br>Lattes: <a rel=\"noreferrer noopener\" href=\"http:\/\/lattes.cnpq.br\/6144473543380123\" target=\"_blank\">http:\/\/lattes.cnpq.br\/6144473543380123<\/a><\/p>\n\n\n\n<p><\/p>\n\n\n\n<p><strong>Laura Stocco Felicio<\/strong><\/p>\n\n\n\n<p>\u00c9 graduada em Hist\u00f3ria pela Universidade de S\u00e3o Paulo (USP) e mestra em Hist\u00f3ria Social na mesma institui\u00e7\u00e3o. Foi bolsista FAPESP, com pesquisa vinculada ao <a href=\"https:\/\/sites.usp.br\/ciclocuratorial\/\" target=\"_blank\" rel=\"noreferrer noopener\">Projeto Tem\u00e1tico Ciclo Curatorial: Coletar, identificar, processar e difundir. O ciclo curatorial e a produ\u00e7\u00e3o de conhecimento<\/a>. Atuou como pesquisadora associada na exposi\u00e7\u00e3o de longa dura\u00e7\u00e3o &#8220;Casas e Coisas&#8221; e atualmente \u00e9 supervisora dos educadores do Museu Paulista-USP. Desde 2018, vem se dedicando ao estudo da hist\u00f3ria e cultura material com \u00eanfase na materialidade das cozinhas dom\u00e9sticas paulistas. Realizou est\u00e1gio no Department of Gender, Sexuality &amp; Feminist Studies da Duke University (Durham, EUA). <br>Lattes: <a href=\"http:\/\/lattes.cnpq.br\/7304275091329510\" target=\"_blank\" rel=\"noreferrer noopener\">http:\/\/lattes.cnpq.br\/7304275091329510<\/a><br>Orcid: <a href=\"https:\/\/orcid.org\/0000-0001-9377-2744\" target=\"_blank\" rel=\"noreferrer noopener\">https:\/\/orcid.org\/0000-0001-9377-2744<\/a><\/p>\n\n\n\n<p><\/p>\n\n\n\n<p><strong>Leila Claraliz Gra\u00e7a Lucas<\/strong><\/p>\n\n\n\n<p>Graduanda em Hist\u00f3ria pela Universidade de S\u00e3o Paulo (USP). \u00c9 bolsista PIPAE (Projetos Integrados de Pesquisas e \u00c1reas Estrat\u00e9gicas) de Inicia\u00e7\u00e3o Cient\u00edfica vinculada ao Museu Paulista no projeto \u201cO Museu do Ipiranga na cultura digital \u2014 pesquisa e democratiza\u00e7\u00e3o de acervos\u201d.<br>Lattes: <a href=\"http:\/\/lattes.cnpq.br\/8139835932743971\">http:\/\/lattes.cnpq.br\/8139835932743971<\/a><\/p>\n\n\n\n<p><\/p>\n\n\n\n<p><strong>Luiza Marino Sales<\/strong><\/p>\n\n\n\n<p>Graduanda em Hist\u00f3ria pela Universidade de S\u00e3o Paulo (USP) e T\u00e9cnica em Multim\u00eddia pelo Liceu de Artes e Of\u00edcios de S\u00e3o Paulo. Participa como bolsista PIPAE (Projetos Integrados de Pesquisas e \u00c1reas Estrat\u00e9gias) de Inicia\u00e7\u00e3o Cient\u00edfica, vinculada ao Museu Paulista, e vem desenvolvendo a identidade visual do GEMA.<br>Lattes: <a rel=\"noreferrer noopener\" href=\"http:\/\/lattes.cnpq.br\/0033243251869240\" target=\"_blank\">http:\/\/lattes.cnpq.br\/0033243251869240<\/a><\/p>\n\n\n\n<p><\/p>\n\n\n\n<p><strong>Maria Cec\u00edlia Ferreira<\/strong><\/p>\n\n\n\n<p>Atualmente \u00e9 estudante de Hist\u00f3ria da Faculdade de Filosofia, Letras e Ci\u00eancias Humanas da Universidade de S\u00e3o Paulo (USP) e bolsista PIPAE (Projetos Integrados de Pesquisa em \u00c1reas Estrat\u00e9gicas) de Inicia\u00e7\u00e3o Cient\u00edfica no Museu do Ipiranga.&nbsp;<br>Lattes:&nbsp;<a rel=\"noreferrer noopener\" href=\"http:\/\/lattes.cnpq.br\/1536076227245309\" target=\"_blank\">http:\/\/lattes.cnpq.br\/1536076227245309<\/a><\/p>\n\n\n\n<p><\/p>\n\n\n\n<p><strong>Maria Eug\u00eania Ferreira Gomes<\/strong><\/p>\n\n\n\n<p>\u00c9 graduada em Hist\u00f3ria pela Universidade de S\u00e3o Paulo (USP) e mestra pelo Programa de P\u00f3s-Gradua\u00e7\u00e3o em Hist\u00f3ria Social da Faculdade de Filosofia, Letras e Ci\u00eancias Humanas da USP, associado ao Museu Paulista. Na mesma institui\u00e7\u00e3o desenvolveu a pesquisa de inicia\u00e7\u00e3o cient\u00edfica intitulada &#8220;Cultura material e pr\u00e1ticas alimentares em S\u00e3o Paulo (s\u00e9culos XVIII e XIX)&#8221; e foi bolsista do projeto &#8220;Estudos de cole\u00e7\u00e3o e an\u00fancios publicit\u00e1rios da loja de departamento Mappin, 1920 a 1940&#8221;. <br>Lattes: <a href=\"http:\/\/lattes.cnpq.br\/7381947820685042\">http:\/\/lattes.cnpq.br\/7381947820685042<\/a><br>Orcid: <a rel=\"noreferrer noopener\" href=\"https:\/\/orcid.org\/0000-0002-1034-1226\" target=\"_blank\">https:\/\/orcid.org\/0000-0002-1034-1226<\/a><\/p>\n\n\n\n<p><\/p>\n\n\n\n<p><strong>Rafaela Basso<\/strong><\/p>\n\n\n\n<p>Historiadora do Arquivo Central da Universidade Estadual de Campinas (Unicamp), onde exerce o cargo de Diretora da \u00e1rea de Gest\u00e3o e Preserva\u00e7\u00e3o de Documentos e Informa\u00e7\u00e3o. \u00c9 graduada em Hist\u00f3ria pela Unicamp, com mestrado e doutorado em Hist\u00f3ria pela mesma institui\u00e7\u00e3o. \u00c9 autora do livro <em>A Cultura Alimentar Paulista: uma civiliza\u00e7\u00e3o do milho? 1650-1750<\/em>. Foi professora no curso de P\u00f3s-Gradua\u00e7\u00e3o &#8220;Gastronomia: Hist\u00f3ria e Cultura&#8221; no Centro Universit\u00e1rio Senac-SP. <br>Lattes: <a rel=\"noreferrer noopener\" href=\"http:\/\/lattes.cnpq.br\/9225273449906947\" target=\"_blank\">http:\/\/lattes.cnpq.br\/9225273449906947<\/a><br>Orcid: <a rel=\"noreferrer noopener\" href=\"https:\/\/orcid.org\/0000-0002-9111-4446\" target=\"_blank\">https:\/\/orcid.org\/0000-0002-9111-4446<\/a><\/p>\n\n\n\n<p><\/p>\n\n\n\n<p><strong>Vinicius Ferreira El-helou<\/strong><\/p>\n\n\n\n<p>Graduando em F\u00edsica pela Universidade de S\u00e3o Paulo (USP). Atualmente bolsista PIPAE (Projetos Integrados de Pesquisas em \u00c1reas Estrat\u00e9gicas) de Inicia\u00e7\u00e3o Cient\u00edfica para o Museu Paulista no projeto \u201cCultura Material e Alimenta\u00e7\u00e3o: estudo sistem\u00e1tico para a constru\u00e7\u00e3o de repert\u00f3rio de equipamentos de cozinha (1860-1960)\u201d, atuando na \u00e1rea de F\u00edsica Aplicada ao estudo e conserva\u00e7\u00e3o do patrim\u00f4nio cultural.<br>Lattes: <a href=\"http:\/\/lattes.cnpq.br\/8544938995287722\" target=\"_blank\" rel=\"noreferrer noopener\">http:\/\/lattes.cnpq.br\/8544938995287722<\/a><\/p>\n\n\n\n<p><\/p>\n\n\n\n<p><strong>Vitor Cruz Santos<\/strong><\/p>\n\n\n\n<p>Graduando em Hist\u00f3ria pela Universidade de S\u00e3o Paulo (USP). Participa como bolsista PIPAE (Projetos Integrados de Pesquisas em \u00c1reas Estrat\u00e9gicas) na modalidade de Inicia\u00e7\u00e3o Cient\u00edfica do projeto &#8220;O Museu do Ipiranga na cultura digital \u2013 pesquisa e democratiza\u00e7\u00e3o de acervos&#8221;.<br>Lattes: <a href=\"http:\/\/lattes.cnpq.br\/4346036903631703\" target=\"_blank\" rel=\"noreferrer noopener\">http:\/\/lattes.cnpq.br\/4346036903631703<\/a><\/p>\n\n\n\n<p><\/p>\n\n\n\n<p><strong>Viviane Soares Aguiar<\/strong><\/p>\n\n\n\n<p>Graduada em Comunica\u00e7\u00e3o Social pela Universidade Estadual Paulista, \u00e9 mestra e doutora em Hist\u00f3ria Social pela Universidade de S\u00e3o Paulo. Atuou como pesquisadora associada na exposi\u00e7\u00e3o de longa dura\u00e7\u00e3o \u201cCasas e Coisas\u201d, no Museu Paulista-USP, e como coordenadora do Centro de Pesquisa e Refer\u00eancia do museu Casa M\u00e1rio de Andrade, em S\u00e3o Paulo. Vem se dedicando ao estudo das rela\u00e7\u00f5es entre cultura material, hist\u00f3ria das mulheres e alimenta\u00e7\u00e3o.<br>Lattes: <a href=\"http:\/\/lattes.cnpq.br\/3413770150060872\" target=\"_blank\" rel=\"noreferrer noopener\">http:\/\/lattes.cnpq.br\/3413770150060872<br><\/a>Orcid: <a href=\"https:\/\/orcid.org\/0000-0003-3540-2977\" target=\"_blank\" rel=\"noreferrer noopener\">https:\/\/orcid.org\/0000-0003-3540-2977<\/a><\/p>\n\n\n\n<p><\/p>\n\n\n\n<p><\/p>\n\n\n\n<h2 class=\"wp-block-heading\">Pesquisadores e pesquisadoras do GEMA<\/h2>\n\n\n\n<p><\/p>\n\n\n\n<p><strong>Giulia Falcone<\/strong><\/p>\n\n\n\n<p>Graduada em Hist\u00f3ria pela Universidade de S\u00e3o Paulo (FFLCH-USP) e doutoranda em Hist\u00f3ria Social na mesma institui\u00e7\u00e3o. Bolsista Fapesp (Processo 2020\/13456-6) vinculada ao&nbsp;<a rel=\"noreferrer noopener\" href=\"https:\/\/sites.usp.br\/ciclocuratorial\/\" target=\"_blank\">Projeto Tem\u00e1tico Ciclo Curatorial: Coletar, identificar, processar e difundir. O ciclo curatorial e a produ\u00e7\u00e3o de conhecimento<\/a>. Realiza pesquisa na \u00e1rea de moda com \u00eanfase no per\u00edodo contempor\u00e2neo.<br>Lattes:&nbsp;<a rel=\"noreferrer noopener\" href=\"http:\/\/lattes.cnpq.br\/9279604948390066\" target=\"_blank\">http:\/\/lattes.cnpq.br\/9279604948390066<\/a><br>Orcid:&nbsp;<a rel=\"noreferrer noopener\" href=\"https:\/\/orcid.org\/0000-0002-4466-1199\" target=\"_blank\">https:\/\/orcid.org\/0000-0002-4466-1199<\/a><\/p>\n\n\n\n<p><\/p>\n\n\n\n<p><strong>Guilherme Domingues Gon\u00e7ales<\/strong><\/p>\n\n\n\n<p>Graduado em Hist\u00f3ria pela Universidade de Bras\u00edlia (2014) e mestre em Hist\u00f3ria Social pela Universidade de S\u00e3o Paulo (2019). Desenvolve pesquisas na \u00e1rea de cultura material, moda e g\u00eanero.<br>Lattes: <a href=\"http:\/\/lattes.cnpq.br\/0532765846191025\" target=\"_blank\" rel=\"noreferrer noopener\">http:\/\/lattes.cnpq.br\/0532765846191025<\/a><\/p>\n\n\n\n<p><\/p>\n\n\n\n<p><strong>La\u00edza Santana Oliveira<\/strong><\/p>\n\n\n\n<p>\u00c9 Historiadora bacharelada e licenciada em Hist\u00f3ria pela Universidade de S\u00e3o Paulo (USP), Mestre em Hist\u00f3ria Social (PPGHS &#8211; USP) com pesquisa financiada pelo Conselho Nacional de Desenvolvimento Cient\u00edfico e Tecnol\u00f3gico (CNPq). Seu trabalho focaliza as rela\u00e7\u00f5es entre corpo, cultura material, g\u00eanero e Hist\u00f3ria do Tempo Presente a partir da an\u00e1lise da cultura funk paulista. \u00c9 autora do livro <em><a rel=\"noreferrer noopener\" href=\"http:\/\/apeku.lojavirtualnuvem.com.br\/produtos\/sp-130-bpm-materialidade-e-genero-na-cultura-funk-paulista-1995-2014-laiza-santana-oliveira\/\" target=\"_blank\">SP 130 BPM: materialidade e g\u00eanero na cultura funk paulista (1995-2014)<\/a><\/em> lan\u00e7ado em 2021 pela editora Ape&#8217;Ku.&nbsp;<br>Lattes: <a rel=\"noreferrer noopener\" href=\"http:\/\/lattes.cnpq.br\/7394995392454928\" target=\"_blank\">http:\/\/lattes.cnpq.br\/7394995392454928<\/a><br>Orcid: <a rel=\"noreferrer noopener\" href=\"https:\/\/orcid.org\/0000-0002-8607-9877\" target=\"_blank\">https:\/\/orcid.org\/0000-0002-8607-9877<\/a><\/p>\n\n\n\n<p><\/p>\n\n\n\n<p><strong>Pedro Vin\u00edcius de Castro<\/strong><br><br>Graduado em Hist\u00f3ria pela Universidade de S\u00e3o Paulo (USP) e mestrando em Hist\u00f3ria Social na mesma institui\u00e7\u00e3o, sob orienta\u00e7\u00e3o da Profa. Dra. V\u00e2nia Carneiro de Carvalho. Desenvolve pesquisa sobre o complexo dom\u00e9stico-industrial da fam\u00edlia Kojima \u2014 ceramistas imigrantes japoneses estabelecidos em Mau\u00e1 (SP) \u2014 investigando as interse\u00e7\u00f5es entre espa\u00e7o dom\u00e9stico, produ\u00e7\u00e3o cer\u00e2mica e processos de enraizamento da comunidade nikkei em S\u00e3o Paulo, a partir de metodologias de an\u00e1lise da cultura material e de hist\u00f3ria oral. Possui experi\u00eancia em trabalho de acervo e cataloga\u00e7\u00e3o de cole\u00e7\u00f5es tridimensionais no Museu Paulista (cole\u00e7\u00f5es Kojima e Zappi).<br>Lattes:\u00a0<a href=\"http:\/\/lattes.cnpq.br\/1970471858793746\" target=\"_blank\" rel=\"noreferrer noopener\">http:\/\/lattes.cnpq.br\/1970471858793746<\/a><\/p>\n\n\n\n<p><\/p>\n\n\n\n<p><strong>Raissa Monteiro dos Santos<\/strong><\/p>\n\n\n\n<p>Graduada em Hist\u00f3ria pela Universidade de S\u00e3o Paulo (USP) e mestra pelo Programa de P\u00f3s-Gradua\u00e7\u00e3o em Hist\u00f3ria Social da mesma institui\u00e7\u00e3o.<br>Lattes: <a rel=\"noreferrer noopener\" href=\"http:\/\/lattes.cnpq.br\/1353385108998890\" target=\"_blank\">http:\/\/lattes.cnpq.br\/1353385108998890<\/a><\/p>\n\n\n\n<p><\/p>\n\n\n\n<div class=\"su-spacer\" style=\"height:20px\"><\/div>\n\n\n\n<p><\/p>\n\n\n\n<p><\/p>\n\n\n\n<hr class=\"wp-block-separator has-css-opacity\"\/>\n\n\n\n<p><strong>Leia mais<\/strong><\/p>\n\n\n\n<ul class=\"wp-block-list\">\n<li>Conhe\u00e7a nossa <a href=\"http:\/\/https\/sites.usp.br\/gema\/producao-academica\">produ\u00e7\u00e3o acad\u00eamica<\/a> e assista aos <a href=\"https:\/\/sites.usp.br\/gema\/divulgacao-cientifica\/\" data-type=\"page\" data-id=\"304\">v\u00eddeos de palestras e outros eventos<\/a><\/li>\n<\/ul>\n\n\n\n<p><\/p>\n","protected":false},"excerpt":{"rendered":"<p>Coordenadora Profa. Dra. V\u00e2nia Carneiro de Carvalho Professora do Museu Paulista da Universidade de S\u00e3o Paulo, onde atua desde 1990 como curadora na \u00e1rea de hist\u00f3ria social. Atua igualmente no Programa de P\u00f3s-Gradua\u00e7\u00e3o em Hist\u00f3ria Social do Departamento de Hist\u00f3ria da Faculdade de Filosofia, Letras e Ci\u00eancias Humanas da USP. \u00c9 pesquisadora associada do Projeto [&hellip;]<\/p>\n","protected":false},"author":22739,"featured_media":0,"parent":0,"menu_order":0,"comment_status":"closed","ping_status":"closed","template":"","meta":{"footnotes":"","_links_to":"","_links_to_target":""},"class_list":["post-308","page","type-page","status-publish","hentry"],"_links":{"self":[{"href":"https:\/\/sites.usp.br\/gema\/wp-json\/wp\/v2\/pages\/308","targetHints":{"allow":["GET"]}}],"collection":[{"href":"https:\/\/sites.usp.br\/gema\/wp-json\/wp\/v2\/pages"}],"about":[{"href":"https:\/\/sites.usp.br\/gema\/wp-json\/wp\/v2\/types\/page"}],"author":[{"embeddable":true,"href":"https:\/\/sites.usp.br\/gema\/wp-json\/wp\/v2\/users\/22739"}],"replies":[{"embeddable":true,"href":"https:\/\/sites.usp.br\/gema\/wp-json\/wp\/v2\/comments?post=308"}],"version-history":[{"count":4,"href":"https:\/\/sites.usp.br\/gema\/wp-json\/wp\/v2\/pages\/308\/revisions"}],"predecessor-version":[{"id":887,"href":"https:\/\/sites.usp.br\/gema\/wp-json\/wp\/v2\/pages\/308\/revisions\/887"}],"wp:attachment":[{"href":"https:\/\/sites.usp.br\/gema\/wp-json\/wp\/v2\/media?parent=308"}],"curies":[{"name":"wp","href":"https:\/\/api.w.org\/{rel}","templated":true}]}}