{"id":704,"date":"2023-06-05T11:31:53","date_gmt":"2023-06-05T13:31:53","guid":{"rendered":"https:\/\/sites.usp.br\/gema\/?page_id=704"},"modified":"2024-10-17T11:32:25","modified_gmt":"2024-10-17T13:32:25","slug":"acervo-de-fontes-digitalizadas-do-gema","status":"publish","type":"page","link":"https:\/\/sites.usp.br\/gema\/acervo-de-fontes-digitalizadas-do-gema\/","title":{"rendered":"Acervo de fontes digitalizadas do GEMA"},"content":{"rendered":"\n<p>Alguns manuais dom\u00e9sticos e livros de receitas que usamos em nossa pesquisa foram digitalizados e est\u00e3o dispon\u00edveis para download:<\/p>\n\n\n\n<div class=\"wp-block-media-text alignwide is-stacked-on-mobile\" style=\"grid-template-columns:37% auto\"><figure class=\"wp-block-media-text__media\"><a href=\"https:\/\/drive.google.com\/file\/d\/1hDw91kWlG4Dn7HuCGqI8N317t8I5_8x5\/view?usp=sharing\" target=\"_blank\" rel=\"noreferrer noopener\"><img loading=\"lazy\" decoding=\"async\" width=\"213\" height=\"300\" src=\"https:\/\/sites.usp.br\/gema\/wp-content\/uploads\/sites\/1068\/2023\/06\/Manual-Livro-Doces-e-Manjares-e1685971259203.png\" alt=\"\" class=\"wp-image-706 size-full\"\/><\/a><\/figure><div class=\"wp-block-media-text__content\">\n<p>ROCHA, Josephina. <strong>Doces e manjares<\/strong>. Rio de Janeiro: Typographia do Annuario do Brasil, 1922.<\/p>\n<\/div><\/div>\n\n\n\n<p><\/p>\n\n\n\n<hr class=\"wp-block-separator has-alpha-channel-opacity\"\/>\n\n\n\n<div class=\"wp-block-media-text alignwide is-stacked-on-mobile\" style=\"grid-template-columns:37% auto\"><figure class=\"wp-block-media-text__media\"><a href=\"https:\/\/drive.google.com\/file\/d\/1DXi3lC7H4PFbeYf9-hGvt_oIf2MjVb8g\/view?usp=sharing\" target=\"_blank\" rel=\"noreferrer noopener\"><img decoding=\"async\" src=\"https:\/\/sites.usp.br\/gema\/wp-content\/uploads\/sites\/1068\/2023\/06\/Manual-da-Dona-de-Casa.png\" alt=\"\" class=\"wp-image-705 size-full\"\/><\/a><\/figure><div class=\"wp-block-media-text__content\">\n<p>COSTA, Roberto S. <strong>Manual da dona de casa<\/strong>. S\u00e3o Paulo: Companhia Brasil Editora, 1951.<\/p>\n<\/div><\/div>\n\n\n\n<p><\/p>\n\n\n\n<hr class=\"wp-block-separator has-alpha-channel-opacity\"\/>\n\n\n\n<div class=\"wp-block-media-text alignwide is-stacked-on-mobile\" style=\"grid-template-columns:37% auto\"><figure class=\"wp-block-media-text__media\"><a href=\"https:\/\/drive.google.com\/file\/d\/161rkocyS9cCjj4Tnt6jrzusolSwcoo9i\/view?usp=sharing\" target=\"_blank\" rel=\"noreferrer noopener\"><img loading=\"lazy\" decoding=\"async\" width=\"212\" height=\"300\" src=\"https:\/\/sites.usp.br\/gema\/wp-content\/uploads\/sites\/1068\/2023\/06\/Manual-da-dona-de-casa_Dona-Leopoldina-1-e1685970508506.png\" alt=\"\" class=\"wp-image-708 size-full\"\/><\/a><\/figure><div class=\"wp-block-media-text__content\">\n<p>DONA Leopoldina. <strong>Manual da dona de casa<\/strong>. S\u00e3o Paulo: Companhia Brasil Editora, 1956.<\/p>\n<\/div><\/div>\n\n\n\n<p><\/p>\n\n\n\n<hr class=\"wp-block-separator has-alpha-channel-opacity\"\/>\n\n\n\n<div class=\"wp-block-media-text alignwide is-stacked-on-mobile\" style=\"grid-template-columns:37% auto\"><figure class=\"wp-block-media-text__media\"><a href=\"https:\/\/drive.google.com\/file\/d\/1DMWhohiCHc6ScNlXqGiIkKBe0WHBSsAP\/view?usp=sharing\" target=\"_blank\" rel=\"noreferrer noopener\"><img loading=\"lazy\" decoding=\"async\" width=\"211\" height=\"300\" src=\"https:\/\/sites.usp.br\/gema\/wp-content\/uploads\/sites\/1068\/2023\/06\/Manual-O-livro-de-cozinha_Carolina-Baltar-e1685971009281.png\" alt=\"\" class=\"wp-image-707 size-full\"\/><\/a><\/figure><div class=\"wp-block-media-text__content\">\n<p>BALTAR, Carolina. <strong>O livro de cozinha<\/strong>: manual das donas de casa. Recife: Livraria Colombo, 1956.<\/p>\n<\/div><\/div>\n\n\n\n<p><\/p>\n\n\n\n<hr class=\"wp-block-separator has-alpha-channel-opacity\"\/>\n","protected":false},"excerpt":{"rendered":"<p>Alguns manuais dom\u00e9sticos e livros de receitas que usamos em nossa pesquisa foram digitalizados e est\u00e3o dispon\u00edveis para download: ROCHA, Josephina. Doces e manjares. Rio de Janeiro: Typographia do Annuario do Brasil, 1922. COSTA, Roberto S. Manual da dona de casa. S\u00e3o Paulo: Companhia Brasil Editora, 1951. DONA Leopoldina. Manual da dona de casa. S\u00e3o [&hellip;]<\/p>\n","protected":false},"author":22739,"featured_media":0,"parent":0,"menu_order":0,"comment_status":"closed","ping_status":"closed","template":"","meta":{"footnotes":"","_links_to":"","_links_to_target":""},"class_list":["post-704","page","type-page","status-publish","hentry"],"_links":{"self":[{"href":"https:\/\/sites.usp.br\/gema\/wp-json\/wp\/v2\/pages\/704","targetHints":{"allow":["GET"]}}],"collection":[{"href":"https:\/\/sites.usp.br\/gema\/wp-json\/wp\/v2\/pages"}],"about":[{"href":"https:\/\/sites.usp.br\/gema\/wp-json\/wp\/v2\/types\/page"}],"author":[{"embeddable":true,"href":"https:\/\/sites.usp.br\/gema\/wp-json\/wp\/v2\/users\/22739"}],"replies":[{"embeddable":true,"href":"https:\/\/sites.usp.br\/gema\/wp-json\/wp\/v2\/comments?post=704"}],"version-history":[{"count":3,"href":"https:\/\/sites.usp.br\/gema\/wp-json\/wp\/v2\/pages\/704\/revisions"}],"predecessor-version":[{"id":815,"href":"https:\/\/sites.usp.br\/gema\/wp-json\/wp\/v2\/pages\/704\/revisions\/815"}],"wp:attachment":[{"href":"https:\/\/sites.usp.br\/gema\/wp-json\/wp\/v2\/media?parent=704"}],"curies":[{"name":"wp","href":"https:\/\/api.w.org\/{rel}","templated":true}]}}