{"id":111,"date":"2017-03-27T00:01:13","date_gmt":"2017-03-27T02:01:13","guid":{"rendered":"http:\/\/sites.usp.br\/gemdit\/?page_id=111"},"modified":"2021-01-19T17:55:30","modified_gmt":"2021-01-19T20:55:30","slug":"o-grupo","status":"publish","type":"page","link":"https:\/\/sites.usp.br\/gemdit\/o-grupo\/","title":{"rendered":"O Grupo \/ The Group"},"content":{"rendered":"<p style=\"text-align: justify;\"><span style=\"font-size: 14pt; color: #000000;\">Concebido em 2016 como Grupo de Estudos em Migra\u00e7\u00e3o e Direito Internacional do Trabalho, o Grupo de Pesquisa em Migra\u00e7\u00e3o e Direito Internacional do Trabalho (GEMDIT) da Faculdade de Direito da Universidade de S\u00e3o Paulo (FD-USP) est\u00e1 inscrito regularmente na <strong>Comiss\u00e3o de Pesquisa da FD-USP<\/strong> (<a style=\"color: #000000;\" href=\"http:\/\/www.direito.usp.br\/pesquisa\/grupos_pesquisa_01.php\"><span style=\"text-decoration: underline;\"><span style=\"color: #333399; text-decoration: underline;\">http:\/\/www.direito.usp.br\/pesquisa\/grupos_pesquisa_01.php<\/span><\/span><\/a>) e no <strong>Diret\u00f3rio dos Grupos de Pesquisa no Brasil (DGP) do Conselho Nacional de Desenvolvimento Cient\u00edfico e Tecnol\u00f3gico (CNPq)<\/strong> (<a style=\"color: #000000;\" href=\"http:\/\/dgp.cnpq.br\/dgp\/espelhogrupo\/4213229401105309\"><span style=\"text-decoration: underline;\"><span style=\"color: #333399; text-decoration: underline;\">http:\/\/dgp.cnpq.br\/dgp\/espelhogrupo\/4213229401105309<\/span><\/span><\/a>). O Grupo tem o objetivo geral de promover reflex\u00f5es e debates interdisciplinares. Por meio de Atividades de Cultura e Extens\u00e3o, tratamos, por exemplo, de uma regi\u00e3o tem\u00e1tica bastante heterog\u00eanea e sens\u00edvel: os grupos sociais vulner\u00e1veis em um ambiente internacional de trabalho, com especial aten\u00e7\u00e3o \u00e0s condi\u00e7\u00f5es dos imigrantes \u2013 documentados ou n\u00e3o \u2013 e aos seus impactos nos pa\u00edses receptores.<\/span><\/p>\n<p style=\"text-align: justify;\"><span style=\"font-size: 14pt; color: #993300;\">Conceived in 2016 as the Study Group on Migration and International Labor Law, the Research Group on Migration and International Labor Law (GEMDIT) of the Faculty of Law of the University of Sao Paulo (FD-USP) is regularly registered in the <strong>Research Commission of the FD-USP<\/strong> (<a style=\"color: #993300;\" href=\"http:\/\/www.direito.usp.br\/pesquisa\/grupos_pesquisa_01.php\"><span style=\"text-decoration: underline;\"><span style=\"color: #333399; text-decoration: underline;\">http:\/\/www.direito.usp.br\/pesquisa\/grupos_pesquisa_01.php<\/span><\/span><\/a>) and in the <strong>Directory of Research Groups in Brazil (DGP) of the National Council for Scientific and Technological Development (CNPq)<\/strong> (<a style=\"color: #993300;\" href=\"http:\/\/dgp.cnpq.br\/dgp\/espelhogrupo\/4213229401105309\"><span style=\"text-decoration: underline;\"><span style=\"color: #333399; text-decoration: underline;\">http:\/\/dgp.cnpq.br\/dgp\/espelhogrupo\/4213229401105309<\/span><\/span><\/a>). The Group has the general objective of promoting interdisciplinary reflections and debates. Through Cultural and Outreach Activities, we deal, for example, with a very heterogeneous and sensitive thematic region: vulnerable social groups in an international work environment, with special attention to the conditions of immigrants &#8211; documented or not &#8211; and their impacts on the recipient countries.<\/span><\/p>\n<div id=\"attachment_489\" style=\"width: 685px\" class=\"wp-caption aligncenter\"><a href=\"https:\/\/sites.usp.br\/gemdit\/wp-content\/uploads\/sites\/364\/2020\/01\/15072014fachadafacdireitovisitapresidenteequadorrafaelcorreafotomarcossantos001.jpg\"><img fetchpriority=\"high\" decoding=\"async\" aria-describedby=\"caption-attachment-489\" class=\"wp-image-489\" src=\"https:\/\/sites.usp.br\/gemdit\/wp-content\/uploads\/sites\/364\/2020\/01\/15072014fachadafacdireitovisitapresidenteequadorrafaelcorreafotomarcossantos001-1024x682.jpg\" alt=\"\" width=\"675\" height=\"450\" srcset=\"https:\/\/sites.usp.br\/gemdit\/wp-content\/uploads\/sites\/364\/2020\/01\/15072014fachadafacdireitovisitapresidenteequadorrafaelcorreafotomarcossantos001-1024x682.jpg 1024w, https:\/\/sites.usp.br\/gemdit\/wp-content\/uploads\/sites\/364\/2020\/01\/15072014fachadafacdireitovisitapresidenteequadorrafaelcorreafotomarcossantos001-300x200.jpg 300w, https:\/\/sites.usp.br\/gemdit\/wp-content\/uploads\/sites\/364\/2020\/01\/15072014fachadafacdireitovisitapresidenteequadorrafaelcorreafotomarcossantos001-768x512.jpg 768w, https:\/\/sites.usp.br\/gemdit\/wp-content\/uploads\/sites\/364\/2020\/01\/15072014fachadafacdireitovisitapresidenteequadorrafaelcorreafotomarcossantos001-1536x1024.jpg 1536w, https:\/\/sites.usp.br\/gemdit\/wp-content\/uploads\/sites\/364\/2020\/01\/15072014fachadafacdireitovisitapresidenteequadorrafaelcorreafotomarcossantos001-450x300.jpg 450w, https:\/\/sites.usp.br\/gemdit\/wp-content\/uploads\/sites\/364\/2020\/01\/15072014fachadafacdireitovisitapresidenteequadorrafaelcorreafotomarcossantos001-272x182.jpg 272w, https:\/\/sites.usp.br\/gemdit\/wp-content\/uploads\/sites\/364\/2020\/01\/15072014fachadafacdireitovisitapresidenteequadorrafaelcorreafotomarcossantos001-400x267.jpg 400w, https:\/\/sites.usp.br\/gemdit\/wp-content\/uploads\/sites\/364\/2020\/01\/15072014fachadafacdireitovisitapresidenteequadorrafaelcorreafotomarcossantos001.jpg 1772w\" sizes=\"(max-width: 675px) 100vw, 675px\" \/><\/a><p id=\"caption-attachment-489\" class=\"wp-caption-text\">Fachada da FD-USP \/ Facade of the FD-USP. Fonte \/ Source: Marcos Santos\/USP Imagens, https:\/\/imagens.usp.br\/.<\/p><\/div>\n<p style=\"text-align: justify;\"><span style=\"font-size: 14pt; color: #000000;\">A din\u00e2mica das Atividades de Cultura e Extens\u00e3o oferecidas pelo GEMDIT se baseia em pesquisas bibliogr\u00e1ficas, emp\u00edricas e comparadas, bem como em reuni\u00f5es peri\u00f3dicas, voltadas a trabalhos \u00fateis \u00e0 sociedade. A produ\u00e7\u00e3o de materiais informativos e o assessoramento de organiza\u00e7\u00f5es n\u00e3o governamentais (ONGs) &#8211; e outras associa\u00e7\u00f5es &#8211; que se dedicam a grupos vulner\u00e1veis de imigrantes s\u00e3o exemplos. As parcerias que constitu\u00edmos podem se dar isoladamente ou envolvendo outras iniciativas j\u00e1 estabelecidas na USP.<\/span><\/p>\n<p style=\"text-align: justify;\"><span style=\"font-size: 14pt; color: #993300;\">The functioning of the Culture and Outreach Activities offered by GEMDIT is based on bibliographic, empirical, and comparative research, as well as periodic meetings focused on useful works for the society. The elaboration of informative materials and the advice to non-governmental organizations (NGOs) &#8211; and other associations &#8211; that are dedicated to vulnerable groups of immigrants are examples. The partnerships we form may take place with a specific project or involve other initiatives already established at USP.<\/span><\/p>\n<div id=\"attachment_574\" style=\"width: 310px\" class=\"wp-caption aligncenter\"><a href=\"https:\/\/sites.usp.br\/gemdit\/wp-content\/uploads\/sites\/364\/2020\/01\/FD.jpg\"><img decoding=\"async\" aria-describedby=\"caption-attachment-574\" class=\"wp-image-574 size-medium\" src=\"https:\/\/sites.usp.br\/gemdit\/wp-content\/uploads\/sites\/364\/2020\/01\/FD-300x300.jpg\" alt=\"\" width=\"300\" height=\"300\" srcset=\"https:\/\/sites.usp.br\/gemdit\/wp-content\/uploads\/sites\/364\/2020\/01\/FD-300x300.jpg 300w, https:\/\/sites.usp.br\/gemdit\/wp-content\/uploads\/sites\/364\/2020\/01\/FD-1024x1024.jpg 1024w, https:\/\/sites.usp.br\/gemdit\/wp-content\/uploads\/sites\/364\/2020\/01\/FD-150x150.jpg 150w, https:\/\/sites.usp.br\/gemdit\/wp-content\/uploads\/sites\/364\/2020\/01\/FD-768x768.jpg 768w, https:\/\/sites.usp.br\/gemdit\/wp-content\/uploads\/sites\/364\/2020\/01\/FD-45x45.jpg 45w, https:\/\/sites.usp.br\/gemdit\/wp-content\/uploads\/sites\/364\/2020\/01\/FD-200x200.jpg 200w, https:\/\/sites.usp.br\/gemdit\/wp-content\/uploads\/sites\/364\/2020\/01\/FD-400x400.jpg 400w, https:\/\/sites.usp.br\/gemdit\/wp-content\/uploads\/sites\/364\/2020\/01\/FD.jpg 1080w\" sizes=\"(max-width: 300px) 100vw, 300px\" \/><\/a><p id=\"caption-attachment-574\" class=\"wp-caption-text\">Logotipo da FD-USP \/ Logo of the FD-USP. Fonte \/ Source: USP Imagens, https:\/\/imagens.usp.br\/.<\/p><\/div>\n<p style=\"text-align: justify;\"><span style=\"font-size: 14pt; color: #000000;\">Uma das Atividades do GEMDIT resultou na <strong>Cartilha de Direitos Trabalhistas e Previdenci\u00e1rios para Imigrantes e Refugiados (dispon\u00edvel neste site)<\/strong>. Para elaborar essa Cartilha, tivemos contato com documentos de diversos \u00f3rg\u00e3os, como: (i) em n\u00edvel internacional, da Organiza\u00e7\u00e3o Internacional do Trabalho (OIT); (ii) em n\u00edvel regional, das Cortes Interamericana e Europeia de Direitos Humanos; e (iii) em n\u00edvel nacional, do Comit\u00ea Nacional para os Refugiados (CONARE). Al\u00e9m disso, a Coordena\u00e7\u00e3o do Grupo convidou especialistas no tema migrat\u00f3rio para participar de reuni\u00f5es e ministrar palestras.<\/span><\/p>\n<p style=\"text-align: justify;\"><span style=\"font-size: 14pt; color: #993300;\">One of the GEMDIT Activities resulted in the <strong>Primer on Labor and Social Security Rights for Immigrants and Refugees (available on this website)<\/strong>. To prepare this primer, we had contact with documents from several bodies, such as: (i) at the international level, from the International Labor Organization (ILO); (ii) at the regional level, from the Inter-American and European Courts of Human Rights; and (iii) at the national level, from the National Committee for Refugees (CONARE). Besides, the Group Coordination invited specialists on the migration issue to take part in meetings and to give lectures.<\/span><\/p>\n","protected":false},"excerpt":{"rendered":"<p>Concebido em 2016 como Grupo de Estudos em Migra\u00e7\u00e3o e Direito Internacional do Trabalho, o Grupo de Pesquisa em Migra\u00e7\u00e3o e Direito Internacional do Trabalho (GEMDIT) da Faculdade de Direito da Universidade de S\u00e3o Paulo (FD-USP) est\u00e1 inscrito regularmente na Comiss\u00e3o de Pesquisa da FD-USP (http:\/\/www.direito.usp.br\/pesquisa\/grupos_pesquisa_01.php) e no Diret\u00f3rio dos Grupos de Pesquisa no Brasil (DGP) do Conselho Nacional de Desenvolvimento Cient\u00edfico e Tecnol\u00f3gico (CNPq) (http:\/\/dgp.cnpq.br\/dgp\/espelhogrupo\/4213229401105309). O Grupo tem o objetivo geral de promover reflex\u00f5es e debates interdisciplinares. Por meio de Atividades de Cultura e Extens\u00e3o, tratamos, por exemplo, de uma regi\u00e3o tem\u00e1tica bastante heterog\u00eanea e sens\u00edvel: os grupos sociais vulner\u00e1veis em um ambiente internacional de trabalho, com especial aten\u00e7\u00e3o \u00e0s condi\u00e7\u00f5es dos imigrantes \u2013 documentados ou n\u00e3o \u2013 e aos seus impactos nos pa\u00edses receptores. Conceived in 2016 as the Study Group on Migration and International Labor Law, the Research Group on Migration and International Labor Law (GEMDIT) of the Faculty of Law of the University of Sao Paulo (FD-USP) is regularly registered in the Research Commission of the FD-USP (http:\/\/www.direito.usp.br\/pesquisa\/grupos_pesquisa_01.php) and in the Directory of Research Groups in Brazil (DGP) of the National Council for Scientific and Technological Development (CNPq) (http:\/\/dgp.cnpq.br\/dgp\/espelhogrupo\/4213229401105309). The Group has the general objective of [&#8230;]<\/p>\n","protected":false},"author":309,"featured_media":0,"parent":0,"menu_order":3,"comment_status":"closed","ping_status":"closed","template":"","meta":{"footnotes":"","_links_to":"","_links_to_target":""},"class_list":["post-111","page","type-page","status-publish","hentry"],"_links":{"self":[{"href":"https:\/\/sites.usp.br\/gemdit\/wp-json\/wp\/v2\/pages\/111","targetHints":{"allow":["GET"]}}],"collection":[{"href":"https:\/\/sites.usp.br\/gemdit\/wp-json\/wp\/v2\/pages"}],"about":[{"href":"https:\/\/sites.usp.br\/gemdit\/wp-json\/wp\/v2\/types\/page"}],"author":[{"embeddable":true,"href":"https:\/\/sites.usp.br\/gemdit\/wp-json\/wp\/v2\/users\/309"}],"replies":[{"embeddable":true,"href":"https:\/\/sites.usp.br\/gemdit\/wp-json\/wp\/v2\/comments?post=111"}],"version-history":[{"count":5,"href":"https:\/\/sites.usp.br\/gemdit\/wp-json\/wp\/v2\/pages\/111\/revisions"}],"predecessor-version":[{"id":825,"href":"https:\/\/sites.usp.br\/gemdit\/wp-json\/wp\/v2\/pages\/111\/revisions\/825"}],"wp:attachment":[{"href":"https:\/\/sites.usp.br\/gemdit\/wp-json\/wp\/v2\/media?parent=111"}],"curies":[{"name":"wp","href":"https:\/\/api.w.org\/{rel}","templated":true}]}}