{"id":385,"date":"2019-05-17T00:47:34","date_gmt":"2019-05-17T02:47:34","guid":{"rendered":"http:\/\/sites.usp.br\/gemdit\/?page_id=385"},"modified":"2021-01-19T18:18:26","modified_gmt":"2021-01-19T21:18:26","slug":"eventos","status":"publish","type":"page","link":"https:\/\/sites.usp.br\/gemdit\/eventos\/","title":{"rendered":"Eventos \/ Events"},"content":{"rendered":"<p style=\"text-align: justify;\"><span style=\"font-size: 14pt;\">O GEMDIT e o Prof. Antonio Rodrigues de Freitas J\u00fanior &#8211; o l\u00edder do Grupo &#8211; buscam organizar e participar de eventos nacionais e internacionais, sempre prezando pelo di\u00e1logo interdisciplinar e interinstitucional. Explore esta aba para ter mais informa\u00e7\u00f5es.<\/span><\/p>\n<p style=\"text-align: justify;\"><span style=\"font-size: 14pt; color: #993300;\">The GEMDIT and Prof. Antonio Rodrigues de Freitas J\u00fanior &#8211; the leader of the Group &#8211; seek to organize and participate in national and international events, always appreciating the interdisciplinary and interinstitutional dialogue. Explore this tab for more information.<\/span><\/p>\n<div id=\"attachment_540\" style=\"width: 685px\" class=\"wp-caption aligncenter\"><a href=\"https:\/\/sites.usp.br\/gemdit\/wp-content\/uploads\/sites\/364\/2020\/01\/Faculdade-de-Direito-312-15-Foto-Marcos-Santos-068.jpg\"><img fetchpriority=\"high\" decoding=\"async\" aria-describedby=\"caption-attachment-540\" class=\"wp-image-540\" src=\"https:\/\/sites.usp.br\/gemdit\/wp-content\/uploads\/sites\/364\/2020\/01\/Faculdade-de-Direito-312-15-Foto-Marcos-Santos-068-1024x682.jpg\" alt=\"\" width=\"675\" height=\"450\" srcset=\"https:\/\/sites.usp.br\/gemdit\/wp-content\/uploads\/sites\/364\/2020\/01\/Faculdade-de-Direito-312-15-Foto-Marcos-Santos-068-1024x682.jpg 1024w, https:\/\/sites.usp.br\/gemdit\/wp-content\/uploads\/sites\/364\/2020\/01\/Faculdade-de-Direito-312-15-Foto-Marcos-Santos-068-300x200.jpg 300w, https:\/\/sites.usp.br\/gemdit\/wp-content\/uploads\/sites\/364\/2020\/01\/Faculdade-de-Direito-312-15-Foto-Marcos-Santos-068-768x512.jpg 768w, https:\/\/sites.usp.br\/gemdit\/wp-content\/uploads\/sites\/364\/2020\/01\/Faculdade-de-Direito-312-15-Foto-Marcos-Santos-068-1536x1024.jpg 1536w, https:\/\/sites.usp.br\/gemdit\/wp-content\/uploads\/sites\/364\/2020\/01\/Faculdade-de-Direito-312-15-Foto-Marcos-Santos-068-272x182.jpg 272w, https:\/\/sites.usp.br\/gemdit\/wp-content\/uploads\/sites\/364\/2020\/01\/Faculdade-de-Direito-312-15-Foto-Marcos-Santos-068-400x267.jpg 400w, https:\/\/sites.usp.br\/gemdit\/wp-content\/uploads\/sites\/364\/2020\/01\/Faculdade-de-Direito-312-15-Foto-Marcos-Santos-068.jpg 1772w\" sizes=\"(max-width: 675px) 100vw, 675px\" \/><\/a><p id=\"caption-attachment-540\" class=\"wp-caption-text\">P\u00e1tio das Arcadas, FD-USP. Fonte \/ Source: Marcos Santos\/USP Imagens, https:\/\/imagens.usp.br\/.<\/p><\/div>\n","protected":false},"excerpt":{"rendered":"<p>O GEMDIT e o Prof. Antonio Rodrigues de Freitas J\u00fanior &#8211; o l\u00edder do Grupo &#8211; buscam organizar e participar de eventos nacionais e internacionais, sempre prezando pelo di\u00e1logo interdisciplinar e interinstitucional. Explore esta aba para ter mais informa\u00e7\u00f5es. The GEMDIT and Prof. Antonio Rodrigues de Freitas J\u00fanior &#8211; the leader of the Group &#8211; seek to organize and participate in national and international events, always appreciating the interdisciplinary and interinstitutional dialogue. Explore this tab for more information. P\u00e1tio das Arcadas, FD-USP. Fonte \/ Source: Marcos Santos\/USP Imagens, https:\/\/imagens.usp.br\/.<\/p>\n","protected":false},"author":990,"featured_media":0,"parent":0,"menu_order":3,"comment_status":"closed","ping_status":"closed","template":"","meta":{"footnotes":"","_links_to":"","_links_to_target":""},"class_list":["post-385","page","type-page","status-publish","hentry"],"_links":{"self":[{"href":"https:\/\/sites.usp.br\/gemdit\/wp-json\/wp\/v2\/pages\/385","targetHints":{"allow":["GET"]}}],"collection":[{"href":"https:\/\/sites.usp.br\/gemdit\/wp-json\/wp\/v2\/pages"}],"about":[{"href":"https:\/\/sites.usp.br\/gemdit\/wp-json\/wp\/v2\/types\/page"}],"author":[{"embeddable":true,"href":"https:\/\/sites.usp.br\/gemdit\/wp-json\/wp\/v2\/users\/990"}],"replies":[{"embeddable":true,"href":"https:\/\/sites.usp.br\/gemdit\/wp-json\/wp\/v2\/comments?post=385"}],"version-history":[{"count":4,"href":"https:\/\/sites.usp.br\/gemdit\/wp-json\/wp\/v2\/pages\/385\/revisions"}],"predecessor-version":[{"id":829,"href":"https:\/\/sites.usp.br\/gemdit\/wp-json\/wp\/v2\/pages\/385\/revisions\/829"}],"wp:attachment":[{"href":"https:\/\/sites.usp.br\/gemdit\/wp-json\/wp\/v2\/media?parent=385"}],"curies":[{"name":"wp","href":"https:\/\/api.w.org\/{rel}","templated":true}]}}