{"id":518,"date":"2020-01-25T12:25:55","date_gmt":"2020-01-25T14:25:55","guid":{"rendered":"http:\/\/sites.usp.br\/gemdit\/?page_id=518"},"modified":"2025-08-04T05:29:07","modified_gmt":"2025-08-04T08:29:07","slug":"inicial","status":"publish","type":"page","link":"https:\/\/sites.usp.br\/gemdit\/","title":{"rendered":"In\u00edcio \/ Home"},"content":{"rendered":"<p style=\"text-align: justify;\"><strong><span style=\"font-size: 18pt;\">ATIVIDADES DE CULTURA E EXTENS\u00c3O<\/span><\/strong><\/p>\n<p>&nbsp;<\/p>\n<p><span style=\"color: #993300;\"><strong><span style=\"font-size: 18pt;\">CURSO DE FORMA\u00c7\u00c3O DE MEDIADORES E CONCILIADORES DA USP -AGOSTO DE 2025<\/span><\/strong><\/span><\/p>\n<p><strong>Unidade:<\/strong> Faculdade de Direito<br \/>\n<strong>Modalidade:<\/strong> Difus\u00e3o<br \/>\n<strong>Tipo:<\/strong> Presencial<br \/>\n<strong>P\u00fablico Alvo:<\/strong> O presente curso visa formar quadro de mediadores e conciliares entre os servidores docentes e n\u00e3o docentes da<br \/>\nUniversidade de S\u00e3o Paulo para a atua\u00e7\u00e3o em sess\u00f5es de media\u00e7\u00e3o e concilia\u00e7\u00e3o a serem promovidas pela<br \/>\nUniversidade<br \/>\nObjetivo: 1. Apresentar os elementos fundamentais da media\u00e7\u00e3o e da concilia\u00e7\u00e3o como t\u00e9cnicas de solu\u00e7\u00e3o de conflitos 2.<br \/>\nAprofundar as origens e o desenvolvimento da media\u00e7\u00e3o e a concilia\u00e7\u00e3o no cen\u00e1rio internacional e nacional 3.<br \/>\nDestacar os elementos centrais que a media\u00e7\u00e3o e a concilia\u00e7\u00e3o possuem em compara\u00e7\u00e3o com as solu\u00e7\u00f5es<br \/>\nadjudicadas de conflitos 4. Indicar o arcabou\u00e7o jur\u00eddico normativo aplic\u00e1vel \u00e0 media\u00e7\u00e3o e concilia\u00e7\u00e3o no Brasil 5.<br \/>\nEnfocar a tem\u00e1tica da educa\u00e7\u00e3o e do servi\u00e7o p\u00fablico universit\u00e1rio como ambi\u00eancia para a aplica\u00e7\u00e3o da media\u00e7\u00e3o e<br \/>\nda concilia\u00e7\u00e3o 6. Tratar dos aspectos \u00e9ticos relacionados com a pr\u00e1tica do mediador e do conciliador<br \/>\nPr\u00e9-requisito Gradua\u00e7\u00e3o: N\u00e3o<br \/>\n<strong>\u00c1rea de Conhecimento:<\/strong> Ci\u00eancias Sociais Aplicadas<br \/>\nEdi\u00e7\u00e3o 25001<br \/>\nN\u00famero do Oferecimento 1<br \/>\n<strong>Per\u00edodo de Realiza\u00e7\u00e3o:<\/strong> de 08\/08\/2025 at\u00e9 08\/04\/2026<br \/>\n<strong>Local do curso:<\/strong> Audit\u00f3rio da Engenharia Civil da Escola Polit\u00e9cnica<br \/>\n<strong>Vagas:<\/strong> 90<\/p>\n<p><strong>Inscri\u00e7\u00e3o<\/strong><br \/>\n<strong>Presencial:<\/strong> de 01\/07\/2025 at\u00e9 01\/08\/2025 das 08:00 \u00e0s 17:00<br \/>\nProcedimento de inscri\u00e7\u00e3o: Como se trata de um curso fomentado pela Pr\u00f3-Reitoria de Inclus\u00e3o e Pertencimento, visando constituir um quadro<br \/>\nde mediadores e conciliadores para toda a USP, as inscri\u00e7\u00f5es ser\u00e3o realizadas a partir da indica\u00e7\u00e3o dos<br \/>\nparticipantes pela PRIP, mediante sugest\u00f5es das Unidades, bem como, a participa\u00e7\u00e3o de servidores da Unicamp e<br \/>\nda Unesp.<\/p>\n<p><strong>Crit\u00e9rios de sele\u00e7\u00e3o:<\/strong> Como se trata de um curso fomentado pela Pr\u00f3-Reitoria de Inclus\u00e3o e Pertencimento, visando<br \/>\nconstituir um quadro de mediadores e conciliadores para toda a USP, as inscri\u00e7\u00f5es ser\u00e3o realizadas a partir da<br \/>\nindica\u00e7\u00e3o dos<br \/>\nparticipantes pela PRIP, mediante sugest\u00f5es das Unidades, bem como, a participa\u00e7\u00e3o de servidores da Unicamp e<br \/>\nda Unesp.<br \/>\nCrit\u00e9rios de aprova\u00e7\u00e3o: Nota m\u00ednimo de 7 nos trabalhos escritos que ser\u00e3o entregues ao longo da disciplina te\u00f3rica, e realiza\u00e7\u00e3o da carga<br \/>\nhor\u00e1ria m\u00ednima descrita na parte pr\u00e1tica de est\u00e1gio. Ter frequ\u00eancia de no m\u00ednimo 80% da carga hor\u00e1ria do curso.<br \/>\nCurso Gratuito<br \/>\nVagas gratuitas<br \/>\nLocal de inscri\u00e7\u00e3o PRIP<br \/>\nTelefone: (11)3111-4009<br \/>\nRamal: 4009<br \/>\nFax:<br \/>\nContato: Prof. Freitas<br \/>\nSite: arfreit@usp.br<br \/>\nE-mail: arfreit@usp.br<\/p>\n<p>&nbsp;<\/p>\n<p>&nbsp;<\/p>\n<p style=\"text-align: justify;\"><strong><span style=\"font-size: 18pt;\">ATIVIDADES DE CULTURA E EXTENS\u00c3O<\/span><\/strong><\/p>\n<p>&nbsp;<\/p>\n<p><span style=\"color: #993300;\"><strong><span style=\"font-size: 18pt;\">CURSO DE FORMA\u00c7\u00c3O DE MEDIADORES E CONCILIADORES DA USP &#8211; OUTUBRO DE 2024<\/span><\/strong><\/span><\/p>\n<blockquote class=\"wp-embedded-content\" data-secret=\"OXAFTqEQ48\"><p><a href=\"https:\/\/sites.usp.br\/gemdit\/eventos\/curso-de-formacao-de-mediadores-e-conciliadores-da-usp\/\">Curso de Forma\u00e7\u00e3o de Mediadores e Conciliadores da USP<\/a><\/p><\/blockquote>\n<p><iframe class=\"wp-embedded-content\" sandbox=\"allow-scripts\" security=\"restricted\" style=\"position: absolute; visibility: hidden;\" title=\"&#8220;Curso de Forma\u00e7\u00e3o de Mediadores e Conciliadores da USP&#8221; &#8212; GEMDIT\" src=\"https:\/\/sites.usp.br\/gemdit\/eventos\/curso-de-formacao-de-mediadores-e-conciliadores-da-usp\/embed\/#?secret=StU5CGYJ06#?secret=OXAFTqEQ48\" data-secret=\"OXAFTqEQ48\" width=\"600\" height=\"338\" frameborder=\"0\" marginwidth=\"0\" marginheight=\"0\" scrolling=\"no\"><\/iframe><\/p>\n<p style=\"text-align: justify;\"><span style=\"color: #993300;\"><strong><span style=\"font-size: 18pt;\">CULTURE AND OUTREACH ACTIVITIES<\/span><\/strong><\/span><\/p>\n<p><strong><span style=\"font-size: 14pt;\">Edital para o 2\u00ba semestre de 2023:<\/span><\/strong><\/p>\n<ul>\n<li><span style=\"text-decoration: underline; color: #333399;\"><span style=\"font-size: 14pt;\"><a href=\"https:\/\/sites.usp.br\/gemdit\/wp-content\/uploads\/sites\/364\/2023\/08\/Edital-GEMDIT-2o-Sem.-2023-PODCAST_Historia-Oral.pdf\">\u00a0Podcast e Hist\u00f3ria Oral de trabalhadores na pandemia de COVID-19 <\/a><a href=\"https:\/\/sites.usp.br\/gemdit\/wp-content\/uploads\/sites\/364\/2023\/08\/Edital-GEMDIT-2o-Sem.-2023-PODCAST_Historia-Oral.pdf\">Edital GEMDIT &#8211; 2\u00ba Semestre de 2023\u00a0<\/a><\/span><\/span><\/li>\n<\/ul>\n<p>&nbsp;<\/p>\n<p style=\"text-align: justify;\"><span style=\"font-size: 14pt;\">Editais para o 2\u00ba semestre de 2021:<\/span><\/p>\n<p style=\"text-align: justify;\"><span style=\"font-size: 14pt; color: #993300;\">Notices for August-December 2021 (in Portuguese):<\/span><\/p>\n<ul>\n<li style=\"text-align: justify;\"><span style=\"text-decoration: underline; color: #333399;\"><a style=\"color: #333399; text-decoration: underline;\" href=\"https:\/\/sites.usp.br\/gemdit\/wp-content\/uploads\/sites\/364\/2021\/08\/Edital-GEMDIT-2sem2021-Historia-Oral.pdf\"><span style=\"font-size: 14pt;\">Hist\u00f3ria Oral de trabalhadores na pandemia de COVID-19<\/span><\/a><\/span><\/li>\n<li><span style=\"text-decoration: underline; color: #333399;\"><a style=\"color: #333399; text-decoration: underline;\" href=\"https:\/\/sites.usp.br\/gemdit\/wp-content\/uploads\/sites\/364\/2021\/08\/Edital-GEMDIT-2sem2021-Cartilha.pdf\"><span style=\"font-size: 14pt;\">Acompanhamento da Cartilha<\/span><\/a><\/span><\/li>\n<\/ul>\n<p>&nbsp;<\/p>\n<hr \/>\n<div id=\"attachment_670\" style=\"width: 2185px\" class=\"wp-caption aligncenter\"><a style=\"font-weight: bold; background-color: transparent;\" href=\"https:\/\/sites.usp.br\/gemdit\/wp-content\/uploads\/sites\/364\/2020\/09\/Fachada-da-Faculdade-de-Direito_Foto-Marcos-Santos_U0Y4482-scaled.jpg\"><img fetchpriority=\"high\" decoding=\"async\" aria-describedby=\"caption-attachment-670\" class=\"wp-image-670\" src=\"https:\/\/sites.usp.br\/gemdit\/wp-content\/uploads\/sites\/364\/2020\/09\/Fachada-da-Faculdade-de-Direito_Foto-Marcos-Santos_U0Y4482-scaled.jpg\" alt=\"\" width=\"2175\" height=\"1450\" srcset=\"https:\/\/sites.usp.br\/gemdit\/wp-content\/uploads\/sites\/364\/2020\/09\/Fachada-da-Faculdade-de-Direito_Foto-Marcos-Santos_U0Y4482-scaled.jpg 2560w, https:\/\/sites.usp.br\/gemdit\/wp-content\/uploads\/sites\/364\/2020\/09\/Fachada-da-Faculdade-de-Direito_Foto-Marcos-Santos_U0Y4482-300x200.jpg 300w, https:\/\/sites.usp.br\/gemdit\/wp-content\/uploads\/sites\/364\/2020\/09\/Fachada-da-Faculdade-de-Direito_Foto-Marcos-Santos_U0Y4482-1024x683.jpg 1024w, https:\/\/sites.usp.br\/gemdit\/wp-content\/uploads\/sites\/364\/2020\/09\/Fachada-da-Faculdade-de-Direito_Foto-Marcos-Santos_U0Y4482-768x512.jpg 768w, https:\/\/sites.usp.br\/gemdit\/wp-content\/uploads\/sites\/364\/2020\/09\/Fachada-da-Faculdade-de-Direito_Foto-Marcos-Santos_U0Y4482-1536x1024.jpg 1536w, https:\/\/sites.usp.br\/gemdit\/wp-content\/uploads\/sites\/364\/2020\/09\/Fachada-da-Faculdade-de-Direito_Foto-Marcos-Santos_U0Y4482-2048x1365.jpg 2048w, https:\/\/sites.usp.br\/gemdit\/wp-content\/uploads\/sites\/364\/2020\/09\/Fachada-da-Faculdade-de-Direito_Foto-Marcos-Santos_U0Y4482-272x182.jpg 272w, https:\/\/sites.usp.br\/gemdit\/wp-content\/uploads\/sites\/364\/2020\/09\/Fachada-da-Faculdade-de-Direito_Foto-Marcos-Santos_U0Y4482-400x267.jpg 400w\" sizes=\"(max-width: 2175px) 100vw, 2175px\" \/><\/a><p id=\"caption-attachment-670\" class=\"wp-caption-text\">Fachada da FD-USP e bandeiras &#8211; Estado de S\u00e3o Paulo, Brasil e USP &#8211; no Largo S\u00e3o Francisco. \/ Facade of the FD-USP and flags &#8211; State of Sao Paulo, Brazil, and USP &#8211; at the Largo S\u00e3o Francisco. Fonte \/ Source: Marcos Santos\/USP Imagens, https:\/\/imagens.usp.br\/.<\/p><\/div>\n","protected":false},"excerpt":{"rendered":"<p>ATIVIDADES DE CULTURA E EXTENS\u00c3O &nbsp; CURSO DE FORMA\u00c7\u00c3O DE MEDIADORES E CONCILIADORES DA USP -AGOSTO DE 2025 Unidade: Faculdade de Direito Modalidade: Difus\u00e3o Tipo: Presencial P\u00fablico Alvo: O presente curso visa formar quadro de mediadores e conciliares entre os servidores docentes e n\u00e3o docentes da Universidade de S\u00e3o Paulo para a atua\u00e7\u00e3o em sess\u00f5es de media\u00e7\u00e3o e concilia\u00e7\u00e3o a serem promovidas pela Universidade Objetivo: 1. Apresentar os elementos fundamentais da media\u00e7\u00e3o e da concilia\u00e7\u00e3o como t\u00e9cnicas de solu\u00e7\u00e3o de conflitos 2. Aprofundar as origens e o desenvolvimento da media\u00e7\u00e3o e a concilia\u00e7\u00e3o no cen\u00e1rio internacional e nacional 3. Destacar os elementos centrais que a media\u00e7\u00e3o e a concilia\u00e7\u00e3o possuem em compara\u00e7\u00e3o com as solu\u00e7\u00f5es adjudicadas de conflitos 4. Indicar o arcabou\u00e7o jur\u00eddico normativo aplic\u00e1vel \u00e0 media\u00e7\u00e3o e concilia\u00e7\u00e3o no Brasil 5. Enfocar a tem\u00e1tica da educa\u00e7\u00e3o e do servi\u00e7o p\u00fablico universit\u00e1rio como ambi\u00eancia para a aplica\u00e7\u00e3o da media\u00e7\u00e3o e da concilia\u00e7\u00e3o 6. Tratar dos aspectos \u00e9ticos relacionados com a pr\u00e1tica do mediador e do conciliador Pr\u00e9-requisito Gradua\u00e7\u00e3o: N\u00e3o \u00c1rea de Conhecimento: Ci\u00eancias Sociais Aplicadas Edi\u00e7\u00e3o 25001 N\u00famero do Oferecimento 1 Per\u00edodo de Realiza\u00e7\u00e3o: de 08\/08\/2025 at\u00e9 08\/04\/2026 Local do curso: Audit\u00f3rio da Engenharia Civil da Escola Polit\u00e9cnica Vagas: 90 [&#8230;]<\/p>\n","protected":false},"author":1213,"featured_media":0,"parent":0,"menu_order":0,"comment_status":"closed","ping_status":"closed","template":"","meta":{"footnotes":"","_links_to":"","_links_to_target":""},"class_list":["post-518","page","type-page","status-publish","hentry"],"_links":{"self":[{"href":"https:\/\/sites.usp.br\/gemdit\/wp-json\/wp\/v2\/pages\/518","targetHints":{"allow":["GET"]}}],"collection":[{"href":"https:\/\/sites.usp.br\/gemdit\/wp-json\/wp\/v2\/pages"}],"about":[{"href":"https:\/\/sites.usp.br\/gemdit\/wp-json\/wp\/v2\/types\/page"}],"author":[{"embeddable":true,"href":"https:\/\/sites.usp.br\/gemdit\/wp-json\/wp\/v2\/users\/1213"}],"replies":[{"embeddable":true,"href":"https:\/\/sites.usp.br\/gemdit\/wp-json\/wp\/v2\/comments?post=518"}],"version-history":[{"count":5,"href":"https:\/\/sites.usp.br\/gemdit\/wp-json\/wp\/v2\/pages\/518\/revisions"}],"predecessor-version":[{"id":1167,"href":"https:\/\/sites.usp.br\/gemdit\/wp-json\/wp\/v2\/pages\/518\/revisions\/1167"}],"wp:attachment":[{"href":"https:\/\/sites.usp.br\/gemdit\/wp-json\/wp\/v2\/media?parent=518"}],"curies":[{"name":"wp","href":"https:\/\/api.w.org\/{rel}","templated":true}]}}