{"id":526,"date":"2020-01-26T10:47:10","date_gmt":"2020-01-26T12:47:10","guid":{"rendered":"http:\/\/sites.usp.br\/gemdit\/?page_id=526"},"modified":"2021-01-19T18:00:09","modified_gmt":"2021-01-19T21:00:09","slug":"logotipo","status":"publish","type":"page","link":"https:\/\/sites.usp.br\/gemdit\/o-grupo\/logotipo\/","title":{"rendered":"Logotipo \/ Logo"},"content":{"rendered":"<div id=\"attachment_527\" style=\"width: 614px\" class=\"wp-caption aligncenter\"><a href=\"https:\/\/sites.usp.br\/gemdit\/wp-content\/uploads\/sites\/364\/2020\/01\/Logo-Tamanho-Original-1800x1600.png\"><img fetchpriority=\"high\" decoding=\"async\" aria-describedby=\"caption-attachment-527\" class=\"wp-image-527 size-large\" src=\"https:\/\/sites.usp.br\/gemdit\/wp-content\/uploads\/sites\/364\/2020\/01\/Logo-Tamanho-Original-1800x1600-1024x910.png\" alt=\"\" width=\"604\" height=\"537\" srcset=\"https:\/\/sites.usp.br\/gemdit\/wp-content\/uploads\/sites\/364\/2020\/01\/Logo-Tamanho-Original-1800x1600-1024x910.png 1024w, https:\/\/sites.usp.br\/gemdit\/wp-content\/uploads\/sites\/364\/2020\/01\/Logo-Tamanho-Original-1800x1600-300x267.png 300w, https:\/\/sites.usp.br\/gemdit\/wp-content\/uploads\/sites\/364\/2020\/01\/Logo-Tamanho-Original-1800x1600-768x683.png 768w, https:\/\/sites.usp.br\/gemdit\/wp-content\/uploads\/sites\/364\/2020\/01\/Logo-Tamanho-Original-1800x1600-1536x1365.png 1536w, https:\/\/sites.usp.br\/gemdit\/wp-content\/uploads\/sites\/364\/2020\/01\/Logo-Tamanho-Original-1800x1600-400x356.png 400w, https:\/\/sites.usp.br\/gemdit\/wp-content\/uploads\/sites\/364\/2020\/01\/Logo-Tamanho-Original-1800x1600.png 1800w\" sizes=\"(max-width: 604px) 100vw, 604px\" \/><\/a><p id=\"caption-attachment-527\" class=\"wp-caption-text\">Cria\u00e7\u00e3o \/ Creation: Beatriz Susa.<\/p><\/div>\n<p>&nbsp;<\/p>\n<hr \/>\n<p style=\"text-align: right;\"><strong><span style=\"font-size: 18pt;\">Cria\u00e7\u00e3o do logotipo do GEMDIT<\/span><\/strong><\/p>\n<p style=\"text-align: right;\"><em><span style=\"font-size: 14pt;\">A identidade visual do GEMDIT foi pensada a partir da combina\u00e7\u00e3o de dois pontos: sua finalidade, enquanto extens\u00e3o universit\u00e1ria da USP, de difundir o conhecimento produzido na academia para a sociedade; e sua organiza\u00e7\u00e3o interna, que apresenta uma din\u00e2mica multidisciplinar e aberta ao di\u00e1logo, composto por alunos do doutorado, mestrado e gradua\u00e7\u00e3o de diversas institui\u00e7\u00f5es.<\/span><\/em><\/p>\n<p style=\"text-align: right;\"><em><span style=\"font-size: 14pt;\">As formas geom\u00e9tricas buscam representar a import\u00e2ncia da coopera\u00e7\u00e3o horizontal, tanto entre docentes e estudantes, quanto entre institui\u00e7\u00f5es de ensino superior e popula\u00e7\u00e3o. Extens\u00f5es como o GEMDIT criam espa\u00e7os onde as informa\u00e7\u00f5es circulam de maneira livre e acess\u00edvel a todos, estimulando altera\u00e7\u00f5es nas estruturas sociais &#8211; fato que, por sua vez, retorna ao ambiente da universidade, fomentando a pesquisa e as demais atividades de ensino.<\/span><\/em><\/p>\n<p style=\"text-align: right;\"><em><span style=\"font-size: 14pt;\">Essa nada mais \u00e9 do que uma interpreta\u00e7\u00e3o que reflete minha viv\u00eancia pessoal como integrante do GEMDIT durante a gradua\u00e7\u00e3o. O grupo sempre ofereceu aos seus integrantes algo que considero essencial para uma forma\u00e7\u00e3o mais completa: a valoriza\u00e7\u00e3o \u00e0s diversas formas de contribui\u00e7\u00e3o, especialmente aquelas que fogem ao escopo tradicional do Direito. Muitas vezes nos esquecemos que somos indiv\u00edduos multifacetados, e que nossas experi\u00eancias e habilidades, por mais simples que sejam, tem seu valor, podendo ser \u00fateis nas ocasi\u00f5es mais fortuitas. Certamente, participar do GEMDIT me mostrou novas perspectivas de atua\u00e7\u00e3o no futuro.<\/span><\/em><\/p>\n<p style=\"text-align: right;\"><strong><em><span style=\"font-size: 14pt;\">Beatriz Susa, em janeiro de 2020<\/span><\/em><\/strong><\/p>\n<p>&nbsp;<\/p>\n<p style=\"text-align: right;\"><span style=\"font-size: 18pt;\"><strong><span style=\"color: #993300;\">Creation of the GEMDIT logo<\/span><\/strong><\/span><\/p>\n<p style=\"text-align: right;\"><em><span style=\"font-size: 14pt; color: #993300;\">The visual identity of GEMDIT was conceived from the combination of two points: its purpose, as a university outreach of USP, to disseminate the knowledge produced in academia to the society; and its internal organization, which presents multidisciplinary dynamics and open to dialogue, composed of doctorate, master\u2019s and undergraduate students from different institutions.<\/span><\/em><\/p>\n<p style=\"text-align: right;\"><em><span style=\"font-size: 14pt; color: #993300;\">The geometric shapes seek to represent the importance of horizontal cooperation, both between teachers and students and between higher education institutions and the population. Outreach activities like the GEMDIT ones create spaces where information circulates in a free and accessible manner to everyone, stimulating changes in social structures &#8211; a fact that, in turn, goes back to the university environment, fostering research and other teaching activities.<\/span><\/em><\/p>\n<p style=\"text-align: right;\"><em><span style=\"font-size: 14pt; color: #993300;\">This is nothing more than an interpretation that reflects my personal experience as a GEMDIT member during the undergraduate course. The group has always offered its members something that I consider essential for a more complete education: valuing the different forms of contribution, especially those that are outside the traditional scope of the Law. We often forget that we are multifaceted individuals and that our experiences and skills, however simple they may be, have their value and may be useful on the most fortuitous occasions. Surely, taking part in the GEMDIT showed me new perspectives for future works.<\/span><\/em><\/p>\n<p style=\"text-align: right;\"><strong><em><span style=\"font-size: 14pt; color: #993300;\">Beatriz Susa, in January 2020<\/span><\/em><\/strong><\/p>\n","protected":false},"excerpt":{"rendered":"<p>Cria\u00e7\u00e3o \/ Creation: Beatriz Susa. &nbsp; Cria\u00e7\u00e3o do logotipo do GEMDIT A identidade visual do GEMDIT foi pensada a partir da combina\u00e7\u00e3o de dois pontos: sua finalidade, enquanto extens\u00e3o universit\u00e1ria da USP, de difundir o conhecimento produzido na academia para a sociedade; e sua organiza\u00e7\u00e3o interna, que apresenta uma din\u00e2mica multidisciplinar e aberta ao di\u00e1logo, composto por alunos do doutorado, mestrado e gradua\u00e7\u00e3o de diversas institui\u00e7\u00f5es. As formas geom\u00e9tricas buscam representar a import\u00e2ncia da coopera\u00e7\u00e3o horizontal, tanto entre docentes e estudantes, quanto entre institui\u00e7\u00f5es de ensino superior e popula\u00e7\u00e3o. Extens\u00f5es como o GEMDIT criam espa\u00e7os onde as informa\u00e7\u00f5es circulam de maneira livre e acess\u00edvel a todos, estimulando altera\u00e7\u00f5es nas estruturas sociais &#8211; fato que, por sua vez, retorna ao ambiente da universidade, fomentando a pesquisa e as demais atividades de ensino. Essa nada mais \u00e9 do que uma interpreta\u00e7\u00e3o que reflete minha viv\u00eancia pessoal como integrante do GEMDIT durante a gradua\u00e7\u00e3o. O grupo sempre ofereceu aos seus integrantes algo que considero essencial para uma forma\u00e7\u00e3o mais completa: a valoriza\u00e7\u00e3o \u00e0s diversas formas de contribui\u00e7\u00e3o, especialmente aquelas que fogem ao escopo tradicional do Direito. Muitas vezes nos esquecemos que somos indiv\u00edduos multifacetados, e que nossas experi\u00eancias e habilidades, por mais simples [&#8230;]<\/p>\n","protected":false},"author":1213,"featured_media":0,"parent":111,"menu_order":0,"comment_status":"closed","ping_status":"closed","template":"","meta":{"footnotes":"","_links_to":"","_links_to_target":""},"class_list":["post-526","page","type-page","status-publish","hentry"],"_links":{"self":[{"href":"https:\/\/sites.usp.br\/gemdit\/wp-json\/wp\/v2\/pages\/526","targetHints":{"allow":["GET"]}}],"collection":[{"href":"https:\/\/sites.usp.br\/gemdit\/wp-json\/wp\/v2\/pages"}],"about":[{"href":"https:\/\/sites.usp.br\/gemdit\/wp-json\/wp\/v2\/types\/page"}],"author":[{"embeddable":true,"href":"https:\/\/sites.usp.br\/gemdit\/wp-json\/wp\/v2\/users\/1213"}],"replies":[{"embeddable":true,"href":"https:\/\/sites.usp.br\/gemdit\/wp-json\/wp\/v2\/comments?post=526"}],"version-history":[{"count":4,"href":"https:\/\/sites.usp.br\/gemdit\/wp-json\/wp\/v2\/pages\/526\/revisions"}],"predecessor-version":[{"id":826,"href":"https:\/\/sites.usp.br\/gemdit\/wp-json\/wp\/v2\/pages\/526\/revisions\/826"}],"up":[{"embeddable":true,"href":"https:\/\/sites.usp.br\/gemdit\/wp-json\/wp\/v2\/pages\/111"}],"wp:attachment":[{"href":"https:\/\/sites.usp.br\/gemdit\/wp-json\/wp\/v2\/media?parent=526"}],"curies":[{"name":"wp","href":"https:\/\/api.w.org\/{rel}","templated":true}]}}