{"id":518,"date":"2020-12-18T23:36:15","date_gmt":"2020-12-19T01:36:15","guid":{"rendered":"https:\/\/sites.usp.br\/generoviolenciaesaude\/?page_id=518"},"modified":"2021-09-01T01:28:17","modified_gmt":"2021-09-01T03:28:17","slug":"cartilhas-e-protocolos","status":"publish","type":"page","link":"https:\/\/sites.usp.br\/generoviolenciaesaude\/cartilhas-e-protocolos\/","title":{"rendered":"Cartilhas e protocolos"},"content":{"rendered":"<h3><span style=\"color: #000000;\">Orienta\u00e7\u00e3o ocupacional e profissional fruto das pesquisas e da experi\u00eancia assistencial no<\/span> <a href=\"https:\/\/www.fm.usp.br\/cseb\/portal\/\" target=\"_blank\" rel=\"noopener\"><u>Centro Sa\u00fade Escola do Butant\u00e3<\/u><\/a>.<\/h3>\n<h3><span style=\"color: #000000;\">Cartilhas:<\/span><\/h3>\n<p><a href=\"https:\/\/sites.usp.br\/generoviolenciaesaude\/wp-content\/uploads\/sites\/748\/2021\/05\/cartilha_o_que_devem_saber.pdf\" target=\"_blank\" rel=\"noopener\"><img fetchpriority=\"high\" decoding=\"async\" class=\"alignnone wp-image-1112 size-medium\" src=\"https:\/\/sites.usp.br\/generoviolenciaesaude\/wp-content\/uploads\/sites\/748\/2021\/05\/cartilha_o_que_devem_saber-202x300.jpg\" alt=\"\" width=\"202\" height=\"300\" srcset=\"https:\/\/sites.usp.br\/generoviolenciaesaude\/wp-content\/uploads\/sites\/748\/2021\/05\/cartilha_o_que_devem_saber-202x300.jpg 202w, https:\/\/sites.usp.br\/generoviolenciaesaude\/wp-content\/uploads\/sites\/748\/2021\/05\/cartilha_o_que_devem_saber-400x593.jpg 400w, https:\/\/sites.usp.br\/generoviolenciaesaude\/wp-content\/uploads\/sites\/748\/2021\/05\/cartilha_o_que_devem_saber.jpg 501w\" sizes=\"(max-width: 202px) 100vw, 202px\" \/><\/a>\u00a0 \u00a0<a href=\"https:\/\/sites.usp.br\/generoviolenciaesaude\/wp-content\/uploads\/sites\/748\/2021\/05\/cartilha_o_que_nos.pdf\" target=\"_blank\" rel=\"noopener\"><img decoding=\"async\" class=\"alignnone wp-image-1127 size-medium\" src=\"https:\/\/sites.usp.br\/generoviolenciaesaude\/wp-content\/uploads\/sites\/748\/2021\/05\/cartilha_o_que_nos-1-202x300.jpg\" alt=\"\" width=\"202\" height=\"300\" srcset=\"https:\/\/sites.usp.br\/generoviolenciaesaude\/wp-content\/uploads\/sites\/748\/2021\/05\/cartilha_o_que_nos-1-202x300.jpg 202w, https:\/\/sites.usp.br\/generoviolenciaesaude\/wp-content\/uploads\/sites\/748\/2021\/05\/cartilha_o_que_nos-1-400x595.jpg 400w, https:\/\/sites.usp.br\/generoviolenciaesaude\/wp-content\/uploads\/sites\/748\/2021\/05\/cartilha_o_que_nos-1.jpg 497w\" sizes=\"(max-width: 202px) 100vw, 202px\" \/><\/a><\/p>\n<h3><span style=\"color: #000000;\">Protocolos:<\/span><\/h3>\n<p><a href=\"https:\/\/sites.usp.br\/generoviolenciaesaude\/wp-content\/uploads\/sites\/748\/2021\/05\/protocolo_de_atendimento.pdf\" target=\"_blank\" rel=\"noopener\"><img decoding=\"async\" class=\"alignnone wp-image-1138\" src=\"https:\/\/sites.usp.br\/generoviolenciaesaude\/wp-content\/uploads\/sites\/748\/2021\/05\/protocolo_de_atendimento-229x300.jpg\" alt=\"\" width=\"202\" height=\"265\" srcset=\"https:\/\/sites.usp.br\/generoviolenciaesaude\/wp-content\/uploads\/sites\/748\/2021\/05\/protocolo_de_atendimento-229x300.jpg 229w, https:\/\/sites.usp.br\/generoviolenciaesaude\/wp-content\/uploads\/sites\/748\/2021\/05\/protocolo_de_atendimento-400x524.jpg 400w, https:\/\/sites.usp.br\/generoviolenciaesaude\/wp-content\/uploads\/sites\/748\/2021\/05\/protocolo_de_atendimento.jpg 521w\" sizes=\"(max-width: 202px) 100vw, 202px\" \/><\/a>\u00a0 \u00a0<a href=\"https:\/\/sites.usp.br\/generoviolenciaesaude\/wp-content\/uploads\/sites\/748\/2021\/05\/protocolo_especializado.pdf\" target=\"_blank\" rel=\"noopener\"><img loading=\"lazy\" decoding=\"async\" class=\"alignnone wp-image-1136\" src=\"https:\/\/sites.usp.br\/generoviolenciaesaude\/wp-content\/uploads\/sites\/748\/2021\/05\/protocolo_especializado-229x300.jpg\" alt=\"\" width=\"202\" height=\"265\" srcset=\"https:\/\/sites.usp.br\/generoviolenciaesaude\/wp-content\/uploads\/sites\/748\/2021\/05\/protocolo_especializado-229x300.jpg 229w, https:\/\/sites.usp.br\/generoviolenciaesaude\/wp-content\/uploads\/sites\/748\/2021\/05\/protocolo_especializado-400x523.jpg 400w, https:\/\/sites.usp.br\/generoviolenciaesaude\/wp-content\/uploads\/sites\/748\/2021\/05\/protocolo_especializado.jpg 522w\" sizes=\"(max-width: 202px) 100vw, 202px\" \/><\/a><\/p>\n","protected":false},"excerpt":{"rendered":"<p>Orienta\u00e7\u00e3o ocupacional e profissional fruto das pesquisas e da experi\u00eancia assistencial no Centro Sa\u00fade Escola do Butant\u00e3. Cartilhas: \u00a0 \u00a0 Protocolos: \u00a0 \u00a0<\/p>\n","protected":false},"author":22212,"featured_media":0,"parent":0,"menu_order":0,"comment_status":"closed","ping_status":"closed","template":"","meta":{"_monsterinsights_skip_tracking":false,"_monsterinsights_sitenote_active":false,"_monsterinsights_sitenote_note":"","_monsterinsights_sitenote_category":0,"footnotes":"","_links_to":"","_links_to_target":""},"class_list":["post-518","page","type-page","status-publish","hentry"],"_links":{"self":[{"href":"https:\/\/sites.usp.br\/generoviolenciaesaude\/wp-json\/wp\/v2\/pages\/518","targetHints":{"allow":["GET"]}}],"collection":[{"href":"https:\/\/sites.usp.br\/generoviolenciaesaude\/wp-json\/wp\/v2\/pages"}],"about":[{"href":"https:\/\/sites.usp.br\/generoviolenciaesaude\/wp-json\/wp\/v2\/types\/page"}],"author":[{"embeddable":true,"href":"https:\/\/sites.usp.br\/generoviolenciaesaude\/wp-json\/wp\/v2\/users\/22212"}],"replies":[{"embeddable":true,"href":"https:\/\/sites.usp.br\/generoviolenciaesaude\/wp-json\/wp\/v2\/comments?post=518"}],"version-history":[{"count":5,"href":"https:\/\/sites.usp.br\/generoviolenciaesaude\/wp-json\/wp\/v2\/pages\/518\/revisions"}],"predecessor-version":[{"id":2071,"href":"https:\/\/sites.usp.br\/generoviolenciaesaude\/wp-json\/wp\/v2\/pages\/518\/revisions\/2071"}],"wp:attachment":[{"href":"https:\/\/sites.usp.br\/generoviolenciaesaude\/wp-json\/wp\/v2\/media?parent=518"}],"curies":[{"name":"wp","href":"https:\/\/api.w.org\/{rel}","templated":true}]}}