{"id":323,"date":"2021-07-10T13:14:16","date_gmt":"2021-07-10T15:14:16","guid":{"rendered":"https:\/\/sites.usp.br\/epsec\/?page_id=323"},"modified":"2022-03-04T13:41:19","modified_gmt":"2022-03-04T15:41:19","slug":"paletras","status":"publish","type":"page","link":"https:\/\/sites.usp.br\/gep\/producoes\/paletras\/","title":{"rendered":"Paletras"},"content":{"rendered":"<p><a href=\"https:\/\/www.youtube.com\/watch?v=mB1agz1b6Q0&amp;list=LL&amp;index=6&amp;t=3879s\">Ser e Estar presente &#8211; Prosas Educativas &#8211; Hospital de Amor<\/a><\/p>\n<p><a href=\"http:\/\/www.youtube.com\/watch?v=65tR8Mjpm_s&amp;t=752s\">O que h\u00e1 de realmente novo nas metodologias ativas?<\/a><\/p>\n<p><a href=\"http:\/\/www.youtube.com\/watch?v=1VY4bKRNVLw&amp;list=LL&amp;index=29\">Inf\u00e2ncia e desenvolvimento &#8211; Entrevista para CAAF &#8211; RP<\/a><\/p>\n<p><a href=\"http:\/\/www.youtube.com\/watch?v=QtU4YOnUSQ4\">Recursos did\u00e1ticos e processos de significa\u00e7\u00e3o<\/a><\/p>\n<p><a href=\"http:\/\/www.youtube.com\/watch?v=WZcUnKSF0DA\">Do laborat\u00f3rio para a sala de aula<\/a><\/p>\n<p><a href=\"https:\/\/drive.google.com\/file\/d\/1SskQt03ZWmQDotIHoTu9Jmhgpyx7IIW1\/view\">https:\/\/drive.google.com\/file\/d\/1SskQt03ZWmQDotIHoTu9Jmhgpyx7IIW1\/view<\/a> lan\u00e7amento liter\u00e1rio 03\/03\/22<\/p>\n","protected":false},"excerpt":{"rendered":"<p>Ser e Estar presente &#8211; Prosas Educativas &#8211; Hospital de Amor O que h\u00e1 de realmente novo nas metodologias ativas? Inf\u00e2ncia e desenvolvimento &#8211; Entrevista para CAAF &#8211; RP Recursos did\u00e1ticos e processos de significa\u00e7\u00e3o Do laborat\u00f3rio para a sala de aula https:\/\/drive.google.com\/file\/d\/1SskQt03ZWmQDotIHoTu9Jmhgpyx7IIW1\/view lan\u00e7amento liter\u00e1rio 03\/03\/22<\/p>\n","protected":false},"author":22191,"featured_media":0,"parent":268,"menu_order":1,"comment_status":"closed","ping_status":"closed","template":"","meta":{"footnotes":"","_links_to":"","_links_to_target":""},"class_list":["post-323","page","type-page","status-publish","hentry"],"_links":{"self":[{"href":"https:\/\/sites.usp.br\/gep\/wp-json\/wp\/v2\/pages\/323","targetHints":{"allow":["GET"]}}],"collection":[{"href":"https:\/\/sites.usp.br\/gep\/wp-json\/wp\/v2\/pages"}],"about":[{"href":"https:\/\/sites.usp.br\/gep\/wp-json\/wp\/v2\/types\/page"}],"author":[{"embeddable":true,"href":"https:\/\/sites.usp.br\/gep\/wp-json\/wp\/v2\/users\/22191"}],"replies":[{"embeddable":true,"href":"https:\/\/sites.usp.br\/gep\/wp-json\/wp\/v2\/comments?post=323"}],"version-history":[{"count":4,"href":"https:\/\/sites.usp.br\/gep\/wp-json\/wp\/v2\/pages\/323\/revisions"}],"predecessor-version":[{"id":417,"href":"https:\/\/sites.usp.br\/gep\/wp-json\/wp\/v2\/pages\/323\/revisions\/417"}],"up":[{"embeddable":true,"href":"https:\/\/sites.usp.br\/gep\/wp-json\/wp\/v2\/pages\/268"}],"wp:attachment":[{"href":"https:\/\/sites.usp.br\/gep\/wp-json\/wp\/v2\/media?parent=323"}],"curies":[{"name":"wp","href":"https:\/\/api.w.org\/{rel}","templated":true}]}}