{"id":662,"date":"2020-10-09T13:08:53","date_gmt":"2020-10-09T16:08:53","guid":{"rendered":"http:\/\/sites.usp.br\/gepdip\/?page_id=662"},"modified":"2020-10-13T12:00:16","modified_gmt":"2020-10-13T15:00:16","slug":"projeto-erasmus-success","status":"publish","type":"page","link":"https:\/\/sites.usp.br\/gepdip\/projeto-erasmus-success\/","title":{"rendered":"Projeto ERASMUS + SuCCESS"},"content":{"rendered":"<p><a href=\"https:\/\/sites.usp.br\/gepdip\/wp-content\/uploads\/sites\/479\/2020\/10\/Imagem2.png\"><img loading=\"lazy\" decoding=\"async\" class=\" wp-image-668 aligncenter\" src=\"https:\/\/sites.usp.br\/gepdip\/wp-content\/uploads\/sites\/479\/2020\/10\/Imagem2-300x78.png\" alt=\"\" width=\"585\" height=\"152\" srcset=\"https:\/\/sites.usp.br\/gepdip\/wp-content\/uploads\/sites\/479\/2020\/10\/Imagem2-300x78.png 300w, https:\/\/sites.usp.br\/gepdip\/wp-content\/uploads\/sites\/479\/2020\/10\/Imagem2-400x104.png 400w, https:\/\/sites.usp.br\/gepdip\/wp-content\/uploads\/sites\/479\/2020\/10\/Imagem2.png 730w\" sizes=\"auto, (max-width: 585px) 100vw, 585px\" \/><\/a><\/p>\n<p>&nbsp;<\/p>\n<h3 style=\"text-align: center;\">PROJETO SuCCESS &#8211; FORTALECENDO O ENSINO DE CRIMINOLOGIA<\/h3>\n<p>O projeto <strong>SuCCESS<\/strong> resulta da <strong>colabora\u00e7\u00e3o<\/strong> entre universidades <strong>europeias <\/strong>e<strong> sul americanas<\/strong> para a troca de <strong>experi\u00eancias<\/strong>, <strong>transfer\u00eancia de conhecimento<\/strong> e <strong>melhoria<\/strong> dos planos de estudo nas \u00e1reas da criminologia e seguran\u00e7a p\u00fablica.<\/p>\n<p>&nbsp;<\/p>\n<h5 style=\"text-align: center;\">PRINCIPAIS OBJETIVOS<\/h5>\n<ul>\n<li style=\"text-align: left;\">Identificar o <strong>estado da arte e as necessidades no ensino e investiga\u00e7\u00e3o<\/strong> nas \u00e1reas de criminologia e seguran\u00e7a p\u00fablica nas universidades sul-americanas;<\/li>\n<li style=\"text-align: left;\">Atualizar e <strong>desenvolver novos programas de estudos e recursos<\/strong> que respondam \u00e0s necessidades identificadas;<\/li>\n<li style=\"text-align: left;\">Criar uma <strong>Rede de Coopera\u00e7\u00e3o Interuniversit\u00e1ria<\/strong> e um <strong>programa de workshops tem\u00e1ticos<\/strong> para promover a coopera\u00e7\u00e3o na transfer\u00eancia de conhecimentos e o desenvolvimento de compet\u00eancias entre docentes e investigadores da Am\u00e9rica do Sul e Europa;<\/li>\n<li style=\"text-align: left;\"><strong>Aumentar a qualidade e quantidade do capital humano<\/strong> dedicado ao conhecimento e a\u00e7\u00e3o em criminologia e seguran\u00e7a p\u00fablica, incluindo: <span style=\"color: #000000;\">professores, estudantes, investigadores e outros profissionais ligados \u00e0 seguran\u00e7a p\u00fablica e preven\u00e7\u00e3o do crime, governos e sistemas de justi\u00e7a.<\/span><\/li>\n<\/ul>\n<p>&nbsp;<\/p>\n<h5 style=\"text-align: center;\">REDE DE COOPERA\u00c7\u00c3O INTERUNIVERSIT\u00c1RIA EURO-SUL-AMERICANA DE ENSINO EM CRIMINOLOGIA E SEGURAN\u00c7A P\u00daBLICA<\/h5>\n<p>O <strong>SuCCESS<\/strong> ir\u00e1 criar uma rede para a forma\u00e7\u00e3o de profissionais e gest\u00e3o do conhecimento em criminologia aplicado \u00e0s pol\u00edticas p\u00fablicas. Esta Rede estar\u00e1 associada a um reposit\u00f3rio\u00a0<em>online<\/em> que incluir\u00e1 recursos de investiga\u00e7\u00e3o e ensino, assim como ferramentas de colabora\u00e7\u00e3o\u00a0<em>online<\/em> para apoiar o desenvolvimento da Rede.<\/p>\n<p>O <strong>SuCCESS<\/strong> tamb\u00e9m ir\u00e1 <strong>desenvolver<\/strong> e <strong>melhorar<\/strong> os <strong>programas de ensino<\/strong> (aos n\u00edveis de gradua\u00e7\u00e3o e p\u00f3s-gradua\u00e7\u00e3o) com base nos \u00faltimos resultados de investiga\u00e7\u00e3o e boas pr\u00e1ticas.<\/p>\n<p>Focos do projeto:<\/p>\n<ul>\n<li>Abordagens multidisciplinares<\/li>\n<li>Medidas de preven\u00e7\u00e3o<\/li>\n<li>Estabelecer pontes entre investiga\u00e7\u00e3o e pol\u00edticas sociais<\/li>\n<\/ul>\n<p>&nbsp;<\/p>\n<h5 style=\"text-align: center;\">O PROJETO SuCCESS EM RESUMO<\/h5>\n<ul>\n<li><strong>Estado da arte e necessidades de forma\u00e7\u00e3o nas universidades da Am\u00e9rica do Sul<\/strong><\/li>\n<\/ul>\n<p style=\"padding-left: 80px;\">Resultados &#8211; Relat\u00f3rio comparativo da situa\u00e7\u00e3o atual e orienta\u00e7\u00f5es para melhorar a oferta formativa<\/p>\n<ul>\n<li><strong>Revis\u00e3o de curr\u00edcula\/programas<\/strong><\/li>\n<\/ul>\n<p style=\"padding-left: 80px;\">Resultados &#8211; Oferta formativa nova e melhorada<\/p>\n<ul>\n<li><strong>Implementa\u00e7\u00e3o e avalia\u00e7\u00e3o dos novos programas<\/strong><\/li>\n<\/ul>\n<p style=\"padding-left: 80px;\">Resultados &#8211; Oferta educativa revista nas universidades sul-americanas<\/p>\n<p>&nbsp;<\/p>\n<h5 style=\"text-align: center;\">P\u00c1GINAS OFICIAIS DO PROJETO SuCCESS<\/h5>\n<p>Para acessar, basta clicar na op\u00e7\u00e3o que deseja conhecer:<\/p>\n<ul>\n<li><a href=\"http:\/\/criminologia.successproject.eu\/\">Site oficial<\/a><\/li>\n<li><a href=\"https:\/\/www.facebook.com\/pages\/category\/Education-Website\/Criminology-teaching-Success-Erasmus-project-104031541382397\/\">Facebook<\/a><\/li>\n<\/ul>\n<h5><\/h5>\n<h5 style=\"text-align: center;\">UNIVERSIDADES PARTICIPANTES<\/h5>\n<p style=\"text-align: center;\"><a href=\"https:\/\/sites.usp.br\/gepdip\/wp-content\/uploads\/sites\/479\/2020\/10\/Imagem1.png\"><img loading=\"lazy\" decoding=\"async\" class=\"alignnone wp-image-665\" src=\"https:\/\/sites.usp.br\/gepdip\/wp-content\/uploads\/sites\/479\/2020\/10\/Imagem1-300x217.png\" alt=\"\" width=\"762\" height=\"551\" srcset=\"https:\/\/sites.usp.br\/gepdip\/wp-content\/uploads\/sites\/479\/2020\/10\/Imagem1-300x217.png 300w, https:\/\/sites.usp.br\/gepdip\/wp-content\/uploads\/sites\/479\/2020\/10\/Imagem1-400x290.png 400w, https:\/\/sites.usp.br\/gepdip\/wp-content\/uploads\/sites\/479\/2020\/10\/Imagem1.png 562w\" sizes=\"auto, (max-width: 762px) 100vw, 762px\" \/><\/a><\/p>\n<p><a href=\"https:\/\/sites.usp.br\/gepdip\/wp-content\/uploads\/sites\/479\/2020\/10\/LOGO-UE.png\"><img loading=\"lazy\" decoding=\"async\" class=\" wp-image-683 aligncenter\" src=\"https:\/\/sites.usp.br\/gepdip\/wp-content\/uploads\/sites\/479\/2020\/10\/LOGO-UE.png\" alt=\"\" width=\"399\" height=\"123\" \/><\/a><\/p>\n<p>O apoio da Comiss\u00e3o Europeia \u00e0 produ\u00e7\u00e3o desta publica\u00e7\u00e3o n\u00e3o constitui um endosso ao seu conte\u00fado, que reflete apenas as opini\u00f5es dos autores. Sendo assim, a Comiss\u00e3o n\u00e3o pode ser responsabilizada por qualquer uso que possa ser feito das informa\u00e7\u00f5es aqui contidas. (Projeto N\u00ba: 609676-EPP-1-2019-1-PE-EPPKA2-CBHE-JP).<\/p>\n","protected":false},"excerpt":{"rendered":"<p>&nbsp; PROJETO SuCCESS &#8211; FORTALECENDO O ENSINO DE CRIMINOLOGIA O projeto SuCCESS resulta da colabora\u00e7\u00e3o entre universidades europeias e sul americanas para a troca de experi\u00eancias, transfer\u00eancia de conhecimento e melhoria dos planos de estudo nas \u00e1reas da criminologia e seguran\u00e7a p\u00fablica. &nbsp; PRINCIPAIS OBJETIVOS Identificar o estado da arte e as necessidades no ensino&hellip;<\/p>\n","protected":false},"author":873,"featured_media":0,"parent":0,"menu_order":0,"comment_status":"closed","ping_status":"closed","template":"","meta":{"footnotes":"","_links_to":"","_links_to_target":""},"class_list":["post-662","page","type-page","status-publish","hentry","post"],"_links":{"self":[{"href":"https:\/\/sites.usp.br\/gepdip\/wp-json\/wp\/v2\/pages\/662","targetHints":{"allow":["GET"]}}],"collection":[{"href":"https:\/\/sites.usp.br\/gepdip\/wp-json\/wp\/v2\/pages"}],"about":[{"href":"https:\/\/sites.usp.br\/gepdip\/wp-json\/wp\/v2\/types\/page"}],"author":[{"embeddable":true,"href":"https:\/\/sites.usp.br\/gepdip\/wp-json\/wp\/v2\/users\/873"}],"replies":[{"embeddable":true,"href":"https:\/\/sites.usp.br\/gepdip\/wp-json\/wp\/v2\/comments?post=662"}],"version-history":[{"count":4,"href":"https:\/\/sites.usp.br\/gepdip\/wp-json\/wp\/v2\/pages\/662\/revisions"}],"predecessor-version":[{"id":684,"href":"https:\/\/sites.usp.br\/gepdip\/wp-json\/wp\/v2\/pages\/662\/revisions\/684"}],"wp:attachment":[{"href":"https:\/\/sites.usp.br\/gepdip\/wp-json\/wp\/v2\/media?parent=662"}],"curies":[{"name":"wp","href":"https:\/\/api.w.org\/{rel}","templated":true}]}}