{"id":537,"date":"2020-01-30T01:52:11","date_gmt":"2020-01-30T04:52:11","guid":{"rendered":"http:\/\/sites.usp.br\/gepefor\/?page_id=537"},"modified":"2022-09-24T10:47:43","modified_gmt":"2022-09-24T13:47:43","slug":"publicacoes","status":"publish","type":"page","link":"https:\/\/sites.usp.br\/gepefor\/trabalhos\/publicacoes\/","title":{"rendered":"Publica\u00e7\u00f5es"},"content":{"rendered":"<h5 style=\"text-align: center;\"><strong>2022<\/strong><\/h5>\n<p style=\"text-align: center;\"><strong>O N\u00daCLEO DOCENTE ESTRUTURANTE ENQUANTO ESPA\u00c7O DE GEST\u00c3O PEDAG\u00d3GICA: POSSIBILIDADES E DESAFIOS<\/strong><br \/>\nBrazilian Journal of Development \/ v. 8, p. 5401-5411, 2022<br \/>\n<a href=\"http:\/\/lattes.cnpq.br\/1937558377096024\">Mar\u00edlia Ferranti Marques Scorzoni<\/a>, <a href=\"http:\/\/lattes.cnpq.br\/0023010302334407\">Daniela Schiabel<\/a> e <a href=\"http:\/\/lattes.cnpq.br\/0396444452280339\">Noeli Prestes Padilha Rivas<\/a><\/p>\n<p style=\"text-align: center;\"><strong>ESPA\u00c7OS FORMATIVOS NA P\u00d3S-GRADUA\u00c7\u00c3O PARA A DOC\u00caNCIA NO ENSINO SUPERIOR: CEN\u00c1RIOS E EXPERI\u00caNCIAS EM UNIVERSIDADES P\u00daBLICAS PAULISTAS<\/strong><br \/>\nBrazilian Journal of Development \/ v. 1, p. 16466-16487, 2022<br \/>\n<a href=\"http:\/\/lattes.cnpq.br\/8092801988782660\">Glaucia Maria da Silva<\/a>, <a href=\"http:\/\/lattes.cnpq.br\/0396444452280339\">Noeli Prestes Padilha Rivas<\/a> e <a href=\"http:\/\/lattes.cnpq.br\/0510595604262845\">M\u00e1rcia Mendes Ruiz Cantano<\/a><\/p>\n<p>&nbsp;<\/p>\n<h5 style=\"text-align: center;\"><strong>2021<\/strong><\/h5>\n<p style=\"text-align: center;\"><strong>BASE COMUM NACIONAL OU BASE NACIONAL COMUM PARA FORMA\u00c7\u00c3O INICIAL DE PROFESSORES DA EDUCA\u00c7\u00c3O B\u00c1SICA: A QUEM INTERESSA A INVERS\u00c3O DE NOMENCLATURA?<\/strong><br \/>\nForma\u00e7\u00e3o em Movimento \/ v. 3, p. 71-91, 2021<br \/>\n<a href=\"http:\/\/lattes.cnpq.br\/0789738391981300\">Yuna L\u00e9lis Beleza Lopes<\/a> e <a href=\"http:\/\/lattes.cnpq.br\/0396444452280339\">Noeli Prestes Padilha Rivas<\/a><\/p>\n<p style=\"text-align: center;\"><strong>A FORMA\u00c7\u00c3O DO PROFESSOR PARA A EDUCA\u00c7\u00c3O SUPERIOR: DILEMAS E POSSIBILIDADES ENTRE O ENSINO E A PESQUISA<\/strong><br \/>\nBrazilian Journal of Development \/ v. 7, n.6, p. 54858\u201354877, 2021<br \/>\n<a href=\"http:\/\/lattes.cnpq.br\/0510595604262845\">M\u00e1rcia Mendes Ruiz Cantano<\/a>, <a href=\"http:\/\/lattes.cnpq.br\/1937558377096024\">Mar\u00edlia Ferranti Marques Scorzoni<\/a>, <a href=\"https:\/\/lattes.cnpq.br\/2788301343964062\">Julia Barbosa Generoso<\/a> e\u00a0<a href=\"http:\/\/lattes.cnpq.br\/0396444452280339\">Noeli Prestes Padilha Rivas<\/a><\/p>\n","protected":false},"excerpt":{"rendered":"<p>2022 O N\u00daCLEO DOCENTE ESTRUTURANTE ENQUANTO ESPA\u00c7O DE GEST\u00c3O PEDAG\u00d3GICA: POSSIBILIDADES E DESAFIOS Brazilian Journal of Development \/ v. 8, p. 5401-5411, 2022 Mar\u00edlia Ferranti Marques Scorzoni, Daniela Schiabel e Noeli Prestes Padilha Rivas ESPA\u00c7OS FORMATIVOS NA P\u00d3S-GRADUA\u00c7\u00c3O PARA A DOC\u00caNCIA NO ENSINO SUPERIOR: CEN\u00c1RIOS E EXPERI\u00caNCIAS EM UNIVERSIDADES P\u00daBLICAS PAULISTAS Brazilian Journal of Development [&hellip;]<\/p>\n","protected":false},"author":861,"featured_media":0,"parent":483,"menu_order":0,"comment_status":"closed","ping_status":"closed","template":"","meta":{"footnotes":"","_links_to":"","_links_to_target":""},"class_list":["post-537","page","type-page","status-publish","hentry"],"_links":{"self":[{"href":"https:\/\/sites.usp.br\/gepefor\/wp-json\/wp\/v2\/pages\/537","targetHints":{"allow":["GET"]}}],"collection":[{"href":"https:\/\/sites.usp.br\/gepefor\/wp-json\/wp\/v2\/pages"}],"about":[{"href":"https:\/\/sites.usp.br\/gepefor\/wp-json\/wp\/v2\/types\/page"}],"author":[{"embeddable":true,"href":"https:\/\/sites.usp.br\/gepefor\/wp-json\/wp\/v2\/users\/861"}],"replies":[{"embeddable":true,"href":"https:\/\/sites.usp.br\/gepefor\/wp-json\/wp\/v2\/comments?post=537"}],"version-history":[{"count":5,"href":"https:\/\/sites.usp.br\/gepefor\/wp-json\/wp\/v2\/pages\/537\/revisions"}],"predecessor-version":[{"id":955,"href":"https:\/\/sites.usp.br\/gepefor\/wp-json\/wp\/v2\/pages\/537\/revisions\/955"}],"up":[{"embeddable":true,"href":"https:\/\/sites.usp.br\/gepefor\/wp-json\/wp\/v2\/pages\/483"}],"wp:attachment":[{"href":"https:\/\/sites.usp.br\/gepefor\/wp-json\/wp\/v2\/media?parent=537"}],"curies":[{"name":"wp","href":"https:\/\/api.w.org\/{rel}","templated":true}]}}