{"id":2620,"date":"2021-02-15T19:23:55","date_gmt":"2021-02-15T22:23:55","guid":{"rendered":"http:\/\/sites.usp.br\/gepespp-ledep\/?page_id=2620"},"modified":"2022-05-12T20:07:31","modified_gmt":"2022-05-12T23:07:31","slug":"quem-somos","status":"publish","type":"page","link":"https:\/\/sites.usp.br\/gepespp-ledep\/quem-somos\/","title":{"rendered":"Quem somos?"},"content":{"rendered":"<p><head><\/p>\n<style>\n\t\t.botoes tr, td {border-style: none;}\n\t\t.botoes {text-align:center; width: 100%;}\n\t\t.botao {padding: 10px; background-color: #055c6e; width: 10%; border-style: none; color: white; font-size: 20px;}\n\t\t.botao:hover {background-color: #ff9e00;}\n\t\t.def {width:20px}\n\t<\/style>\n<p><\/head><br \/>\n<body><br \/>\n\t<script type=\"text\/javascript\">\n\tfunction Apagatudo(){\n\t\t\tdocument.getElementById('gep').style.display = 'none';\n\t\t\tdocument.getElementById('led').style.display = 'none';\n\t\t}\n\t\tfunction Mudarestado(el) {\n\t        var display = document.getElementById(el).style.display;\n\t        if(display == \"none\")\n\t            document.getElementById(el).style.display = 'block';\n\t        else\n\t            document.getElementById(el).style.display = 'none';\n    \t}\n<\/script><\/p>\n<table class=\"botoes\" style=\"border-style: none;\">\n<tr style=\"border-style: none;\">\n<td style=\"width:20%; border-style: none;\"><\/td>\n<td id=\"gepespp\" class=\"botao\" onclick=\"Apagatudo(); Mudarestado('gep')\">GEPESPP<\/td>\n<td style=\"width:10%\"><\/td>\n<td id=\"ledep\" class=\"botao\" onclick=\"Apagatudo(); Mudarestado('led')\">LEDEP<\/td>\n<td style=\"width:20%\"><\/td>\n<\/tr>\n<\/table>\n<div id=\"gep\" style=\"display:none\">\n\t\t<span style=\"font-size: 110%;\"><br \/>\n\t\t\t<b>GEPESPP:<\/b> <i>GRUPO DE ESTUDO E PESQUISA EDUCA\u00c7\u00c3O SOCIEDADE E POL\u00cdTICAS P\u00daBLICAS: CONCEP\u00c7\u00d5ES DA TEORIA HIST\u00d3RICO-CULTURAL LEDEP LABORAT\u00d3RIO DE EDUCA\u00c7\u00c3O E DESENVOLVIMENTO PSICOLOGICO.<\/i><br \/>\n\t\t<\/span><\/p>\n<table style=\"width:100%;\">\n<tr>\n<td style=\"text-align:center\">\n\t\t\t\t\t<a href=\"https:\/\/sites.usp.br\/gepespp-ledep\/category\/projeto-de-pesquisa-gepespp\/\" target=\"_blank\" rel=\"noopener\"><br \/>\n\t\t\t\t\t\tProjetos de Pesquisa<br \/>\n\t\t\t\t\t<\/a>\n\t\t\t\t<\/td>\n<td>\n\t\t\t\t\t<a href=\"https:\/\/sites.usp.br\/gepespp-ledep\/category\/projetos-de-extensao-gepespp\/\" target=\"_blank\" rel=\"noopener\"><br \/>\n\t\t\t\t\t\tProjetos de Extens\u00e3o<br \/>\n\t\t\t\t\t<\/a>\n\t\t\t\t<\/td>\n<tr>\n\t\t<\/table>\n<p>\t\tO Grupo de estudos e Pesquisas Educa\u00e7\u00e3o, Sociedade Pol\u00edticas P\u00fablicas: concep\u00e7\u00f5es da teoria hist\u00f3rico-cultural tem como finalidade investigar as rela\u00e7\u00f5es te\u00f3rico-pr\u00e1ticas vinculadas aos processos educativos, seja na educa\u00e7\u00e3o formal, n\u00e3o formal ou informal que criam possibilidades para a transforma\u00e7\u00e3o social nos diversos contextos na sociedade. O referencial te\u00f3rico-metodol\u00f3gico que subsidia o desenvolvimento das pesquisas \u00e9 a teoria hist\u00f3rico-cultural e o materialismo hist\u00f3rico dial\u00e9tico. Colabora\u00e7\u00e3o da C\u00e1tedra de Vigotski de da Universidad de La Habana &#8211; Cuba.<\/p>\n<p>\n\t\t<span style=\"width: 50px; background-color:darkcyan; color: whitesmoke;\"><br \/>\n\t\t\t<a href=\"http:\/\/dgp.cnpq.br\/dgp\/espelhogrupo\/7182297325228611\" style=\"text-decoration: none; color: whitesmoke;\" target=\"_blank\" rel=\"noopener\"><br \/>\n\t\t\t\t<b>Veja mais clicando aqui!<\/b><br \/>\n\t\t\t<\/a><br \/>\n\t\t<\/span>\n\t<\/div>\n<div id=\"led\" style=\"display:none\">\n\t\t<span style=\"font-size: 110%;\"><br \/>\n\t\t\t<b>LEDEP:<\/b> <i>LABORAT\u00d3RIO DE EDUCA\u00c7\u00c3O E DESENVOLVIMENTO PSICOL\u00d3GICO<\/i><br \/>\n\t\t<\/span><\/p>\n<table style=\"width:100%;\">\n<tr>\n<td style=\"text-align:center\">\n\t\t\t\t\t<a href=\"https:\/\/sites.usp.br\/gepespp-ledep\/category\/projeto-de-pesquisa-ledep\/\" target=\"_blank\" rel=\"noopener\"><br \/>\n\t\t\t\t\t\tProjetos de Pesquisa<br \/>\n\t\t\t\t\t<\/a>\n\t\t\t\t<\/td>\n<td>\n\t\t\t\t\t<a href=\"https:\/\/sites.usp.br\/gepespp-ledep\/category\/projetos-de-extensao-ledep\/\" target=\"_blank\" rel=\"noopener\"><br \/>\n\t\t\t\t\t\tProjetos de Extens\u00e3o<br \/>\n\t\t\t\t\t<\/a>\n\t\t\t\t<\/td>\n<tr>\n\t\t<\/table>\n<p>\t\tAs pesquisas realizadas no Laborat\u00f3rio de Educa\u00e7\u00e3o e Desenvolvimento Psicol\u00f3gico tem como finalidade analisar os processos de constitui\u00e7\u00e3o e desenvolvimento psicol\u00f3gico a partir das diferentes media\u00e7\u00f5es cultura, nos campos da apropria\u00e7\u00e3o das artes, da linguagem e da ci\u00eancia. O referido grupo conta com a colabora\u00e7\u00e3o de pesquisadores da C\u00e1tedra de Vigotski na Universidade de Havana &#8211; Cuba, assim como de colaboradores de universidades nacional.<\/p>\n<p>\n\t\t<span style=\"width: 50px; background-color:darkcyan; color: whitesmoke;\"><br \/>\n\t\t\t<a href=\"http:\/\/dgp.cnpq.br\/dgp\/espelhogrupo\/0514496438828886\" style=\"text-decoration: none; color: whitesmoke;\" target=\"_blank\" rel=\"noopener\"><br \/>\n\t\t\t\t<b>Veja mais clicando aqui!<\/b><br \/>\n\t\t\t<\/a><br \/>\n\t\t<\/span>\n\t<\/div>\n<p><\/body><\/p>\n","protected":false},"excerpt":{"rendered":"<p>Finalidade do Gepespp-ledep<\/p>\n","protected":false},"author":22271,"featured_media":0,"parent":0,"menu_order":0,"comment_status":"closed","ping_status":"closed","template":"","meta":{"footnotes":"","_links_to":"","_links_to_target":""},"class_list":["post-2620","page","type-page","status-publish","hentry"],"_links":{"self":[{"href":"https:\/\/sites.usp.br\/gepespp-ledep\/wp-json\/wp\/v2\/pages\/2620","targetHints":{"allow":["GET"]}}],"collection":[{"href":"https:\/\/sites.usp.br\/gepespp-ledep\/wp-json\/wp\/v2\/pages"}],"about":[{"href":"https:\/\/sites.usp.br\/gepespp-ledep\/wp-json\/wp\/v2\/types\/page"}],"author":[{"embeddable":true,"href":"https:\/\/sites.usp.br\/gepespp-ledep\/wp-json\/wp\/v2\/users\/22271"}],"replies":[{"embeddable":true,"href":"https:\/\/sites.usp.br\/gepespp-ledep\/wp-json\/wp\/v2\/comments?post=2620"}],"version-history":[{"count":6,"href":"https:\/\/sites.usp.br\/gepespp-ledep\/wp-json\/wp\/v2\/pages\/2620\/revisions"}],"predecessor-version":[{"id":3496,"href":"https:\/\/sites.usp.br\/gepespp-ledep\/wp-json\/wp\/v2\/pages\/2620\/revisions\/3496"}],"wp:attachment":[{"href":"https:\/\/sites.usp.br\/gepespp-ledep\/wp-json\/wp\/v2\/media?parent=2620"}],"curies":[{"name":"wp","href":"https:\/\/api.w.org\/{rel}","templated":true}]}}