{"id":64,"date":"2014-02-12T11:28:54","date_gmt":"2014-02-12T13:28:54","guid":{"rendered":"http:\/\/sites.usp.br\/geps\/?page_id=64"},"modified":"2022-02-18T14:42:04","modified_gmt":"2022-02-18T16:42:04","slug":"equipe","status":"publish","type":"page","link":"https:\/\/sites.usp.br\/geps\/equipe\/","title":{"rendered":"Equipe"},"content":{"rendered":"<table style=\"border-collapse: collapse; width: 100%;\">\n<tbody>\n<tr>\n<td style=\"width: 24.5033%; vertical-align: top;\"><strong>Coordena\u00e7\u00e3o<\/strong><\/td>\n<td style=\"width: 75.3311%; vertical-align: top;\"><strong>\u00a0<\/strong><\/td>\n<\/tr>\n<tr>\n<td style=\"width: 24.5033%; vertical-align: top;\"><strong><a href=\"https:\/\/sites.usp.br\/geps\/wp-content\/uploads\/sites\/584\/2019\/08\/M\u00e1rio-Scheffer.jpg\"><img loading=\"lazy\" decoding=\"async\" class=\"wp-image-166 alignleft\" src=\"https:\/\/sites.usp.br\/geps\/wp-content\/uploads\/sites\/584\/2019\/08\/M\u00e1rio-Scheffer.jpg\" alt=\"\" width=\"130\" height=\"130\" srcset=\"https:\/\/sites.usp.br\/geps\/wp-content\/uploads\/sites\/584\/2019\/08\/M\u00e1rio-Scheffer.jpg 180w, https:\/\/sites.usp.br\/geps\/wp-content\/uploads\/sites\/584\/2019\/08\/M\u00e1rio-Scheffer-150x150.jpg 150w, https:\/\/sites.usp.br\/geps\/wp-content\/uploads\/sites\/584\/2019\/08\/M\u00e1rio-Scheffer-45x45.jpg 45w\" sizes=\"auto, (max-width: 130px) 100vw, 130px\" \/><\/a><\/strong><\/td>\n<td style=\"width: 75.3311%; vertical-align: top;\"><strong>M\u00e1rio C\u00e9sar Scheffer<br \/>\n<\/strong>Professor do Departamento de Medicina Preventiva\u00a0 da Faculdade de Medicina da Universidade de S\u00e3o Paulo (DMP\/FM-USP)<br \/>\nCurr\u00edculo Lattes: <a href=\"http:\/\/lattes.cnpq.br\/1322311308223630\">http:\/\/lattes.cnpq.br\/1322311308223630<\/a><\/td>\n<\/tr>\n<tr>\n<td style=\"width: 24.5033%; vertical-align: top;\"><strong>Pesquisa<\/strong><\/td>\n<td style=\"width: 75.3311%; vertical-align: top;\"><strong>\u00a0<\/strong><\/td>\n<\/tr>\n<tr>\n<td style=\"width: 24.5033%; vertical-align: top;\"><strong><a href=\"https:\/\/sites.usp.br\/geps\/wp-content\/uploads\/sites\/584\/2019\/08\/Caio.jpg\"><img loading=\"lazy\" decoding=\"async\" class=\"alignleft wp-image-177\" src=\"https:\/\/sites.usp.br\/geps\/wp-content\/uploads\/sites\/584\/2019\/08\/Caio-300x300.jpg\" alt=\"\" width=\"130\" height=\"130\" srcset=\"https:\/\/sites.usp.br\/geps\/wp-content\/uploads\/sites\/584\/2019\/08\/Caio-300x300.jpg 300w, https:\/\/sites.usp.br\/geps\/wp-content\/uploads\/sites\/584\/2019\/08\/Caio-150x150.jpg 150w, https:\/\/sites.usp.br\/geps\/wp-content\/uploads\/sites\/584\/2019\/08\/Caio-768x768.jpg 768w, https:\/\/sites.usp.br\/geps\/wp-content\/uploads\/sites\/584\/2019\/08\/Caio-45x45.jpg 45w, https:\/\/sites.usp.br\/geps\/wp-content\/uploads\/sites\/584\/2019\/08\/Caio-200x200.jpg 200w, https:\/\/sites.usp.br\/geps\/wp-content\/uploads\/sites\/584\/2019\/08\/Caio-400x400.jpg 400w, https:\/\/sites.usp.br\/geps\/wp-content\/uploads\/sites\/584\/2019\/08\/Caio.jpg 800w\" sizes=\"auto, (max-width: 130px) 100vw, 130px\" \/><\/a><\/strong><\/td>\n<td style=\"width: 75.3311%; vertical-align: top;\"><strong>Caio Henrique Sampaio Fernandes<br \/>\n<\/strong>OAB: 302.974<br \/>\nAdvogado, bacharel em Direito pela Universidade Paulista, p\u00f3s-graduado em Direito e Processo do Trabalho pela Universidade Presbiteriana Mackenzie, p\u00f3s-graduado em Direito Civil e Direito do Consumidor pela EPD \u2013 Escola Paulista de Direito.<\/td>\n<\/tr>\n<tr>\n<td style=\"width: 24.5033%; vertical-align: top;\"><strong><a href=\"https:\/\/sites.usp.br\/geps\/wp-content\/uploads\/sites\/584\/2019\/08\/Imagem1.jpg\"><img loading=\"lazy\" decoding=\"async\" class=\"wp-image-188 alignleft\" src=\"https:\/\/sites.usp.br\/geps\/wp-content\/uploads\/sites\/584\/2019\/08\/Imagem1-300x237.jpg\" alt=\"\" width=\"130\" height=\"103\" srcset=\"https:\/\/sites.usp.br\/geps\/wp-content\/uploads\/sites\/584\/2019\/08\/Imagem1-300x237.jpg 300w, https:\/\/sites.usp.br\/geps\/wp-content\/uploads\/sites\/584\/2019\/08\/Imagem1-400x316.jpg 400w, https:\/\/sites.usp.br\/geps\/wp-content\/uploads\/sites\/584\/2019\/08\/Imagem1.jpg 512w\" sizes=\"auto, (max-width: 130px) 100vw, 130px\" \/><\/a><\/strong><\/td>\n<td style=\"width: 75.3311%; vertical-align: top;\"><strong>Joana Cruz<br \/>\n<\/strong>Bacharel em direito pela PUC-SP, mestranda em direito pela USP e advogada em S\u00e3o Paulo, com atua\u00e7\u00e3o nas \u00e1reas de direito \u00e0 sa\u00fade, sa\u00fade suplementar, seguran\u00e7a alimentar e nutricional e direito do consumidor.<\/td>\n<\/tr>\n<tr>\n<td style=\"width: 24.5033%; vertical-align: top;\"><strong><a href=\"https:\/\/sites.usp.br\/geps\/wp-content\/uploads\/sites\/584\/2019\/08\/JulianaFKozan.jpeg\"><img loading=\"lazy\" decoding=\"async\" class=\"wp-image-176 alignleft\" src=\"https:\/\/sites.usp.br\/geps\/wp-content\/uploads\/sites\/584\/2019\/08\/JulianaFKozan-225x300.jpeg\" alt=\"\" width=\"130\" height=\"173\" srcset=\"https:\/\/sites.usp.br\/geps\/wp-content\/uploads\/sites\/584\/2019\/08\/JulianaFKozan-225x300.jpeg 225w, https:\/\/sites.usp.br\/geps\/wp-content\/uploads\/sites\/584\/2019\/08\/JulianaFKozan-400x533.jpeg 400w, https:\/\/sites.usp.br\/geps\/wp-content\/uploads\/sites\/584\/2019\/08\/JulianaFKozan.jpeg 584w\" sizes=\"auto, (max-width: 130px) 100vw, 130px\" \/><\/a><\/strong><\/td>\n<td style=\"width: 75.3311%; vertical-align: top;\"><strong>Juliana Kozan<br \/>\n<\/strong>OAB\/SP 234.476<br \/>\nAdvogada graduada pela Pontif\u00edcia Universidade Cat\u00f3lica (PUC-SP), p\u00f3s-graduada em Direito Administrativo pela Faculdade Aut\u00f4noma de Direito (FADISP), mestre em Sa\u00fade Coletiva (FM-USP).<br \/>\nCurr\u00edculo Lattes: <a href=\"http:\/\/lattes.cnpq.br\/1670326313693587\">http:\/\/lattes.cnpq.br\/1670326313693587<\/a><\/td>\n<\/tr>\n<tr>\n<td style=\"width: 24.5033%; vertical-align: top;\"><a href=\"https:\/\/sites.usp.br\/geps\/wp-content\/uploads\/sites\/584\/2022\/02\/Karina_foto-1.jpg\"><img loading=\"lazy\" decoding=\"async\" class=\"alignnone wp-image-480\" src=\"https:\/\/sites.usp.br\/geps\/wp-content\/uploads\/sites\/584\/2022\/02\/Karina_foto-1-230x300.jpg\" alt=\"\" width=\"129\" height=\"167\" srcset=\"https:\/\/sites.usp.br\/geps\/wp-content\/uploads\/sites\/584\/2022\/02\/Karina_foto-1-230x300.jpg 230w, https:\/\/sites.usp.br\/geps\/wp-content\/uploads\/sites\/584\/2022\/02\/Karina_foto-1.jpg 275w\" sizes=\"auto, (max-width: 129px) 100vw, 129px\" \/><\/a><\/td>\n<td style=\"width: 75.3311%; vertical-align: top;\"><strong>Karina Bozola Grou<br \/>\n<\/strong>OABSP 164.466<br \/>\nAdvogada, graduada pela Faculdade de Direito da Pontif\u00edcia<br \/>\nUniversidade Cat\u00f3lica de S\u00e3o Paulo (PUC-SP), p\u00f3s-graduada em<br \/>\nDireito pela mesma faculdade, mestre em Direito Constitucional.<br \/>\nCurr\u00edculo Lattes: <a href=\"http:\/\/lattes.cnpq.br\/6442096867680893\">http:\/\/lattes.cnpq.br\/6442096867680893<\/a><\/td>\n<\/tr>\n<tr>\n<td style=\"width: 24.5033%; vertical-align: top;\"><a href=\"https:\/\/sites.usp.br\/geps\/wp-content\/uploads\/sites\/584\/2020\/03\/WhatsApp-Image-2020-03-12-at-14.25.05.jpeg\"><img loading=\"lazy\" decoding=\"async\" class=\"aligncenter wp-image-279\" src=\"https:\/\/sites.usp.br\/geps\/wp-content\/uploads\/sites\/584\/2020\/03\/WhatsApp-Image-2020-03-12-at-14.25.05-150x150.jpeg\" alt=\"\" width=\"130\" height=\"173\" srcset=\"https:\/\/sites.usp.br\/geps\/wp-content\/uploads\/sites\/584\/2020\/03\/WhatsApp-Image-2020-03-12-at-14.25.05-225x300.jpeg 225w, https:\/\/sites.usp.br\/geps\/wp-content\/uploads\/sites\/584\/2020\/03\/WhatsApp-Image-2020-03-12-at-14.25.05-400x533.jpeg 400w, https:\/\/sites.usp.br\/geps\/wp-content\/uploads\/sites\/584\/2020\/03\/WhatsApp-Image-2020-03-12-at-14.25.05.jpeg 600w\" sizes=\"auto, (max-width: 130px) 100vw, 130px\" \/><\/a><\/td>\n<td style=\"width: 75.3311%; vertical-align: top;\"><strong>Leon Faria de Lima<br \/>\n<\/strong>OAB\/SP: 433496<br \/>\nAdvogado e bacharel em Direito pela Universidade de S\u00e3o Paulo (FD\/USP).<\/td>\n<\/tr>\n<tr>\n<td style=\"width: 24.5033%; vertical-align: top;\"><a href=\"https:\/\/sites.usp.br\/geps\/wp-content\/uploads\/sites\/584\/2020\/11\/WhatsApp-Image-2020-10-30-at-11.34.56.jpeg\"><img loading=\"lazy\" decoding=\"async\" class=\"alignnone size-medium wp-image-364\" src=\"https:\/\/sites.usp.br\/geps\/wp-content\/uploads\/sites\/584\/2020\/11\/WhatsApp-Image-2020-10-30-at-11.34.56-300x293.jpeg\" alt=\"\" width=\"300\" height=\"293\" srcset=\"https:\/\/sites.usp.br\/geps\/wp-content\/uploads\/sites\/584\/2020\/11\/WhatsApp-Image-2020-10-30-at-11.34.56-300x293.jpeg 300w, https:\/\/sites.usp.br\/geps\/wp-content\/uploads\/sites\/584\/2020\/11\/WhatsApp-Image-2020-10-30-at-11.34.56-45x45.jpeg 45w, https:\/\/sites.usp.br\/geps\/wp-content\/uploads\/sites\/584\/2020\/11\/WhatsApp-Image-2020-10-30-at-11.34.56-400x391.jpeg 400w, https:\/\/sites.usp.br\/geps\/wp-content\/uploads\/sites\/584\/2020\/11\/WhatsApp-Image-2020-10-30-at-11.34.56.jpeg 728w\" sizes=\"auto, (max-width: 300px) 100vw, 300px\" \/><\/a><\/td>\n<td style=\"width: 75.3311%; vertical-align: top;\"><strong>Let\u00edcia Fernandes Caboatan<br \/>\n<\/strong>OAB\/SP 381.406<br \/>\nAdvogada. Bacharel em Direito pela Universidade S\u00e3o Judas Tadeu e p\u00f3s-graduanda em Direito Processual Civil na Universidade Presbiteriana Mackenzie.<br \/>\nCurr\u00edculo Lattes: <a href=\"http:\/\/lattes.cnpq.br\/9465795520252126\">http:\/\/lattes.cnpq.br\/9465795520252126<\/a><strong><br \/>\n<\/strong><\/td>\n<\/tr>\n<tr>\n<td style=\"width: 24.5033%; vertical-align: top;\"><strong><a href=\"https:\/\/sites.usp.br\/geps\/wp-content\/uploads\/sites\/584\/2021\/11\/servletrecuperafoto2.jpg\"><img loading=\"lazy\" decoding=\"async\" class=\"alignnone wp-image-447 size-medium\" src=\"https:\/\/sites.usp.br\/geps\/wp-content\/uploads\/sites\/584\/2021\/11\/servletrecuperafoto2-300x300.jpg\" alt=\"\" width=\"300\" height=\"300\" srcset=\"https:\/\/sites.usp.br\/geps\/wp-content\/uploads\/sites\/584\/2021\/11\/servletrecuperafoto2-300x300.jpg 300w, https:\/\/sites.usp.br\/geps\/wp-content\/uploads\/sites\/584\/2021\/11\/servletrecuperafoto2-1024x1024.jpg 1024w, https:\/\/sites.usp.br\/geps\/wp-content\/uploads\/sites\/584\/2021\/11\/servletrecuperafoto2-150x150.jpg 150w, https:\/\/sites.usp.br\/geps\/wp-content\/uploads\/sites\/584\/2021\/11\/servletrecuperafoto2-768x769.jpg 768w, https:\/\/sites.usp.br\/geps\/wp-content\/uploads\/sites\/584\/2021\/11\/servletrecuperafoto2-45x45.jpg 45w, https:\/\/sites.usp.br\/geps\/wp-content\/uploads\/sites\/584\/2021\/11\/servletrecuperafoto2-200x200.jpg 200w, https:\/\/sites.usp.br\/geps\/wp-content\/uploads\/sites\/584\/2021\/11\/servletrecuperafoto2-400x400.jpg 400w, https:\/\/sites.usp.br\/geps\/wp-content\/uploads\/sites\/584\/2021\/11\/servletrecuperafoto2.jpg 1191w\" sizes=\"auto, (max-width: 300px) 100vw, 300px\" \/><\/a><\/strong><\/td>\n<td style=\"width: 75.3311%; vertical-align: top;\"><strong>Lucas Salvador Andrietta<br \/>\n<\/strong>Professor do Departamento de Medicina Preventiva\u00a0 da Faculdade de Medicina da Universidade de S\u00e3o Paulo (DMP\/FM-USP).Economista, mestre e doutor em Desenvolvimento Econ\u00f4mico (IE-Unicamp).<br \/>\nCurr\u00edculo Lattes: <a href=\"http:\/\/lattes.cnpq.br\/0224286764845639\">http:\/\/lattes.cnpq.br\/0224286764845639<\/a><\/td>\n<\/tr>\n<tr>\n<td style=\"width: 24.5033%; vertical-align: top;\"><strong><a href=\"https:\/\/sites.usp.br\/geps\/wp-content\/uploads\/sites\/584\/2020\/10\/fotobonitinha\u00e9oquetemos.jpg\"><img loading=\"lazy\" decoding=\"async\" class=\"alignnone size-medium wp-image-339\" src=\"https:\/\/sites.usp.br\/geps\/wp-content\/uploads\/sites\/584\/2020\/10\/fotobonitinha\u00e9oquetemos-300x300.jpg\" alt=\"\" width=\"300\" height=\"300\" srcset=\"https:\/\/sites.usp.br\/geps\/wp-content\/uploads\/sites\/584\/2020\/10\/fotobonitinha\u00e9oquetemos-300x300.jpg 300w, https:\/\/sites.usp.br\/geps\/wp-content\/uploads\/sites\/584\/2020\/10\/fotobonitinha\u00e9oquetemos-150x150.jpg 150w, https:\/\/sites.usp.br\/geps\/wp-content\/uploads\/sites\/584\/2020\/10\/fotobonitinha\u00e9oquetemos-45x45.jpg 45w, https:\/\/sites.usp.br\/geps\/wp-content\/uploads\/sites\/584\/2020\/10\/fotobonitinha\u00e9oquetemos-200x200.jpg 200w, https:\/\/sites.usp.br\/geps\/wp-content\/uploads\/sites\/584\/2020\/10\/fotobonitinha\u00e9oquetemos-400x400.jpg 400w, https:\/\/sites.usp.br\/geps\/wp-content\/uploads\/sites\/584\/2020\/10\/fotobonitinha\u00e9oquetemos.jpg 640w\" sizes=\"auto, (max-width: 300px) 100vw, 300px\" \/><\/a><\/strong><\/td>\n<td style=\"width: 75.3311%; vertical-align: top;\"><strong>Maria Luiza Levi<br \/>\n<\/strong>Economista, mestre em Economia (IE-Unicamp) e doutora em Ci\u00eancias (FMUSP). Professora do Bacharelado em Ci\u00eancias e Humanidades e do Bacharelado em Pol\u00edticas P\u00fablicas da Universidade Federal do ABC (UFABC).<br \/>\nCurr\u00edculo Lattes: <a href=\"http:\/\/lattes.cnpq.br\/2586599169850360\">http:\/\/lattes.cnpq.br\/2586599169850360<\/a><\/td>\n<\/tr>\n<tr>\n<td style=\"width: 24.5033%; vertical-align: top;\"><strong><a href=\"https:\/\/sites.usp.br\/geps\/wp-content\/uploads\/sites\/584\/2019\/08\/Marina-2.jpg\"><img loading=\"lazy\" decoding=\"async\" class=\" wp-image-194 alignleft\" src=\"https:\/\/sites.usp.br\/geps\/wp-content\/uploads\/sites\/584\/2019\/08\/Marina-2-268x300.jpg\" alt=\"\" width=\"130\" height=\"146\" srcset=\"https:\/\/sites.usp.br\/geps\/wp-content\/uploads\/sites\/584\/2019\/08\/Marina-2-268x300.jpg 268w, https:\/\/sites.usp.br\/geps\/wp-content\/uploads\/sites\/584\/2019\/08\/Marina-2-768x861.jpg 768w, https:\/\/sites.usp.br\/geps\/wp-content\/uploads\/sites\/584\/2019\/08\/Marina-2-914x1024.jpg 914w, https:\/\/sites.usp.br\/geps\/wp-content\/uploads\/sites\/584\/2019\/08\/Marina-2-400x448.jpg 400w, https:\/\/sites.usp.br\/geps\/wp-content\/uploads\/sites\/584\/2019\/08\/Marina-2.jpg 1425w\" sizes=\"auto, (max-width: 130px) 100vw, 130px\" \/><\/a><\/strong><\/td>\n<td style=\"width: 75.3311%; vertical-align: top;\"><strong>Marina de Almeida Magalh\u00e3es<br \/>\n<\/strong>OAB\/SP: 433855<br \/>\nAdvogada e bacharela em Direito pela Universidade de S\u00e3o Paulo (FD\/USP).<br \/>\nCurr\u00edculo Lattes: <a href=\"http:\/\/lattes.cnpq.br\/5065047717259569\">http:\/\/lattes.cnpq.br\/5065047717259569<\/a><\/td>\n<\/tr>\n<tr>\n<td style=\"width: 24.5033%; vertical-align: top;\"><a href=\"https:\/\/sites.usp.br\/geps\/wp-content\/uploads\/sites\/584\/2019\/08\/Foto_Rafael-Robba-reduzida.jpg\"><img loading=\"lazy\" decoding=\"async\" class=\"wp-image-165 alignleft\" src=\"https:\/\/sites.usp.br\/geps\/wp-content\/uploads\/sites\/584\/2019\/08\/Foto_Rafael-Robba-reduzida.jpg\" alt=\"\" width=\"130\" height=\"149\" \/><\/a><\/td>\n<td style=\"width: 75.3311%; vertical-align: top;\"><strong>Rafael Robba<br \/>\n<\/strong>OAB: 274.389<br \/>\nAdvogado, bacharel em Direito pela Universidade Santo Amaro \u2013 UNISA, p\u00f3s-graduado em Responsabilidade Civil pela Funda\u00e7\u00e3o Get\u00falio Vargas (FGV), mestre em Sa\u00fade Coletiva (FM-USP).<br \/>\nCurr\u00edculo Lattes: <a href=\"http:\/\/lattes.cnpq.br\/5486726584978429\">http:\/\/lattes.cnpq.br\/5486726584978429<\/a><\/td>\n<\/tr>\n<tr>\n<td style=\"width: 24.5033%; vertical-align: top;\"><\/td>\n<td style=\"width: 75.3311%; vertical-align: top;\"><\/td>\n<\/tr>\n<\/tbody>\n<\/table>\n<p>&nbsp;<\/p>\n<p>&nbsp;<\/p>\n<p>&nbsp;<\/p>\n<p>&nbsp;<\/p>\n<p><strong><span style=\"text-decoration: underline;\">\u00a0<\/span><\/strong><\/p>\n<p>&nbsp;<\/p>\n<p>&nbsp;<\/p>\n<p>&nbsp;<\/p>\n<p>&nbsp;<\/p>\n<p>&nbsp;<\/p>\n","protected":false},"excerpt":{"rendered":"<p>Coordena\u00e7\u00e3o \u00a0 M\u00e1rio C\u00e9sar Scheffer Professor do Departamento de Medicina Preventiva\u00a0 da Faculdade de Medicina da Universidade de S\u00e3o Paulo (DMP\/FM-USP) Curr\u00edculo Lattes: http:\/\/lattes.cnpq.br\/1322311308223630 Pesquisa \u00a0 Caio Henrique Sampaio Fernandes OAB: 302.974 Advogado, bacharel em Direito pela Universidade Paulista, p\u00f3s-graduado em Direito e Processo do Trabalho pela Universidade Presbiteriana Mackenzie, p\u00f3s-graduado em Direito Civil e [&hellip;]<\/p>\n","protected":false},"author":1,"featured_media":0,"parent":0,"menu_order":0,"comment_status":"closed","ping_status":"closed","template":"","meta":{"footnotes":"","_links_to":"","_links_to_target":""},"class_list":["post-64","page","type-page","status-publish","hentry"],"_links":{"self":[{"href":"https:\/\/sites.usp.br\/geps\/wp-json\/wp\/v2\/pages\/64","targetHints":{"allow":["GET"]}}],"collection":[{"href":"https:\/\/sites.usp.br\/geps\/wp-json\/wp\/v2\/pages"}],"about":[{"href":"https:\/\/sites.usp.br\/geps\/wp-json\/wp\/v2\/types\/page"}],"author":[{"embeddable":true,"href":"https:\/\/sites.usp.br\/geps\/wp-json\/wp\/v2\/users\/1"}],"replies":[{"embeddable":true,"href":"https:\/\/sites.usp.br\/geps\/wp-json\/wp\/v2\/comments?post=64"}],"version-history":[{"count":5,"href":"https:\/\/sites.usp.br\/geps\/wp-json\/wp\/v2\/pages\/64\/revisions"}],"predecessor-version":[{"id":481,"href":"https:\/\/sites.usp.br\/geps\/wp-json\/wp\/v2\/pages\/64\/revisions\/481"}],"wp:attachment":[{"href":"https:\/\/sites.usp.br\/geps\/wp-json\/wp\/v2\/media?parent=64"}],"curies":[{"name":"wp","href":"https:\/\/api.w.org\/{rel}","templated":true}]}}