{"id":79,"date":"2014-02-24T16:51:20","date_gmt":"2014-02-24T18:51:20","guid":{"rendered":"http:\/\/sites.usp.br\/gmec\/?page_id=79"},"modified":"2023-03-28T22:59:45","modified_gmt":"2023-03-29T00:59:45","slug":"pagina-inicial","status":"publish","type":"page","link":"https:\/\/sites.usp.br\/gmec\/","title":{"rendered":"P\u00e1gina Inicial"},"content":{"rendered":"<div id=\"pl-79\"  class=\"panel-layout\" ><div id=\"pg-79-0\"  class=\"panel-grid panel-has-style\" ><div class=\"siteorigin-panels-stretch panel-row-style panel-row-style-for-79-0\" data-stretch-type=\"full-stretched\" ><div id=\"pgc-79-0-0\"  class=\"panel-grid-cell\" ><div id=\"panel-79-0-0-0\" class=\"so-panel widget widget_sow-hero panel-first-child panel-last-child\" data-index=\"0\" ><div\n\t\t\t\n\t\t\tclass=\"so-widget-sow-hero so-widget-sow-hero-default-2c26291b0ef5-79 so-widget-fittext-wrapper\"\n\t\t\t data-fit-text-compressor=\"0.85\"\n\t\t>\t\t\t\t<div class=\"sow-slider-base\" style=\"display: none\" tabindex=\"0\">\n\t\t\t\t\t<ul\n\t\t\t\t\tclass=\"sow-slider-images\"\n\t\t\t\t\tdata-settings=\"{&quot;pagination&quot;:true,&quot;speed&quot;:800,&quot;timeout&quot;:8000,&quot;paused&quot;:false,&quot;pause_on_hover&quot;:false,&quot;swipe&quot;:true,&quot;nav_always_show_desktop&quot;:&quot;&quot;,&quot;nav_always_show_mobile&quot;:&quot;&quot;,&quot;breakpoint&quot;:&quot;780px&quot;,&quot;unmute&quot;:false,&quot;anchor&quot;:null}\"\n\t\t\t\t\tstyle=\"min-height: 540px\"\t\t\t\t\tdata-anchor-id=\"\"\n\t\t\t\t>\t\t<li class=\"sow-slider-image  sow-slider-image-cover\" style=\"visibility: visible;;background-color: #325062\" >\n\t\t\t\t\t<div class=\"sow-slider-image-container\">\n\t\t\t<div class=\"sow-slider-image-wrapper\">\n\t\t\t\t<h3 style=\"text-align: center\">Conhe\u00e7a o Laborat\u00f3rio de Ensaios, Inspe\u00e7\u00e3o, Manuten\u00e7\u00e3o, Monitoramento e An\u00e1lise de Obras de Infraestrutura:<\/h3>\n<p style=\"text-align: center\"><a href=\"https:\/\/sites.usp.br\/labinfra\/\"><img loading=\"lazy\" decoding=\"async\" class=\"alignnone size-medium wp-image-702\" src=\"https:\/\/sites.usp.br\/gmec\/wp-content\/uploads\/sites\/579\/2022\/10\/botao_labinfra6-300x94.png\" alt=\"\" width=\"300\" height=\"94\" srcset=\"https:\/\/sites.usp.br\/gmec\/wp-content\/uploads\/sites\/579\/2022\/10\/botao_labinfra6-300x94.png 300w, https:\/\/sites.usp.br\/gmec\/wp-content\/uploads\/sites\/579\/2022\/10\/botao_labinfra6.png 350w\" sizes=\"auto, (max-width: 300px) 100vw, 300px\" \/><\/a><\/p>\n\t\t\t<\/div>\n\t\t<\/div>\n\t\t<div class=\"sow-slider-image-overlay sow-slider-image-cover\" style=\"opacity: 0.5;background-image: url(https:\/\/sites.usp.br\/gmec\/wp-content\/uploads\/sites\/579\/2022\/10\/banner_hero_gemec2-1.png)\"  ><\/div>\t\t<\/li>\n\t\t\t\t<li class=\"sow-slider-image  sow-slider-image-cover\" style=\"visibility: hidden;;background-color: #325062;cursor: pointer;\" data-url=\"{&quot;url&quot;:&quot;https:\\\/\\\/sites.usp.br\\\/gmec\\\/eventos\\\/&quot;,&quot;new_window&quot;:false}\" >\n\t\t\t\t\t<div class=\"sow-slider-image-container\">\n\t\t\t<div class=\"sow-slider-image-wrapper\">\n\t\t\t\t<h3 style=\"text-align: center\">\nQuarto Workshop sobre Ensaios n\u00e3o<br \/>\nDestrutivos em Estruturas EPUSP<\/h3>\n\t\t\t<\/div>\n\t\t<\/div>\n\t\t<div class=\"sow-slider-image-overlay sow-slider-image-cover\" style=\"opacity: 0.5\" data-background=\"url(https:\/\/sites.usp.br\/gmec\/wp-content\/uploads\/sites\/579\/2023\/01\/banner_convite.png)\"  ><\/div>\t\t<\/li>\n\t\t<\/ul>\t\t\t\t<ol class=\"sow-slider-pagination\">\n\t\t\t\t\t\t\t\t\t\t\t<li><a href=\"#\" data-goto=\"0\" aria-label=\"Display slide 1\"><\/a><\/li>\n\t\t\t\t\t\t\t\t\t\t\t<li><a href=\"#\" data-goto=\"1\" aria-label=\"Display slide 2\"><\/a><\/li>\n\t\t\t\t\t\t\t\t\t<\/ol>\n\n\t\t\t\t<div class=\"sow-slide-nav sow-slide-nav-next\">\n\t\t\t\t\t<a href=\"#\" data-goto=\"next\" aria-label=\"Next slide\" data-action=\"next\">\n\t\t\t\t\t\t<em class=\"sow-sld-icon-thin-right\"><\/em>\n\t\t\t\t\t<\/a>\n\t\t\t\t<\/div>\n\n\t\t\t\t<div class=\"sow-slide-nav sow-slide-nav-prev\">\n\t\t\t\t\t<a href=\"#\" data-goto=\"previous\" aria-label=\"Previous slide\" data-action=\"prev\">\n\t\t\t\t\t\t<em class=\"sow-sld-icon-thin-left\"><\/em>\n\t\t\t\t\t<\/a>\n\t\t\t\t<\/div>\n\t\t\t\t<\/div><\/div><\/div><\/div><\/div><\/div><div id=\"pg-79-1\"  class=\"panel-grid panel-no-style\" ><div id=\"pgc-79-1-0\"  class=\"panel-grid-cell\" ><div id=\"panel-79-1-0-0\" class=\"so-panel widget widget_media_video panel-first-child panel-last-child\" data-index=\"1\" ><h3 class=\"widget-title\">Monitoramento<\/h3><div style=\"width:100%;\" class=\"wp-video\"><video class=\"wp-video-shortcode\" id=\"video-79-1\" preload=\"metadata\" controls=\"controls\"><source type=\"video\/youtube\" src=\"https:\/\/www.youtube.com\/watch?v=mw0iYV4f5_8&#038;_=1\" \/><a href=\"https:\/\/www.youtube.com\/watch?v=mw0iYV4f5_8\">https:\/\/www.youtube.com\/watch?v=mw0iYV4f5_8<\/a><\/video><\/div><\/div><\/div><div id=\"pgc-79-1-1\"  class=\"panel-grid-cell\" ><div id=\"panel-79-1-1-0\" class=\"so-panel widget widget_media_video panel-first-child panel-last-child\" data-index=\"2\" ><h3 class=\"widget-title\">Prot\u00f3tipo<\/h3><div style=\"width:100%;\" class=\"wp-video\"><video class=\"wp-video-shortcode\" id=\"video-79-2\" preload=\"metadata\" controls=\"controls\"><source type=\"video\/youtube\" src=\"https:\/\/www.youtube.com\/watch?v=n3nn00Y8MBY&#038;_=2\" \/><a href=\"https:\/\/www.youtube.com\/watch?v=n3nn00Y8MBY\">https:\/\/www.youtube.com\/watch?v=n3nn00Y8MBY<\/a><\/video><\/div><\/div><\/div><\/div><div id=\"pg-79-2\"  class=\"panel-grid panel-has-style\" ><div class=\"panel-row-style panel-row-style-for-79-2\" ><div id=\"pgc-79-2-0\"  class=\"panel-grid-cell\" ><div id=\"panel-79-2-0-0\" class=\"so-panel widget widget_sow-image panel-first-child\" data-index=\"3\" ><div\n\t\t\t\n\t\t\tclass=\"so-widget-sow-image so-widget-sow-image-default-8b5b6f678277-79\"\n\t\t\t\n\t\t>\n<div class=\"sow-image-container\">\n\t\t\t<a href=\"https:\/\/sites.usp.br\/gmec\/equipe\/\"\n\t\t\t\t\t>\n\t\t\t<img \n\tsrc=\"https:\/\/sites.usp.br\/gmec\/wp-content\/uploads\/sites\/579\/2019\/08\/foto_gmec.jpg\" width=\"414\" height=\"310\" srcset=\"https:\/\/sites.usp.br\/gmec\/wp-content\/uploads\/sites\/579\/2019\/08\/foto_gmec.jpg 414w, https:\/\/sites.usp.br\/gmec\/wp-content\/uploads\/sites\/579\/2019\/08\/foto_gmec-300x225.jpg 300w, https:\/\/sites.usp.br\/gmec\/wp-content\/uploads\/sites\/579\/2019\/08\/foto_gmec-285x214.jpg 285w, https:\/\/sites.usp.br\/gmec\/wp-content\/uploads\/sites\/579\/2019\/08\/foto_gmec-80x60.jpg 80w, https:\/\/sites.usp.br\/gmec\/wp-content\/uploads\/sites\/579\/2019\/08\/foto_gmec-400x300.jpg 400w\" sizes=\"(max-width: 414px) 100vw, 414px\" alt=\"\" \t\tclass=\"so-widget-image\"\/>\n\t\t\t<\/a><\/div>\n\n<\/div><\/div><div id=\"panel-79-2-0-1\" class=\"so-panel widget widget_sow-editor panel-last-child\" data-index=\"4\" ><div\n\t\t\t\n\t\t\tclass=\"so-widget-sow-editor so-widget-sow-editor-base\"\n\t\t\t\n\t\t><h3 class=\"widget-title\">Equipe<\/h3>\n<div class=\"siteorigin-widget-tinymce textwidget\">\n\t<p>Confira nossa equipe e venha fazer parte. <a href=\"https:\/\/sites.usp.br\/gmec\/equipe\/\">Leia mais<\/a><\/p>\n<\/div>\n<\/div><\/div><\/div><div id=\"pgc-79-2-1\"  class=\"panel-grid-cell\" ><div id=\"panel-79-2-1-0\" class=\"so-panel widget widget_sow-image panel-first-child\" data-index=\"5\" ><div\n\t\t\t\n\t\t\tclass=\"so-widget-sow-image so-widget-sow-image-default-8b5b6f678277-79\"\n\t\t\t\n\t\t>\n<div class=\"sow-image-container\">\n\t\t\t<a href=\"https:\/\/sites.usp.br\/gmec\/projetos\/\"\n\t\t\t\t\t>\n\t\t\t<img \n\tsrc=\"https:\/\/sites.usp.br\/gmec\/wp-content\/uploads\/sites\/579\/2019\/08\/foto_metalica1.jpg\" width=\"415\" height=\"310\" srcset=\"https:\/\/sites.usp.br\/gmec\/wp-content\/uploads\/sites\/579\/2019\/08\/foto_metalica1.jpg 415w, https:\/\/sites.usp.br\/gmec\/wp-content\/uploads\/sites\/579\/2019\/08\/foto_metalica1-300x224.jpg 300w, https:\/\/sites.usp.br\/gmec\/wp-content\/uploads\/sites\/579\/2019\/08\/foto_metalica1-285x214.jpg 285w, https:\/\/sites.usp.br\/gmec\/wp-content\/uploads\/sites\/579\/2019\/08\/foto_metalica1-80x60.jpg 80w, https:\/\/sites.usp.br\/gmec\/wp-content\/uploads\/sites\/579\/2019\/08\/foto_metalica1-400x299.jpg 400w\" sizes=\"(max-width: 415px) 100vw, 415px\" alt=\"\" \t\tclass=\"so-widget-image\"\/>\n\t\t\t<\/a><\/div>\n\n<\/div><\/div><div id=\"panel-79-2-1-1\" class=\"so-panel widget widget_sow-editor panel-last-child\" data-index=\"6\" ><div\n\t\t\t\n\t\t\tclass=\"so-widget-sow-editor so-widget-sow-editor-base\"\n\t\t\t\n\t\t><h3 class=\"widget-title\">Projetos<\/h3>\n<div class=\"siteorigin-widget-tinymce textwidget\">\n\t<p>Conhe\u00e7a nossos projetos e linhas de pesquisa. <span style=\"color: #f39c12;\"><a href=\"https:\/\/sites.usp.br\/gmec\/projetos\/\">Leia mais<\/a><\/span><\/p>\n<\/div>\n<\/div><\/div><\/div><div id=\"pgc-79-2-2\"  class=\"panel-grid-cell\" ><div id=\"panel-79-2-2-0\" class=\"so-panel widget widget_sow-image panel-first-child\" data-index=\"7\" ><div\n\t\t\t\n\t\t\tclass=\"so-widget-sow-image so-widget-sow-image-default-8b5b6f678277-79\"\n\t\t\t\n\t\t>\n<div class=\"sow-image-container\">\n\t\t\t<a href=\"https:\/\/sites.usp.br\/gmec\/publicacoes\/\"\n\t\t\t\t\t>\n\t\t\t<img \n\tsrc=\"https:\/\/sites.usp.br\/gmec\/wp-content\/uploads\/sites\/579\/2019\/08\/alto_ipiranga.jpg\" width=\"414\" height=\"310\" srcset=\"https:\/\/sites.usp.br\/gmec\/wp-content\/uploads\/sites\/579\/2019\/08\/alto_ipiranga.jpg 414w, https:\/\/sites.usp.br\/gmec\/wp-content\/uploads\/sites\/579\/2019\/08\/alto_ipiranga-300x225.jpg 300w, https:\/\/sites.usp.br\/gmec\/wp-content\/uploads\/sites\/579\/2019\/08\/alto_ipiranga-285x214.jpg 285w, https:\/\/sites.usp.br\/gmec\/wp-content\/uploads\/sites\/579\/2019\/08\/alto_ipiranga-80x60.jpg 80w, https:\/\/sites.usp.br\/gmec\/wp-content\/uploads\/sites\/579\/2019\/08\/alto_ipiranga-400x300.jpg 400w\" sizes=\"(max-width: 414px) 100vw, 414px\" alt=\"\" \t\tclass=\"so-widget-image\"\/>\n\t\t\t<\/a><\/div>\n\n<\/div><\/div><div id=\"panel-79-2-2-1\" class=\"so-panel widget widget_sow-editor panel-last-child\" data-index=\"8\" ><div\n\t\t\t\n\t\t\tclass=\"so-widget-sow-editor so-widget-sow-editor-base\"\n\t\t\t\n\t\t><h3 class=\"widget-title\">Publica\u00e7\u00f5es<\/h3>\n<div class=\"siteorigin-widget-tinymce textwidget\">\n\t<p>Veja nossas publica\u00e7\u00f5es. <span style=\"color: #f39c12;\"><a href=\"https:\/\/sites.usp.br\/gmec\/publicacoes\/\">Leia mais<\/a><\/span><\/p>\n<\/div>\n<\/div><\/div><\/div><\/div><\/div><\/div>","protected":false},"excerpt":{"rendered":"<p>Conhe\u00e7a o Laborat\u00f3rio de Ensaios, Inspe\u00e7\u00e3o, Manuten\u00e7\u00e3o, Monitoramento e An\u00e1lise de Obras de Infraestrutura: Quarto Workshop sobre Ensaios n\u00e3o Destrutivos em Estruturas EPUSP Monitoramentohttps:\/\/www.youtube.com\/watch?v=mw0iYV4f5_8Prot\u00f3tipohttps:\/\/www.youtube.com\/watch?v=n3nn00Y8MBY Equipe Confira nossa equipe e venha fazer parte. Leia mais Projetos Conhe\u00e7a nossos projetos e linhas de pesquisa. Leia mais Publica\u00e7\u00f5es Veja nossas publica\u00e7\u00f5es. Leia mais<\/p>\n","protected":false},"author":1,"featured_media":0,"parent":0,"menu_order":0,"comment_status":"closed","ping_status":"closed","template":"template-fullwidth-no-title.php","meta":{"footnotes":"","_links_to":"","_links_to_target":""},"class_list":["post-79","page","type-page","status-publish","hentry"],"_links":{"self":[{"href":"https:\/\/sites.usp.br\/gmec\/wp-json\/wp\/v2\/pages\/79","targetHints":{"allow":["GET"]}}],"collection":[{"href":"https:\/\/sites.usp.br\/gmec\/wp-json\/wp\/v2\/pages"}],"about":[{"href":"https:\/\/sites.usp.br\/gmec\/wp-json\/wp\/v2\/types\/page"}],"author":[{"embeddable":true,"href":"https:\/\/sites.usp.br\/gmec\/wp-json\/wp\/v2\/users\/1"}],"replies":[{"embeddable":true,"href":"https:\/\/sites.usp.br\/gmec\/wp-json\/wp\/v2\/comments?post=79"}],"version-history":[{"count":8,"href":"https:\/\/sites.usp.br\/gmec\/wp-json\/wp\/v2\/pages\/79\/revisions"}],"predecessor-version":[{"id":782,"href":"https:\/\/sites.usp.br\/gmec\/wp-json\/wp\/v2\/pages\/79\/revisions\/782"}],"wp:attachment":[{"href":"https:\/\/sites.usp.br\/gmec\/wp-json\/wp\/v2\/media?parent=79"}],"curies":[{"name":"wp","href":"https:\/\/api.w.org\/{rel}","templated":true}]}}