{"id":288,"date":"2023-08-25T13:07:17","date_gmt":"2023-08-25T15:07:17","guid":{"rendered":"https:\/\/sites.usp.br\/govamb\/?page_id=288"},"modified":"2025-11-25T18:30:08","modified_gmt":"2025-11-25T20:30:08","slug":"revista-dialogos-socioambientais","status":"publish","type":"page","link":"https:\/\/sites.usp.br\/govamb\/publicacoes\/revista-dialogos-socioambientais\/","title":{"rendered":"Di\u00e1logos Socioambientais"},"content":{"rendered":"<h2><strong>Apresenta\u00e7\u00e3o<\/strong><\/h2>\n<div>Esta publica\u00e7\u00e3o \u00e9 uma produ\u00e7\u00e3o do Projeto Tem\u00e1tico FAPESP 2015\/03804-9 &#8220;Governan\u00e7a Ambiental da Macrometropole Paulista face \u00e0 Variabilidade Clim\u00e1tica&#8221;, parte do Programa FAPESP Mudan\u00e7as Clim\u00e1ticas Globais, coordenado pelo professor Pedro Roberto Jacobi (IEA\/IEE\/USP), sediado no Instituto de Energia e Ambiente (IEE), e que reune docentes de diversas unidades da Universidade de S\u00e3o Paulo (IEE, IO, FSP, FEA, IAG, EACH, ECA, IEA), do Instituto Tecnol\u00f3gico da Aeron\u00e1utica (ITA), do Centro Universit\u00e1rio das Faculdades Metropolitanas Unidas (FMU) e dos programas de P\u00f3s Gradua\u00e7\u00e3o em Planejamento e Gest\u00e3o do Territ\u00f3rio (PGT) e de Pol\u00edticas P\u00fablicas (PGPP) da Universidade Federal do ABC (UFABC).<\/div>\n<ul>\n<li>Mais informa\u00e7\u00f5es em: <a href=\"https:\/\/periodicos.ufabc.edu.br\/index.php\/dialogossocioambientais\/issue\/archive\">https:\/\/periodicos.ufabc.edu.br\/index.php\/dialogossocioambientais\/issue\/archive<\/a><\/li>\n<\/ul>\n<div>\n<h2>2025<\/h2>\n<\/div>\n<div>\n<h3><a class=\"title\" href=\"https:\/\/periodicos.ufabc.edu.br\/index.php\/dialogossocioambientais\/issue\/view\/89\">Tarifa Zero<\/a><\/h3>\n<\/div>\n<div><\/div>\n<div><a href=\"https:\/\/sites.usp.br\/govamb\/wp-content\/uploads\/sites\/1284\/2025\/11\/Captura-de-tela-2025-11-25-165536.png\"><img loading=\"lazy\" decoding=\"async\" class=\" wp-image-711 aligncenter\" src=\"https:\/\/sites.usp.br\/govamb\/wp-content\/uploads\/sites\/1284\/2025\/11\/Captura-de-tela-2025-11-25-165536.png\" alt=\"\" width=\"386\" height=\"534\" srcset=\"https:\/\/sites.usp.br\/govamb\/wp-content\/uploads\/sites\/1284\/2025\/11\/Captura-de-tela-2025-11-25-165536.png 652w, https:\/\/sites.usp.br\/govamb\/wp-content\/uploads\/sites\/1284\/2025\/11\/Captura-de-tela-2025-11-25-165536-217x300.png 217w, https:\/\/sites.usp.br\/govamb\/wp-content\/uploads\/sites\/1284\/2025\/11\/Captura-de-tela-2025-11-25-165536-400x554.png 400w\" sizes=\"auto, (max-width: 386px) 100vw, 386px\" \/><\/a><\/div>\n<div>O conjunto de textos que comp\u00f5em esta 23\u00aa edi\u00e7\u00e3o da revista Di\u00e1logos Socioambientais apresenta uma leitura aprofundada e bastante diversa sobre pol\u00edticas p\u00fablicas de Tarifa Zero no transporte p\u00fablico e coletivo. Partindo de diferentes \u00e1reas do conhecimento e envolvendo pessoas de m\u00faltiplas \u00e1reas, o trabalho se prop\u00f5e a apresentar uma leitura interdisciplinar, onde abordagens e metodologias distintas se conectam com o objetivo de melhor compreender efeitos, impactos e desafios relacionados. S\u00e3o artigos escritos por pesquisadoras e pesquisadores que t\u00eam produzido reflex\u00f5es importantes sobre o tema em alguns dos principais n\u00facleos acad\u00eamicos do pa\u00eds.<\/div>\n<h2>2024<\/h2>\n<h3><a class=\"title\" href=\"https:\/\/periodicos.ufabc.edu.br\/index.php\/dialogossocioambientais\/issue\/view\/66\"> Seguran\u00e7a Alimentar <\/a><\/h3>\n<div><img decoding=\"async\" class=\"aligncenter\" src=\"https:\/\/periodicos.ufabc.edu.br\/public\/journals\/6\/cover_issue_66_pt_BR.jpg\" alt=\"\" width=\"30%\" height=\"284\" \/><\/div>\n<div class=\"description\">\n<p>A 18\u00aa edi\u00e7\u00e3o, do s\u00e9timo ano (volume 7), da revista &#8220;Di\u00e1logos Socioambientais&#8221;, convida Jos\u00e9 Raimundo Sousa Ribeiro Junior (Professor Adjunto da Universidade Federal do ABC), para abordar o tema da Seguran\u00e7a Alimentar. Nesta edi\u00e7\u00e3o, se evidencia os dados fornecidos pela Organiza\u00e7\u00e3o das Na\u00e7\u00f5es Unidas para Alimenta\u00e7\u00e3o e Agricultura (FAO), os quais mostram que a produ\u00e7\u00e3o atual de alimentos \u00e9 suficiente para atender \u00e0s necessidades mundiais. No entanto, apesar disso, houve um aumento significativo no n\u00famero de pessoas em situa\u00e7\u00e3o de fome no mundo, evidenciando que a fome \u00e9 um fen\u00f4meno estrutural.<\/p>\n<p>O n\u00famero da revista ocorre ap\u00f3s os momentos mais cr\u00edticos da pandemia de Covid-19, que intensificaram a fome em muitos lugares. Os textos reunidos nesta edi\u00e7\u00e3o proporcionam um debate rico e diversificado sobre a fome e outros problemas relacionados \u00e0 alimenta\u00e7\u00e3o, abordados por diferentes perspectivas te\u00f3ricas e metodol\u00f3gicas.<\/p>\n<\/div>\n<h2>2023<\/h2>\n<h3><a class=\"title\" href=\"https:\/\/periodicos.ufabc.edu.br\/index.php\/dialogossocioambientais\/issue\/view\/60\">Racismo Ambiental <\/a><\/h3>\n<p><img decoding=\"async\" class=\"aligncenter\" src=\"https:\/\/periodicos.ufabc.edu.br\/public\/journals\/6\/cover_issue_60_pt_BR.jpg\" alt=\"\" width=\"30%\" height=\"312\" \/><\/p>\n<hr \/>\n<p>&nbsp;<\/p>\n<h3><a class=\"title\" href=\"https:\/\/periodicos.ufabc.edu.br\/index.php\/dialogossocioambientais\/issue\/view\/57\"> Dimens\u00f5es humanas das Mudan\u00e7as Clim\u00e1ticas: um di\u00e1logo Austr\u00e1lia-Brasil <\/a><\/h3>\n<p><img decoding=\"async\" class=\"aligncenter\" src=\"https:\/\/periodicos.ufabc.edu.br\/public\/journals\/6\/cover_issue_57_pt_BR.jpg\" alt=\"\" width=\"30%\" height=\"316\" \/><\/p>\n<div class=\"description\">\n<p>Este volume apresenta uma contribui\u00e7\u00e3o direta do projeto \u201cCOPPLANNING: planejamento e participa\u00e7\u00e3o com base na comunidade para transi\u00e7\u00e3o com baixas emiss\u00f5es de carbono: um estudo comparativo global Sul-Norte centrado nas comunidades tradicionais e das primeiras na\u00e7\u00f5es\u201d financiado (Processo 2019\/23559-0) pela ag\u00eancia de fomento FAPESP (Funda\u00e7\u00e3o de Amparo \u00e0 Pesquisa do Estado de S\u00e3o Paulo), sob coordena\u00e7\u00e3o da professora Silvia Helena Zanirato, com sede na Escola de Artes, Ci\u00eancias e Humanidades (EACH), da Universidade de S\u00e3o Paulo (USP), e pela professora Kristen Lyons, da University of Queensland, Austr\u00e1lia.<\/p>\n<\/div>\n<h2><strong>2022<\/strong><\/h2>\n<h3><a class=\"title\" href=\"https:\/\/periodicos.ufabc.edu.br\/index.php\/dialogossocioambientais\/issue\/view\/54\">Seguran\u00e7a H\u00eddrica, Emerg\u00eancia Clim\u00e1tica, Governan\u00e7a e Vulnerabilidade Social <\/a><\/h3>\n<p><img decoding=\"async\" class=\"aligncenter\" src=\"https:\/\/periodicos.ufabc.edu.br\/public\/journals\/6\/cover_issue_54_pt_BR.jpg\" alt=\"\" width=\"30%\" height=\"307\" \/><\/p>\n<p>Esta publica\u00e7\u00e3o \u00e9 uma produ\u00e7\u00e3o do Grupo de Acompanhamento e Estudos de Governan\u00e7a Ambiental (GovAmb) sediado no Instituto de Energia e Ambiente (IEE\/USP), e do Laborat\u00f3rio de Planejamento Territorial, sediado na Universidade Federal do ABC. Ela nasceu vinculada ao Projeto Tem\u00e1tico FAPESP 2015\/03804-9 &#8220;Governan\u00e7a Ambiental da Macrometropole Paulista face \u00e0 Variabilidade Clim\u00e1tica -MacroAmb&#8221;, parte do Programa FAPESP Mudan\u00e7as Clim\u00e1ticas Globais, coordenado pelo professor Pedro Roberto Jacobi (IEE\/IEA\/USP), e que re\u00fane docentes de diversas unidades da Universidade de S\u00e3o Paulo, da Universidade Federal do ABC (UFABC), do Instituto Tecnol\u00f3gico da Aeron\u00e1utica (ITA), do Programa de P\u00f3s-Gradua\u00e7\u00e3o em Arquitetura e Urbanismo e de Cursos de Gradua\u00e7\u00e3o na Universidade S\u00e3o Judas Tadeu. Com o t\u00edtulo &#8220;Di\u00e1logos Socioambientais na Macrometr\u00f3pole&#8221; foram publicados 12 n\u00fameros. Agora, ao final do tem\u00e1tico, o projeto editorial se amplia por novos territ\u00f3rios e temas e isso resulta em uma mudan\u00e7a de t\u00edtulo. A partir do n\u00famero 13, a revista passa a se chamar &#8220;Di\u00e1logos Socioambientais&#8221;.<\/p>\n<hr \/>\n<h3><a class=\"title\" href=\"https:\/\/periodicos.ufabc.edu.br\/index.php\/dialogossocioambientais\/issue\/view\/51\">O Oceano e a Sociedade <\/a><\/h3>\n<p><img decoding=\"async\" class=\"aligncenter\" src=\"https:\/\/periodicos.ufabc.edu.br\/public\/journals\/6\/cover_issue_51_pt_BR.jpg\" alt=\"\" width=\"30%\" height=\"319\" \/><\/p>\n<p>O movimento pela Cultura Oce\u00e2nica nos lembra que temos um \u00fanico oceano global, que conecta todas as pessoas e povos, ligando passado, presente e futuro. A dissemina\u00e7\u00e3o da cultura oce\u00e2nica faz parte da agenda global de preocupa\u00e7\u00e3o com o oceano e busca sensibilizar a popula\u00e7\u00e3o mundial para a necessidade de conserva\u00e7\u00e3o, restaura\u00e7\u00e3o e uso sustent\u00e1vel do oceano. A import\u00e2ncia de propagarmos a cultura oce\u00e2nica e de atuarmos em prol do oceano foi refor\u00e7ada com a proposi\u00e7\u00e3o da D\u00e9cada das Na\u00e7\u00f5es Unidas da Ci\u00eancia Oce\u00e2nica para o Desenvolvimento Sustent\u00e1vel (2021 a 2030) pela Organiza\u00e7\u00e3o das Na\u00e7\u00f5es Unidas (ONU), por meio de seu \u00f3rg\u00e3o de Educa\u00e7\u00e3o, Ci\u00eancia e Cultura (UNESCO) em 2017. Conhecida como D\u00e9cada do Oceano, seu objetivo \u00e9 fomentar \u201ca ci\u00eancia que precisamos para o oceano que queremos\u201d por meio da colabora\u00e7\u00e3o entre diversos setores da sociedade, promovendo um movimento que gere mudan\u00e7as estruturais em nossos modos de vida e em nossa rela\u00e7\u00e3o com o oceano, a fim de diminuir nosso impacto sobre ele. Os objetivos, resultados esperados e desafios da D\u00e9cada do Oceano pretendem auxiliar na implementa\u00e7\u00e3o dos Objetivos do Desenvolvimento Sustent\u00e1vel (ODS), da Agenda 2030, especialmente o ODS 14: \u201cVida na \u00c1gua\u201d, que visa \u201cConservar e promover o uso sustent\u00e1vel dos oceanos, dos mares e dos recursos marinhos para o desenvolvimento sustent\u00e1vel\u201d, com metas relacionadas \u00e0 despolui\u00e7\u00e3o marinha, \u00e0 restaura\u00e7\u00e3o de ecossistemas, ao combate \u00e0 acidifica\u00e7\u00e3o do oceano e \u00e0 promo\u00e7\u00e3o da pesca sustent\u00e1vel.<\/p>\n<hr \/>\n<h3><a class=\"title\" href=\"https:\/\/periodicos.ufabc.edu.br\/index.php\/dialogossocioambientais\/issue\/view\/49\">Transformando la Gobernanza del Agua en Am\u00e9rica del Sur <\/a><\/h3>\n<p><img decoding=\"async\" class=\"aligncenter\" src=\"https:\/\/periodicos.ufabc.edu.br\/public\/journals\/6\/cover_issue_49_pt_BR.jpg\" alt=\"\" width=\"30%\" height=\"330\" \/><\/p>\n<div class=\"description\">\n<p>Esta edi\u00e7\u00e3o \u00e9 uma parceria da revista com o projeto GovernAgua. O projeto GovernAgua visa analisar as crises como oportunidades de mudan\u00e7a e transforma\u00e7\u00e3o para melhorar a gest\u00e3o e governa\u00e7\u00e3o da \u00e1gua, e ajudar diferentes grupos, indiv\u00edduos e institui\u00e7\u00f5es a estarem mais bem preparados para poss\u00edveis crises.<\/p>\n<p>Foi uma proposta de investiga\u00e7\u00e3o inovadora, tanto devido \u00e0s quest\u00f5es que procura responder como porque se concentra numa regi\u00e3o que est\u00e1 sub-representada em estudos comparativos de governa\u00e7\u00e3o da \u00e1gua. Al\u00e9m disso, combina metodologicamente abordagens de governa\u00e7\u00e3o adaptativas e antecipat\u00f3rias, adequadas para lidar com a incerteza e complexidade das bacias hidrogr\u00e1ficas. O projeto visa refor\u00e7ar as capacidades de antecipa\u00e7\u00e3o dos diferentes intervenientes na bacia (por exemplo, institui\u00e7\u00f5es governamentais, organiza\u00e7\u00f5es da sociedade civil, produtores, etc.).<\/p>\n<\/div>\n<h2>2021<\/h2>\n<h3><a class=\"title\" href=\"https:\/\/periodicos.ufabc.edu.br\/index.php\/dialogossocioambientais\/issue\/view\/41\">K\u00e1tia Canil e o seu legado <\/a><\/h3>\n<p>&nbsp;<\/p>\n<p><img decoding=\"async\" class=\"aligncenter\" src=\"https:\/\/periodicos.ufabc.edu.br\/public\/journals\/6\/cover_issue_41_pt_BR.png\" alt=\"\" width=\"30%\" height=\"294\" \/><\/p>\n<hr \/>\n<p><a class=\"title\" href=\"https:\/\/periodicos.ufabc.edu.br\/index.php\/dialogossocioambientais\/issue\/view\/38\">Eventos Clim\u00e1ticos Extremos: Conscientiza\u00e7\u00e3o, Impactos e Atores Sociais <\/a><\/p>\n<p><a class=\"cover\" href=\"https:\/\/periodicos.ufabc.edu.br\/index.php\/dialogossocioambientais\/issue\/view\/38\"><img decoding=\"async\" class=\"aligncenter\" src=\"https:\/\/periodicos.ufabc.edu.br\/public\/journals\/6\/cover_issue_38_pt_BR.jpg\" alt=\"\" width=\"30%\" height=\"303\" \/><\/a><\/p>\n<hr \/>\n<h3>Nexos: para a sustentabilidade<\/h3>\n<p><img decoding=\"async\" class=\"aligncenter\" src=\"https:\/\/periodicos.ufabc.edu.br\/public\/journals\/6\/cover_issue_35_pt_BR.jpg\" alt=\"\" width=\"30%\" height=\"318\" \/><\/p>\n<h3><\/h3>\n<p>\u00c9 com satisfa\u00e7\u00e3o que anunciamos o lan\u00e7amento de mais um n\u00famero da revista de divulga\u00e7\u00e3o cient\u00edfica Di\u00e1logos Socioambientais na Macrometr\u00f3pole Paulista em parceria com o Professor Leandro Giatti (FSP\/USP), como editor convidado.<br \/>\nCom o tema Nexo: para a sustentabilidade, esta edi\u00e7\u00e3o apresenta \u201cdiversos saberes e potencialidades que contribuem com dilemas e perspectivas associadas ao nexo \u00e1gua-energia-alimentos, contribuindo para quest\u00f5es contempor\u00e2neas e para a busca do desenvolvimento sustent\u00e1vel.\u201d<br \/>\nO lan\u00e7amento ser\u00e1 nesta sexta-feira, dia 30\/04\/2021 \u00e0s 17h30, com transmiss\u00e3o ao vivo pelo Youtube Macroamb.<\/p>\n<h2>2020<\/h2>\n<h3><a class=\"title\" href=\"https:\/\/periodicos.ufabc.edu.br\/index.php\/dialogossocioambientais\/issue\/view\/32\">Territ\u00f3rios da Energia <\/a><\/h3>\n<p><img decoding=\"async\" class=\"aligncenter\" src=\"https:\/\/periodicos.ufabc.edu.br\/public\/journals\/6\/cover_issue_32_pt_BR.jpg\" alt=\"\" width=\"30%\" height=\"311\" \/><\/p>\n<hr \/>\n<h3><a class=\"title\" href=\"https:\/\/periodicos.ufabc.edu.br\/index.php\/dialogossocioambientais\/issue\/view\/29\">Riscos e Desastres: compartilhando responsabilidades <\/a><\/h3>\n<p><img decoding=\"async\" class=\"aligncenter\" src=\"https:\/\/periodicos.ufabc.edu.br\/public\/journals\/6\/cover_issue_29_pt_BR.jpg\" alt=\"\" width=\"30%\" height=\"312\" \/><\/p>\n<p>A publica\u00e7\u00e3o Di\u00e1logos Socioambientais traz nessa edi\u00e7\u00e3o o tema Riscos e Desastres: compartilhando responsabilidades, com artigos e uma entrevista que abordam conceitos, experi\u00eancias, boas pr\u00e1ticas, e a\u00e7\u00f5es participativas a partir de olhares das \u00e1reas das geoci\u00eancias, engenharia, direito, ci\u00eancias sociais, educa\u00e7\u00e3o, comunica\u00e7\u00e3o, mudan\u00e7as clim\u00e1ticas; e planejamento e gest\u00e3o. Os autores representam institui\u00e7\u00f5es de ensino, pesquisa, \u00f3rg\u00e3os p\u00fablicos federal, estadual e municipal que exercem um di\u00e1logo interdisciplinar, multiescalar e interinstitucional, o que evidencia que o tema riscos \u00e9 transversal e de interesse de toda sociedade.<\/p>\n<hr \/>\n<h3><a class=\"title\" href=\"https:\/\/periodicos.ufabc.edu.br\/index.php\/dialogossocioambientais\/issue\/view\/26\">Servi\u00e7os Ecossist\u00eamicos na Macrometr\u00f3pole Paulista <\/a><\/h3>\n<p><a class=\"cover\" href=\"https:\/\/periodicos.ufabc.edu.br\/index.php\/dialogossocioambientais\/issue\/view\/26\"><img decoding=\"async\" class=\"aligncenter\" src=\"https:\/\/periodicos.ufabc.edu.br\/public\/journals\/6\/cover_issue_26_pt_BR.png\" alt=\"\" width=\"30%\" height=\"350\" \/><\/a><\/p>\n<hr \/>\n<h3><a class=\"title\" href=\"https:\/\/periodicos.ufabc.edu.br\/index.php\/dialogossocioambientais\/issue\/view\/20\">[Dossi\u00ea: COVID-19] <\/a><\/h3>\n<p><img decoding=\"async\" class=\"aligncenter\" src=\"https:\/\/periodicos.ufabc.edu.br\/public\/journals\/6\/cover_issue_20_pt_BR.png\" alt=\"\" width=\"30%\" height=\"324\" \/><\/p>\n<h2>2019<\/h2>\n<h3><a class=\"title\" href=\"https:\/\/periodicos.ufabc.edu.br\/index.php\/dialogossocioambientais\/issue\/view\/25\">Os desafios do planejamento na diversidade: a Regi\u00e3o Metropolitana do Vale do Para\u00edba e Litoral Norte <\/a><\/h3>\n<p><img decoding=\"async\" class=\"aligncenter\" src=\"https:\/\/periodicos.ufabc.edu.br\/public\/journals\/6\/cover_issue_25_pt_BR.png\" alt=\"\" width=\"30%\" height=\"424\" \/><\/p>\n<hr \/>\n<h3><a class=\"title\" href=\"https:\/\/periodicos.ufabc.edu.br\/index.php\/dialogossocioambientais\/issue\/view\/24\">Planejamento territorial na Macrometr\u00f3pole: entre atores e instrumentos <\/a><\/h3>\n<p><img decoding=\"async\" class=\"aligncenter\" src=\"https:\/\/periodicos.ufabc.edu.br\/public\/journals\/6\/cover_issue_24_pt_BR.png\" alt=\"\" width=\"30%\" height=\"402\" \/><\/p>\n<hr \/>\n<h3><a class=\"title\" href=\"https:\/\/periodicos.ufabc.edu.br\/index.php\/dialogossocioambientais\/issue\/view\/23\">Barragens e Minera\u00e7\u00e3o na Macrometropole: impactos dos desastres de Mariana e Brumadinho <\/a><\/h3>\n<p><img decoding=\"async\" class=\"aligncenter\" src=\"https:\/\/periodicos.ufabc.edu.br\/public\/journals\/6\/cover_issue_23_pt_BR.png\" alt=\"\" width=\"30%\" height=\"430\" \/><\/p>\n<hr \/>\n<h3><a class=\"title\" href=\"https:\/\/periodicos.ufabc.edu.br\/index.php\/dialogossocioambientais\/issue\/view\/22\">Transformando rela\u00e7\u00f5es entre sociedade e res\u00edduos <\/a><\/h3>\n<p><a class=\"cover\" href=\"https:\/\/periodicos.ufabc.edu.br\/index.php\/dialogossocioambientais\/issue\/view\/22\"><img decoding=\"async\" class=\"aligncenter\" src=\"https:\/\/periodicos.ufabc.edu.br\/public\/journals\/6\/cover_issue_22_pt_BR.png\" alt=\"\" width=\"30%\" height=\"406\" \/><\/a><\/p>\n<hr \/>\n<h3><a class=\"title\" href=\"https:\/\/periodicos.ufabc.edu.br\/index.php\/dialogossocioambientais\/issue\/view\/21\">Revelando a Macrometr\u00f3pole Paulista <\/a><\/h3>\n<p><a class=\"cover\" href=\"https:\/\/periodicos.ufabc.edu.br\/index.php\/dialogossocioambientais\/issue\/view\/21\"><img decoding=\"async\" class=\"aligncenter\" src=\"https:\/\/periodicos.ufabc.edu.br\/public\/journals\/6\/cover_issue_21_pt_BR.png\" alt=\"\" width=\"30%\" height=\"319\" \/><\/a><\/p>\n<div><\/div>\n<div><\/div>\n<div>\n<div><strong>Periodicidade<\/strong>:\u00a0trimestral<\/div>\n<\/div>\n","protected":false},"excerpt":{"rendered":"<p>Apresenta\u00e7\u00e3o Esta publica\u00e7\u00e3o \u00e9 uma produ\u00e7\u00e3o do Projeto Tem\u00e1tico FAPESP 2015\/03804-9 &#8220;Governan\u00e7a Ambiental da Macrometropole Paulista face \u00e0 Variabilidade Clim\u00e1tica&#8221;,&#46;&#46;&#46;<\/p>\n","protected":false},"author":23646,"featured_media":0,"parent":151,"menu_order":0,"comment_status":"closed","ping_status":"closed","template":"","meta":{"footnotes":"","_links_to":"","_links_to_target":""},"class_list":["post-288","page","type-page","status-publish","hentry"],"_links":{"self":[{"href":"https:\/\/sites.usp.br\/govamb\/wp-json\/wp\/v2\/pages\/288","targetHints":{"allow":["GET"]}}],"collection":[{"href":"https:\/\/sites.usp.br\/govamb\/wp-json\/wp\/v2\/pages"}],"about":[{"href":"https:\/\/sites.usp.br\/govamb\/wp-json\/wp\/v2\/types\/page"}],"author":[{"embeddable":true,"href":"https:\/\/sites.usp.br\/govamb\/wp-json\/wp\/v2\/users\/23646"}],"replies":[{"embeddable":true,"href":"https:\/\/sites.usp.br\/govamb\/wp-json\/wp\/v2\/comments?post=288"}],"version-history":[{"count":5,"href":"https:\/\/sites.usp.br\/govamb\/wp-json\/wp\/v2\/pages\/288\/revisions"}],"predecessor-version":[{"id":712,"href":"https:\/\/sites.usp.br\/govamb\/wp-json\/wp\/v2\/pages\/288\/revisions\/712"}],"up":[{"embeddable":true,"href":"https:\/\/sites.usp.br\/govamb\/wp-json\/wp\/v2\/pages\/151"}],"wp:attachment":[{"href":"https:\/\/sites.usp.br\/govamb\/wp-json\/wp\/v2\/media?parent=288"}],"curies":[{"name":"wp","href":"https:\/\/api.w.org\/{rel}","templated":true}]}}