{"id":435,"date":"2024-06-05T18:19:03","date_gmt":"2024-06-05T20:19:03","guid":{"rendered":"https:\/\/sites.usp.br\/govamb\/?page_id=435"},"modified":"2024-06-05T20:06:48","modified_gmt":"2024-06-05T22:06:48","slug":"nexo","status":"publish","type":"page","link":"https:\/\/sites.usp.br\/govamb\/nexo\/","title":{"rendered":"Nexo"},"content":{"rendered":"<p>O GovAmb \u00e9 parceiro do <a href=\"https:\/\/pp.nexojornal.com.br\/parceiros\/govamb-macroamb-fapesp\"><strong>Nexo Jornal<\/strong><\/a>:<\/p>\n<h2><a href=\"https:\/\/pp.nexojornal.com.br\/parceiros\/govamb-macroamb-fapesp\"><img loading=\"lazy\" decoding=\"async\" class=\"aligncenter\" src=\"https:\/\/midia-cdn.nexojornal.com.br\/wp-content\/uploads\/images\/2024\/04\/nexopp_og-image_GovAmb-640x399.png\" width=\"305\" height=\"190\" \/><\/a><\/h2>\n<h2>2024<\/h2>\n<p>&#8211; 24\/05\/2024 &#8211; <a href=\"https:\/\/pp.nexojornal.com.br\/opiniao\/2024\/05\/24\/o-verbo-cuidar-esta-em-crise\">O verbo \u2018cuidar\u2019 est\u00e1 em crise<\/a><\/p>\n<p>&#8211; 26\/04\/2024 &#8211; <a href=\"https:\/\/pp.nexojornal.com.br\/opiniao\/2024\/04\/26\/o-papel-das-eleicoes-municipais-e-do-controle-social-no-enfrentamento-da-crise-climatica\">O papel das elei\u00e7\u00f5es municipais e do controle social no enfrentamento da crise clim\u00e1tica<\/a><\/p>\n<h2>2023<\/h2>\n<p>&#8211; 20\/12\/2023 &#8211; <a href=\"https:\/\/pp.nexojornal.com.br\/opiniao\/2023\/12\/20\/tres-visoes-sobre-a-transicao-energetica-rapidez-lentidao-e-adicao-2\">Tr\u00eas vis\u00f5es sobre a transi\u00e7\u00e3o energ\u00e9tica: rapidez, lentid\u00e3o e adi\u00e7\u00e3o<\/a><\/p>\n<p>&#8211; 08\/11\/2023 &#8211; <a href=\"https:\/\/www.nexojornal.com.br\/expresso\/2023\/11\/08\/quais-sao-as-mudancas-transformativas-necessarias-no-brasil\">Quais s\u00e3o as mudan\u00e7as transformativas necess\u00e1rias no Brasil<\/a><\/p>\n<p>&#8211; 25\/08\/2023 &#8211; <a href=\"https:\/\/pp.nexojornal.com.br\/opiniao\/2023\/08\/25\/nem-canalizacao-nem-piscinao-por-uma-nova-abordagem-para-as-aguas-paulistanas\">Nem canaliza\u00e7\u00e3o, nem piscin\u00e3o! Por uma nova abordagem para as \u00e1guas paulistanas<\/a><\/p>\n<p>&#8211; 16\/08\/2023 &#8211;<a href=\"https:\/\/pp.nexojornal.com.br\/opiniao\/2023\/08\/16\/inseguranca-hidrica-urbana-e-periurbana-desafios-e-caminhos-de-reflexao-e-acao\"> Inseguran\u00e7a h\u00eddrica urbana e periurbana: desafios e caminhos de reflex\u00e3o e a\u00e7\u00e3o<\/a><\/p>\n<p>&#8211; 01\/08\/2023 &#8211;<a href=\"https:\/\/pp.nexojornal.com.br\/opiniao\/2023\/eventos-extremos-a-quem-clamar\"> Eventos extremos: a quem clamar?<\/a><\/p>\n<p>&#8211; 20\/06\/2023 &#8211; <a href=\"https:\/\/pp.nexojornal.com.br\/opiniao\/2023\/06\/20\/o-papel-da-participacao-social-para-a-construcao-de-politicas-publicas-mais-eficientes-da-periferia-para-o-centro\">O papel da participa\u00e7\u00e3o social para a constru\u00e7\u00e3o de pol\u00edticas p\u00fablicas mais eficientes: da periferia para o centro<\/a><\/p>\n<p>&#8211; 14\/04\/2023 &#8211; <a href=\"https:\/\/pp.nexojornal.com.br\/opiniao\/2023\/04\/14\/na-onu-agua-tem-destaque-em-conferencia-ignorada-no-brasil\">Na ONU, \u00e1gua tem destaque em confer\u00eancia ignorada no Brasil<\/a><\/p>\n<p>&#8211; 16\/03\/2023 &#8211; <a href=\"https:\/\/pp.nexojornal.com.br\/opiniao\/2023\/03\/16\/o-papel-das-instituicoes-na-construcao-da-resiliencia-para-prevencao-e-enfrentamento-de-desastres-naturais\">O papel das institui\u00e7\u00f5es na constru\u00e7\u00e3o da resili\u00eancia para preven\u00e7\u00e3o e enfrentamento de desastres naturais<\/a><\/p>\n<p>&#8211; 07\/03\/2023 &#8211; <a href=\"https:\/\/pp.nexojornal.com.br\/opiniao\/2023\/03\/07\/pobreza-energetica-os-desafios-da-inclusao-social-e-igualdade-de-genero\">Pobreza energ\u00e9tica: os desafios da inclus\u00e3o social e igualdade de g\u00eanero<\/a><\/p>\n<p>&#8211; 17\/02\/2023 &#8211; <a href=\"https:\/\/pp.nexojornal.com.br\/topico\/2023\/02\/17\/pesquisadores-analisam-vulnerabilidades-do-estado-de-sao-paulo-causadas-pelas-mudancas-climaticas\">Pesquisadores analisam vulnerabilidades do estado de S\u00e3o Paulo causadas pelas mudan\u00e7as clim\u00e1ticas<\/a><\/p>\n<p>&#8211; 13\/02\/2023 &#8211; <a href=\"https:\/\/pp.nexojornal.com.br\/opiniao\/2023\/02\/13\/justica-climatica-no-brasil-a-importancia-de-falar-o-obvio-e-a-retomada-da-forca-ancestral\">Justi\u00e7a clim\u00e1tica no Brasil: a import\u00e2ncia de falar o \u00f3bvio e a retomada da for\u00e7a ancestral<\/a><\/p>\n<h2>2022<\/h2>\n<p>&#8211; 26\/08\/2022 &#8211; <a href=\"https:\/\/pp.nexojornal.com.br\/opiniao\/2022\/08\/26\/a-crise-planetaria-invade-a-nossa-vida-urbana\">A crise planet\u00e1ria invade a nossa vida urbana<\/a><\/p>\n<p>&#8211; 29\/07\/2022 &#8211; <a href=\"https:\/\/pp.nexojornal.com.br\/opiniao\/2022\/07\/29\/sera-preciso-reconstruir-a-politica-ambiental-em-novas-bases\">Ser\u00e1 preciso reconstruir a pol\u00edtica ambiental em novas bases<\/a><\/p>\n<h2>2021<\/h2>\n<p>&#8211; 01\/12\/2021 &#8211; <a href=\"https:\/\/pp.nexojornal.com.br\/opiniao\/2021\/12\/01\/sustentabilidade-e-instituicoes-desafios-aos-pactos-civilizatorios\">Sustentabilidade e institui\u00e7\u00f5es: desafios aos pactos civilizat\u00f3rios<\/a><\/p>\n<p>&#8211; 18\/10\/2021 &#8211; Pergunte a um pesquisador: <a href=\"https:\/\/pp.nexojornal.com.br\/pergunte-a-um-pesquisador\/2021\/10\/18\/pedro-torres-justica-climatica\">Pedro Torres: justi\u00e7a clim\u00e1tica<\/a><\/p>\n<p>&#8211; 18\/10\/2021 &#8211; <a href=\"https:\/\/pp.nexojornal.com.br\/bibliografia-basica\/2021\/10\/18\/as-vulnerabilidades-de-pequenas-cidades-frente-as-mudancas-climaticas\">As vulnerabilidades de pequenas cidades frente \u00e0s mudan\u00e7as clim\u00e1ticas<\/a><\/p>\n<p class=\"font-sentinel text-[#888888] text-xs lg:text-sm mt-1\">&#8211; 18\/10\/2021 &#8211; <a href=\"https:\/\/pp.nexojornal.com.br\/opiniao\/2021\/10\/18\/desafios-conceituais-de-um-projeto-interdisciplinar-sobre-governanca-ambiental-face-as-mudancas-climaticas\">Desafios conceituais de um projeto interdisciplinar sobre governan\u00e7a ambiental face \u00e0s mudan\u00e7as clim\u00e1ticas<\/a><\/p>\n","protected":false},"excerpt":{"rendered":"<p>O GovAmb \u00e9 parceiro do Nexo Jornal: 2024 &#8211; 24\/05\/2024 &#8211; O verbo \u2018cuidar\u2019 est\u00e1 em crise &#8211; 26\/04\/2024 &#8211;&#46;&#46;&#46;<\/p>\n","protected":false},"author":23646,"featured_media":0,"parent":0,"menu_order":0,"comment_status":"closed","ping_status":"closed","template":"","meta":{"footnotes":"","_links_to":"","_links_to_target":""},"class_list":["post-435","page","type-page","status-publish","hentry"],"_links":{"self":[{"href":"https:\/\/sites.usp.br\/govamb\/wp-json\/wp\/v2\/pages\/435","targetHints":{"allow":["GET"]}}],"collection":[{"href":"https:\/\/sites.usp.br\/govamb\/wp-json\/wp\/v2\/pages"}],"about":[{"href":"https:\/\/sites.usp.br\/govamb\/wp-json\/wp\/v2\/types\/page"}],"author":[{"embeddable":true,"href":"https:\/\/sites.usp.br\/govamb\/wp-json\/wp\/v2\/users\/23646"}],"replies":[{"embeddable":true,"href":"https:\/\/sites.usp.br\/govamb\/wp-json\/wp\/v2\/comments?post=435"}],"version-history":[{"count":5,"href":"https:\/\/sites.usp.br\/govamb\/wp-json\/wp\/v2\/pages\/435\/revisions"}],"predecessor-version":[{"id":460,"href":"https:\/\/sites.usp.br\/govamb\/wp-json\/wp\/v2\/pages\/435\/revisions\/460"}],"wp:attachment":[{"href":"https:\/\/sites.usp.br\/govamb\/wp-json\/wp\/v2\/media?parent=435"}],"curies":[{"name":"wp","href":"https:\/\/api.w.org\/{rel}","templated":true}]}}