{"id":62,"date":"2014-02-12T11:28:30","date_gmt":"2014-02-12T13:28:30","guid":{"rendered":"http:\/\/sites.usp.br\/govamb\/?page_id=62"},"modified":"2024-01-25T12:52:45","modified_gmt":"2024-01-25T14:52:45","slug":"pagina-1","status":"publish","type":"page","link":"https:\/\/sites.usp.br\/govamb\/pagina-1\/","title":{"rendered":"Apresenta\u00e7\u00e3o"},"content":{"rendered":"<p>Grupo de Acompanhamento e Estudos em Governan\u00e7a Ambiental<br \/>\nO Grupo de Acompanhamento e Estudos em Governan\u00e7a Ambiental &#8211; GovAmb &#8211; \u00e9 composto por docentes, pesquisadores e alunos de p\u00f3s-gradua\u00e7\u00e3o do PROCAM\/IEE\/USP, outras unidades da USP (EACH, FSP, IG, IO EP) e de outras universidaes paulistas (UFABC, UNIFESP).<\/p>\n<p>Aborda diferentes aspectos de governan\u00e7a ambiental, entendendo esta como a din\u00e2mica que media as rela\u00e7\u00f5es entre Estado e Sociedade Civil, enquanto espa\u00e7o de constru\u00e7\u00e3o de alian\u00e7as e coopera\u00e7\u00e3o, mas tamb\u00e9m permeada por conflitos que decorrem das assimetrias sociais e seus impactos no meio ambiente e das formas de resis\u00eancia, organiza\u00e7\u00e3o e participa\u00e7\u00e3o dos diversos atores envolvidos, em escala local e global.<\/p>\n<p>Diversas tem\u00e1ticas articuladas comp\u00f5em o escopo deste coletivo de pesquisadores: Gest\u00e3o Compartilhada de Recursos H\u00eddricos no Brasil; Aprendizagem Social na Gest\u00e3o da \u00c1gua; Valora\u00e7\u00e3o de Servi\u00e7os Ecossist\u00eamicos; Ecossistemas e Gerenciamento Costeiro; Planejamento Ambiental e Gerenciamento de Risco nas Ind\u00fastrias Extrativas; Gest\u00e3o Concertada de Recursos Naturais; Geopol\u00edtica do Meio Ambiente; Mudan\u00e7a Clim\u00e1tica e Instrumentos de Governan\u00e7a Ambiental; Educa\u00e7\u00e3o e Mudan\u00e7as Clim\u00e1ticas.<\/p>\n<p><strong>Coordenador:<\/strong> Prof. Dr. Pedro Roberto Jacobi<\/p>\n<p><strong>Vice-Coordenador:<\/strong> Prof. Dr. Paulo de Almeida Sinisgalli<\/p>\n","protected":false},"excerpt":{"rendered":"<p>Grupo de Acompanhamento e Estudos em Governan\u00e7a Ambiental O Grupo de Acompanhamento e Estudos em Governan\u00e7a Ambiental &#8211; GovAmb &#8211;&#46;&#46;&#46;<\/p>\n","protected":false},"author":1,"featured_media":0,"parent":0,"menu_order":2,"comment_status":"closed","ping_status":"closed","template":"","meta":{"footnotes":"","_links_to":"","_links_to_target":""},"class_list":["post-62","page","type-page","status-publish","hentry"],"_links":{"self":[{"href":"https:\/\/sites.usp.br\/govamb\/wp-json\/wp\/v2\/pages\/62","targetHints":{"allow":["GET"]}}],"collection":[{"href":"https:\/\/sites.usp.br\/govamb\/wp-json\/wp\/v2\/pages"}],"about":[{"href":"https:\/\/sites.usp.br\/govamb\/wp-json\/wp\/v2\/types\/page"}],"author":[{"embeddable":true,"href":"https:\/\/sites.usp.br\/govamb\/wp-json\/wp\/v2\/users\/1"}],"replies":[{"embeddable":true,"href":"https:\/\/sites.usp.br\/govamb\/wp-json\/wp\/v2\/comments?post=62"}],"version-history":[{"count":4,"href":"https:\/\/sites.usp.br\/govamb\/wp-json\/wp\/v2\/pages\/62\/revisions"}],"predecessor-version":[{"id":344,"href":"https:\/\/sites.usp.br\/govamb\/wp-json\/wp\/v2\/pages\/62\/revisions\/344"}],"wp:attachment":[{"href":"https:\/\/sites.usp.br\/govamb\/wp-json\/wp\/v2\/media?parent=62"}],"curies":[{"name":"wp","href":"https:\/\/api.w.org\/{rel}","templated":true}]}}