{"id":741,"date":"2015-09-14T10:31:34","date_gmt":"2015-09-14T13:31:34","guid":{"rendered":"http:\/\/sites.usp.br\/gpp\/?page_id=741"},"modified":"2025-08-05T11:48:13","modified_gmt":"2025-08-05T14:48:13","slug":"home","status":"publish","type":"page","link":"https:\/\/sites.usp.br\/gpp\/","title":{"rendered":"Gest\u00e3o de Pol\u00edticas P\u00fablicas"},"content":{"rendered":"<p>O <strong>Bacharelado em Gest\u00e3o de Pol\u00edticas P\u00fablicas (GPP)<\/strong> foi criado em 2005, a partir da inaugura\u00e7\u00e3o da Escola de Artes, Ci\u00eancias e Humanidades (EACH), oferecendo 60 vagas no per\u00edodo matutino e 60 vagas no per\u00edodo noturno.<\/p>\n<p>O objeto do curso \u00e9 o estudo das pol\u00edticas p\u00fablicas, tanto sob enfoque geral quanto em termos de an\u00e1lises setoriais, especialmente no que tange \u00e0 intera\u00e7\u00e3o entre diferentes \u00e1reas do conhecimento para a constru\u00e7\u00e3o de uma nova forma de abordagem da formula\u00e7\u00e3o, implementa\u00e7\u00e3o e avalia\u00e7\u00e3o de pol\u00edticas p\u00fablicas no pa\u00eds.<\/p>\n<p>O curso de GPP foi uma inova\u00e7\u00e3o dentro da universidade brasileira, uma vez que este foi o primeiro curso de gradua\u00e7\u00e3o a contar com tal denomina\u00e7\u00e3o dentro da universidade brasileira. Movimento que na atualidade vemos como correto, dado na atualidade j\u00e1 haver mais de uma dezena de cursos de gradua\u00e7\u00e3o com tal denomina\u00e7\u00e3o em diversas IES p\u00fablicas e privadas no Brasil.<\/p>\n<p><img loading=\"lazy\" decoding=\"async\" class=\"alignnone\" src=\"https:\/\/sites.usp.br\/gpp\/wp-content\/uploads\/sites\/783\/2020\/08\/each_campus-1.jpg\" alt=\"\" width=\"1024\" height=\"678\" \/><\/p>\n","protected":false},"excerpt":{"rendered":"<p>O Bacharelado em Gest\u00e3o de Pol\u00edticas P\u00fablicas (GPP) foi criado em 2005, a partir da inaugura\u00e7\u00e3o da Escola de Artes, Ci\u00eancias e Humanidades (EACH), oferecendo 60 vagas no per\u00edodo matutino e 60 vagas no per\u00edodo noturno. O objeto do curso \u00e9 o estudo das pol\u00edticas p\u00fablicas, tanto sob enfoque geral quanto em termos de an\u00e1lises setoriais, especialmente no que tange \u00e0 intera\u00e7\u00e3o entre diferentes \u00e1reas do conhecimento para a constru\u00e7\u00e3o de uma nova forma de abordagem da formula\u00e7\u00e3o, implementa\u00e7\u00e3o e avalia\u00e7\u00e3o de pol\u00edticas p\u00fablicas no pa\u00eds. O curso de GPP foi uma inova\u00e7\u00e3o dentro da universidade brasileira, uma vez que este foi o primeiro curso de gradua\u00e7\u00e3o a contar com tal denomina\u00e7\u00e3o dentro da universidade brasileira. Movimento que na atualidade vemos como correto, dado na atualidade j\u00e1 haver mais de uma dezena de cursos de gradua\u00e7\u00e3o com tal denomina\u00e7\u00e3o em diversas IES p\u00fablicas e privadas no Brasil.<\/p>\n","protected":false},"author":1,"featured_media":0,"parent":0,"menu_order":0,"comment_status":"closed","ping_status":"closed","template":"","meta":{"footnotes":"","_links_to":"","_links_to_target":""},"class_list":["post-741","page","type-page","status-publish","hentry"],"_links":{"self":[{"href":"https:\/\/sites.usp.br\/gpp\/wp-json\/wp\/v2\/pages\/741","targetHints":{"allow":["GET"]}}],"collection":[{"href":"https:\/\/sites.usp.br\/gpp\/wp-json\/wp\/v2\/pages"}],"about":[{"href":"https:\/\/sites.usp.br\/gpp\/wp-json\/wp\/v2\/types\/page"}],"author":[{"embeddable":true,"href":"https:\/\/sites.usp.br\/gpp\/wp-json\/wp\/v2\/users\/1"}],"replies":[{"embeddable":true,"href":"https:\/\/sites.usp.br\/gpp\/wp-json\/wp\/v2\/comments?post=741"}],"version-history":[{"count":4,"href":"https:\/\/sites.usp.br\/gpp\/wp-json\/wp\/v2\/pages\/741\/revisions"}],"predecessor-version":[{"id":1676,"href":"https:\/\/sites.usp.br\/gpp\/wp-json\/wp\/v2\/pages\/741\/revisions\/1676"}],"wp:attachment":[{"href":"https:\/\/sites.usp.br\/gpp\/wp-json\/wp\/v2\/media?parent=741"}],"curies":[{"name":"wp","href":"https:\/\/api.w.org\/{rel}","templated":true}]}}