{"id":907,"date":"2020-08-09T20:12:23","date_gmt":"2020-08-09T23:12:23","guid":{"rendered":"https:\/\/sites.usp.br\/gpp\/?page_id=907"},"modified":"2020-08-18T17:39:06","modified_gmt":"2020-08-18T20:39:06","slug":"ensino","status":"publish","type":"page","link":"https:\/\/sites.usp.br\/gpp\/ensino\/","title":{"rendered":"Est\u00e1gio"},"content":{"rendered":"<p><strong>1. Informa\u00e7\u00f5es<\/strong><\/p>\n<p>Oportunidades de est\u00e1gio curricular (obrigat\u00f3rio) e extra-curricular\u00a0(n\u00e3o-obrigat\u00f3rio)\u00a0para os graduandos em Gest\u00e3o de Pol\u00edticas P\u00fablicas s\u00e3o ofertadas por organiza\u00e7\u00f5es p\u00fablicas, do terceiro setor e da iniciativa privada, e os processos s\u00e3o formalizados pela Se\u00e7\u00e3o de Est\u00e1gios da EACH-USP com a an\u00e1lise da Supervis\u00e3o de Est\u00e1gio do Curso.\u00a0Os est\u00e1gios, tanto os obrigat\u00f3rios como os n\u00e3o obrigat\u00f3rios, s\u00e3o regulamentadas pela Lei Federal 11788\/08 e pela Resolu\u00e7\u00e3o USP n\u00b0 5528\/09, al\u00e9m do regimento do bacharelado de GPP.\u00a0O est\u00e1gio obrigat\u00f3rio\u00a0exige 240 horas, correspondendo a 8 cr\u00e9ditos-trabalho, e requer que o aluno esteja matriculado na disciplina, ofertada semestralmente e \u00e0 disposi\u00e7\u00e3o de todos os alunos a partir do segundo ano. O aluno pode cumpri-lo em qualquer semestre a partir do terceiro semestre do curso.\u00a0O est\u00e1gio n\u00e3o-obrigat\u00f3rio, por sua vez, requer a formaliza\u00e7\u00e3o e a aprova\u00e7\u00e3o do plano de est\u00e1gio pela Se\u00e7\u00e3o de Est\u00e1gio e supervisor do curso e pode ser realizado em qualquer per\u00edodo do curso.<\/p>\n<p><strong>2. Regulamento de Est\u00e1gio<\/strong><\/p>\n<p>O regulamento de est\u00e1gio do Curso de Gest\u00e3o de Pol\u00edticas P\u00fablicas pode ser acessado neste\u00a0<a href=\"https:\/\/drive.google.com\/file\/d\/1K9Dm-g10GuhFlas5_rsVmqvuAEfFe6_N\/view?usp=sharing\">link.<\/a><\/p>\n<p><strong>3. Mercado de Trabalho para Estudantes (est\u00e1gio) e Egressos de GPP (oportunidades profissionais)<\/strong><\/p>\n<ul>\n<li><strong><u><a href=\"http:\/\/www.cartilha.vertuno.com.br\/\">http:\/\/www.cartilha.vertuno.com.br\/<\/a><\/u><\/strong><\/li>\n<li>Mat\u00e9ria jornal da USP (2017)\u00a0 &#8211;\u00a0\u00a0<a href=\"https:\/\/jornal.usp.br\/universidade\/estude-na-usp\/cursos-da-usp-as-20-faces-da-gestao-de-politicas-publicas\/\">https:\/\/jornal.usp.br\/universidade\/estude-na-usp\/cursos-da-usp-as-20-faces-da-gestao-de-politicas-publicas\/<\/a><\/li>\n<\/ul>\n<p><strong>4. Informa\u00e7\u00f5es Adicionais<\/strong><\/p>\n<p>Neste <a href=\"https:\/\/drive.google.com\/file\/d\/1aSYwrUsbalVKfTl9EGRNo5deBgjWOEhC\/view?usp=sharing\">link<\/a>\u00a0voc\u00ea consegue ter uma vis\u00e3o geral sobre algumas organiza\u00e7\u00f5es que j\u00e1 tiveram estagi\u00e1rios de GPP nos \u00faltimos anos.<\/p>\n<p>&nbsp;<\/p>\n<p>&nbsp;<\/p>\n<p>&nbsp;<\/p>\n","protected":false},"excerpt":{"rendered":"<p>1. Informa\u00e7\u00f5es Oportunidades de est\u00e1gio curricular (obrigat\u00f3rio) e extra-curricular\u00a0(n\u00e3o-obrigat\u00f3rio)\u00a0para os graduandos em Gest\u00e3o de Pol\u00edticas P\u00fablicas s\u00e3o ofertadas por organiza\u00e7\u00f5es p\u00fablicas, do terceiro setor e da iniciativa privada, e os processos s\u00e3o formalizados pela Se\u00e7\u00e3o de Est\u00e1gios da EACH-USP com a an\u00e1lise da Supervis\u00e3o de Est\u00e1gio do Curso.\u00a0Os est\u00e1gios, tanto os obrigat\u00f3rios como os n\u00e3o obrigat\u00f3rios, s\u00e3o regulamentadas pela Lei Federal 11788\/08 e pela Resolu\u00e7\u00e3o USP n\u00b0 5528\/09, al\u00e9m do regimento do bacharelado de GPP.\u00a0O est\u00e1gio obrigat\u00f3rio\u00a0exige 240 horas, correspondendo a 8 cr\u00e9ditos-trabalho, e requer que o aluno esteja matriculado na disciplina, ofertada semestralmente e \u00e0 disposi\u00e7\u00e3o de todos os alunos a partir do segundo ano. O aluno pode cumpri-lo em qualquer semestre a partir do terceiro semestre do curso.\u00a0O est\u00e1gio n\u00e3o-obrigat\u00f3rio, por sua vez, requer a formaliza\u00e7\u00e3o e a aprova\u00e7\u00e3o do plano de est\u00e1gio pela Se\u00e7\u00e3o de Est\u00e1gio e supervisor do curso e pode ser realizado em qualquer per\u00edodo do curso. 2. Regulamento de Est\u00e1gio O regulamento de est\u00e1gio do Curso de Gest\u00e3o de Pol\u00edticas P\u00fablicas pode ser acessado neste\u00a0link. 3. Mercado de Trabalho para Estudantes (est\u00e1gio) e Egressos de GPP (oportunidades profissionais) http:\/\/www.cartilha.vertuno.com.br\/ Mat\u00e9ria jornal da USP (2017)\u00a0 &#8211;\u00a0\u00a0https:\/\/jornal.usp.br\/universidade\/estude-na-usp\/cursos-da-usp-as-20-faces-da-gestao-de-politicas-publicas\/ 4. Informa\u00e7\u00f5es Adicionais Neste link\u00a0voc\u00ea consegue ter uma vis\u00e3o [&#8230;]<\/p>\n","protected":false},"author":22000,"featured_media":0,"parent":0,"menu_order":0,"comment_status":"closed","ping_status":"closed","template":"","meta":{"footnotes":"","_links_to":"","_links_to_target":""},"class_list":["post-907","page","type-page","status-publish","hentry"],"_links":{"self":[{"href":"https:\/\/sites.usp.br\/gpp\/wp-json\/wp\/v2\/pages\/907","targetHints":{"allow":["GET"]}}],"collection":[{"href":"https:\/\/sites.usp.br\/gpp\/wp-json\/wp\/v2\/pages"}],"about":[{"href":"https:\/\/sites.usp.br\/gpp\/wp-json\/wp\/v2\/types\/page"}],"author":[{"embeddable":true,"href":"https:\/\/sites.usp.br\/gpp\/wp-json\/wp\/v2\/users\/22000"}],"replies":[{"embeddable":true,"href":"https:\/\/sites.usp.br\/gpp\/wp-json\/wp\/v2\/comments?post=907"}],"version-history":[{"count":4,"href":"https:\/\/sites.usp.br\/gpp\/wp-json\/wp\/v2\/pages\/907\/revisions"}],"predecessor-version":[{"id":1121,"href":"https:\/\/sites.usp.br\/gpp\/wp-json\/wp\/v2\/pages\/907\/revisions\/1121"}],"wp:attachment":[{"href":"https:\/\/sites.usp.br\/gpp\/wp-json\/wp\/v2\/media?parent=907"}],"curies":[{"name":"wp","href":"https:\/\/api.w.org\/{rel}","templated":true}]}}