{"id":254,"date":"2022-01-29T10:06:25","date_gmt":"2022-01-29T13:06:25","guid":{"rendered":"https:\/\/sites.usp.br\/greco\/?page_id=254"},"modified":"2022-02-27T16:52:52","modified_gmt":"2022-02-27T19:52:52","slug":"cesar-villavicencio","status":"publish","type":"page","link":"https:\/\/sites.usp.br\/greco\/cesar-villavicencio\/","title":{"rendered":"Cesar Villavicencio"},"content":{"rendered":"<p><img decoding=\"async\" class=\"wp-image-128 alignleft\" src=\"https:\/\/sites.usp.br\/greco\/wp-content\/uploads\/sites\/964\/2022\/01\/Cesar-236x300.png\" alt=\"\" width=\"161\" height=\"204\" srcset=\"https:\/\/sites.usp.br\/greco\/wp-content\/uploads\/sites\/964\/2022\/01\/Cesar-236x300.png 236w, https:\/\/sites.usp.br\/greco\/wp-content\/uploads\/sites\/964\/2022\/01\/Cesar-806x1024.png 806w, https:\/\/sites.usp.br\/greco\/wp-content\/uploads\/sites\/964\/2022\/01\/Cesar-768x976.png 768w, https:\/\/sites.usp.br\/greco\/wp-content\/uploads\/sites\/964\/2022\/01\/Cesar-1209x1536.png 1209w, https:\/\/sites.usp.br\/greco\/wp-content\/uploads\/sites\/964\/2022\/01\/Cesar-1612x2048.png 1612w, https:\/\/sites.usp.br\/greco\/wp-content\/uploads\/sites\/964\/2022\/01\/Cesar.png 1632w\" sizes=\"(max-width: 161px) 100vw, 161px\" \/><\/p>\n<p>Coordenador do GReCo. Pesquisador e int\u00e9rprete da m\u00fasica antiga, m\u00fasica contempor\u00e2nea e improvisador, possui doutorado em M\u00fasica pela University of East Anglia (2008), Inglaterra. Em 1998 recebeu o Diploma de Solista pelo Conservat\u00f3rio Real de Haia, Holanda. Concluiu pesquisa de p\u00f3s-doutorado no Departamento de M\u00fasica da ECA\/USP (Fapesp, 2012). Foi professor convidado no Conservat\u00f3rio Real de Haia (2001-2004). Realiza p\u00f3s-doutorado na Universidade Federal de Uberl\u00e2ndia (CNPq, 2020). Em 2009 gravou junto de Ricardo Kanji um CD com duos de flauta doce. Participou de concertos e grava\u00e7\u00f5es integrando a <em>Amsterdam Baroque Orchestra<\/em> sob a dire\u00e7\u00e3o de Ton Koopman. Como pesquisador, orienta projetos e apresenta trabalhos em congressos de refer\u00eancia no mundo e em diversas universidades dos Estados Unidos e do Brasil.<\/p>\n<p><em>Researcher and interpreter of early music, contemporary music and improviser, he has a PhD in Music from the University of East Anglia (2008), England. In 1998 he received the Soloist Diploma from the Royal Conservatory in The Hague, Netherlands. He completed postdoctoral research at the Department of Music at ECA\/USP (Fapesp, 2012). He was a visiting professor at the Royal Conservatory in The Hague (2001-2004). He is a postdoctoral fellow at the Federal University of Uberl\u00e2ndia (CNPq, 2020). In 2009 he recorded with Ricardo Kanji a CD with recorder duos. He participated in concerts and recordings as part of the Amsterdam Baroque Orchestra under the direction of Ton Koopman. As a researcher, he guides projects and presents papers at leading conferences around the world and at several universities in the United States and Brazil.<\/em><\/p>\n","protected":false},"excerpt":{"rendered":"<p>Coordenador do GReCo. Pesquisador e int\u00e9rprete da m\u00fasica antiga, m\u00fasica contempor\u00e2nea e improvisador, possui doutorado em M\u00fasica pela University of East Anglia (2008), Inglaterra. Em 1998 recebeu o Diploma de Solista pelo Conservat\u00f3rio Real de Haia, Holanda. Concluiu pesquisa de p\u00f3s-doutorado no Departamento de M\u00fasica da ECA\/USP (Fapesp, 2012). Foi professor convidado no Conservat\u00f3rio Real de Haia (2001-2004). Realiza p\u00f3s-doutorado na Universidade Federal de Uberl\u00e2ndia (CNPq, 2020). Em 2009 gravou junto de Ricardo Kanji um CD com duos de flauta doce. Participou de concertos e grava\u00e7\u00f5es integrando a Amsterdam Baroque Orchestra sob a dire\u00e7\u00e3o de Ton Koopman. Como pesquisador, orienta projetos e apresenta trabalhos em congressos de refer\u00eancia no mundo e em diversas universidades dos Estados Unidos e do Brasil. Researcher and interpreter of early music, contemporary music and improviser, he has a PhD in Music from the University of East Anglia (2008), England. In 1998 he received the Soloist Diploma from the Royal Conservatory in The Hague, Netherlands. He completed postdoctoral research at the Department of Music at ECA\/USP (Fapesp, 2012). He was a visiting professor at the Royal Conservatory in The Hague (2001-2004). He is a postdoctoral fellow at the Federal University of Uberl\u00e2ndia (CNPq, 2020). In 2009 [&#8230;]<\/p>\n","protected":false},"author":22449,"featured_media":0,"parent":0,"menu_order":0,"comment_status":"closed","ping_status":"closed","template":"","meta":{"footnotes":"","_links_to":"","_links_to_target":""},"class_list":["post-254","page","type-page","status-publish","hentry"],"_links":{"self":[{"href":"https:\/\/sites.usp.br\/greco\/wp-json\/wp\/v2\/pages\/254","targetHints":{"allow":["GET"]}}],"collection":[{"href":"https:\/\/sites.usp.br\/greco\/wp-json\/wp\/v2\/pages"}],"about":[{"href":"https:\/\/sites.usp.br\/greco\/wp-json\/wp\/v2\/types\/page"}],"author":[{"embeddable":true,"href":"https:\/\/sites.usp.br\/greco\/wp-json\/wp\/v2\/users\/22449"}],"replies":[{"embeddable":true,"href":"https:\/\/sites.usp.br\/greco\/wp-json\/wp\/v2\/comments?post=254"}],"version-history":[{"count":4,"href":"https:\/\/sites.usp.br\/greco\/wp-json\/wp\/v2\/pages\/254\/revisions"}],"predecessor-version":[{"id":335,"href":"https:\/\/sites.usp.br\/greco\/wp-json\/wp\/v2\/pages\/254\/revisions\/335"}],"wp:attachment":[{"href":"https:\/\/sites.usp.br\/greco\/wp-json\/wp\/v2\/media?parent=254"}],"curies":[{"name":"wp","href":"https:\/\/api.w.org\/{rel}","templated":true}]}}