{"id":81,"date":"2021-07-18T12:24:40","date_gmt":"2021-07-18T15:24:40","guid":{"rendered":"https:\/\/sites.usp.br\/grepel\/?page_id=81"},"modified":"2021-11-28T14:38:22","modified_gmt":"2021-11-28T17:38:22","slug":"disortografia","status":"publish","type":"page","link":"https:\/\/sites.usp.br\/grepel\/disortografia\/","title":{"rendered":"Disortografia"},"content":{"rendered":"\t\t<div data-elementor-type=\"wp-page\" data-elementor-id=\"81\" class=\"elementor elementor-81\" data-elementor-post-type=\"page\">\n\t\t\t\t\t\t<section class=\"elementor-section elementor-top-section elementor-element elementor-element-1792150 elementor-section-boxed elementor-section-height-default elementor-section-height-default\" data-id=\"1792150\" data-element_type=\"section\">\n\t\t\t\t\t\t<div class=\"elementor-container elementor-column-gap-default\">\n\t\t\t\t\t<div class=\"elementor-column elementor-col-100 elementor-top-column elementor-element elementor-element-0b91473\" data-id=\"0b91473\" data-element_type=\"column\">\n\t\t\t<div class=\"elementor-widget-wrap\">\n\t\t\t\t\t\t\t<\/div>\n\t\t<\/div>\n\t\t\t\t\t<\/div>\n\t\t<\/section>\n\t\t\t\t<section class=\"elementor-section elementor-top-section elementor-element elementor-element-d54649a elementor-section-boxed elementor-section-height-default elementor-section-height-default\" data-id=\"d54649a\" data-element_type=\"section\" data-settings=\"{&quot;background_background&quot;:&quot;classic&quot;}\">\n\t\t\t\t\t\t\t<div class=\"elementor-background-overlay\"><\/div>\n\t\t\t\t\t\t\t<div class=\"elementor-container elementor-column-gap-default\">\n\t\t\t\t\t<div class=\"elementor-column elementor-col-100 elementor-top-column elementor-element elementor-element-2f24928\" data-id=\"2f24928\" data-element_type=\"column\">\n\t\t\t<div class=\"elementor-widget-wrap elementor-element-populated\">\n\t\t\t\t\t\t<div class=\"elementor-element elementor-element-e48d983 elementor-widget elementor-widget-heading\" data-id=\"e48d983\" data-element_type=\"widget\" data-widget_type=\"heading.default\">\n\t\t\t\t<div class=\"elementor-widget-container\">\n\t\t\t<h2 class=\"elementor-heading-title elementor-size-default\">Disortografia<\/h2>\t\t<\/div>\n\t\t\t\t<\/div>\n\t\t\t\t<div class=\"elementor-element elementor-element-1c0935a elementor-widget elementor-widget-text-editor\" data-id=\"1c0935a\" data-element_type=\"widget\" data-widget_type=\"text-editor.default\">\n\t\t\t\t<div class=\"elementor-widget-container\">\n\t\t\t\t\t\t\t<p>\u00a0<span style=\"color: var( --e-global-color-text );\">O Transtorno espec\u00edfico da aprendizagem com preju\u00edzo na escrita, tamb\u00e9m conhecido por disortografia, \u00e9 caracterizado por comprometimentos relacionados a ortografia, gram\u00e1tica e reda\u00e7\u00e3o, mesmo que o indiv\u00edduo possua capacidade intelectual.<\/span><span style=\"color: var( --e-global-color-text );\">\u00a0 <\/span><span style=\"color: var( --e-global-color-text );\">Dessa forma, indiv\u00edduos, com dificuldades para aprendizagem neste campo, provavelmente s\u00e3o alunos que ter\u00e3o limita\u00e7\u00f5es ou comprometimentos na aprendizagem no ensino fundamental.<\/span><\/p><p class=\"MsoNormal\">\u00a0<\/p>\t\t\t\t\t\t<\/div>\n\t\t\t\t<\/div>\n\t\t\t\t<div class=\"elementor-element elementor-element-d1ed802 elementor-absolute elementor-widget-divider--separator-type-pattern elementor-widget-divider--view-line elementor-widget elementor-widget-divider\" data-id=\"d1ed802\" data-element_type=\"widget\" data-settings=\"{&quot;_position&quot;:&quot;absolute&quot;}\" data-widget_type=\"divider.default\">\n\t\t\t\t<div class=\"elementor-widget-container\">\n\t\t\t\t\t<div class=\"elementor-divider\" style=\"--divider-pattern-url: url(&quot;data:image\/svg+xml,%3Csvg xmlns=&#039;http:\/\/www.w3.org\/2000\/svg&#039; preserveAspectRatio=&#039;none&#039; overflow=&#039;visible&#039; height=&#039;100%&#039; viewBox=&#039;0 0 24 24&#039; fill=&#039;none&#039; stroke=&#039;black&#039; stroke-width=&#039;0.5&#039; stroke-linecap=&#039;square&#039; stroke-miterlimit=&#039;10&#039;%3E%3Cpath d=&#039;M0,21c3.3,0,8.3-0.9,15.7-7.1c6.6-5.4,4.4-9.3,2.4-10.3c-3.4-1.8-7.7,1.3-7.3,8.8C11.2,20,17.1,21,24,21&#039;\/%3E%3C\/svg%3E&quot;);\">\n\t\t\t<span class=\"elementor-divider-separator\">\n\t\t\t\t\t\t<\/span>\n\t\t<\/div>\n\t\t\t\t<\/div>\n\t\t\t\t<\/div>\n\t\t\t\t\t<\/div>\n\t\t<\/div>\n\t\t\t\t\t<\/div>\n\t\t<\/section>\n\t\t\t\t<section class=\"elementor-section elementor-top-section elementor-element elementor-element-de5a934 elementor-section-height-min-height elementor-section-boxed elementor-section-height-default elementor-section-items-middle elementor-invisible\" data-id=\"de5a934\" data-element_type=\"section\" data-settings=\"{&quot;background_background&quot;:&quot;classic&quot;,&quot;animation&quot;:&quot;fadeInUp&quot;}\">\n\t\t\t\t\t\t<div class=\"elementor-container elementor-column-gap-default\">\n\t\t\t\t\t<div class=\"elementor-column elementor-col-100 elementor-top-column elementor-element elementor-element-b5d3155\" data-id=\"b5d3155\" data-element_type=\"column\" data-settings=\"{&quot;background_background&quot;:&quot;classic&quot;}\">\n\t\t\t<div class=\"elementor-widget-wrap elementor-element-populated\">\n\t\t\t\t\t\t<div class=\"elementor-element elementor-element-82d9f9d elementor-widget elementor-widget-heading\" data-id=\"82d9f9d\" data-element_type=\"widget\" data-widget_type=\"heading.default\">\n\t\t\t\t<div class=\"elementor-widget-container\">\n\t\t\t<h2 class=\"elementor-heading-title elementor-size-default\">Como \u00e9 caracterizada a disortografia? <\/h2>\t\t<\/div>\n\t\t\t\t<\/div>\n\t\t\t\t<div class=\"elementor-element elementor-element-8f5446e elementor-widget elementor-widget-heading\" data-id=\"8f5446e\" data-element_type=\"widget\" data-widget_type=\"heading.default\">\n\t\t\t\t<div class=\"elementor-widget-container\">\n\t\t\t<h2 class=\"elementor-heading-title elementor-size-default\"><h2 class=\"elementor-heading-title elementor-size-default elementor-inline-editing pen\" data-elementor-setting-key=\"title\" data-pen-placeholder=\"Digite aqui...\" style=\"font-style: normal\">A  disortografia \u00e9 caracterizada pela dificuldade de fixa\u00e7\u00e3o da regras ortogr\u00e1ficas, apresentando frequentemente substitui\u00e7\u00e3o, omiss\u00e3o, invers\u00e3o de grafemas, altera\u00e7\u00e3o na segmenta\u00e7\u00e3o de palavras, persist\u00eancia do apoio da oralidade na escrita e dificuldade na produ\u00e7\u00e3o de textos.\n<\/h2><span style=\"font-family: Montserrat, sans-serif;font-style: normal;font-weight: 400\">Essa escrita incorreta vem acompanhada de erros e substitui\u00e7\u00f5es de grafemas que est\u00e3o associados a altera\u00e7\u00f5es no mecanismo de convers\u00e3o letra-som, podendo interferir nas fun\u00e7\u00f5es auditivas superiores e nas habilidades lingu\u00edstico-perceptivas.<\/span><\/h2>\t\t<\/div>\n\t\t\t\t<\/div>\n\t\t\t\t\t<\/div>\n\t\t<\/div>\n\t\t\t\t\t<\/div>\n\t\t<\/section>\n\t\t\t\t<section class=\"elementor-section elementor-top-section elementor-element elementor-element-fc3fbfb elementor-section-boxed elementor-section-height-default elementor-section-height-default\" data-id=\"fc3fbfb\" data-element_type=\"section\">\n\t\t\t\t\t\t\t<div class=\"elementor-background-overlay\"><\/div>\n\t\t\t\t\t\t\t<div class=\"elementor-container elementor-column-gap-default\">\n\t\t\t\t\t<div class=\"elementor-column elementor-col-100 elementor-top-column elementor-element elementor-element-2b15921\" data-id=\"2b15921\" data-element_type=\"column\">\n\t\t\t<div class=\"elementor-widget-wrap elementor-element-populated\">\n\t\t\t\t\t\t<div class=\"elementor-element elementor-element-7a897f5 elementor-widget elementor-widget-text-editor\" data-id=\"7a897f5\" data-element_type=\"widget\" data-widget_type=\"text-editor.default\">\n\t\t\t\t<div class=\"elementor-widget-container\">\n\t\t\t\t\t\t\t<p style=\"margin: 0cm 0cm 11.25pt; background-image: initial; background-position: initial; background-size: initial; background-repeat: initial; background-attachment: initial; background-origin: initial; background-clip: initial;\">\u00a0 \u00a0 \u00a0 \u00a0 \u00a0 \u00a0 \u00a0 \u00a0 Segundo Hudson, 2019 , podem ser encontrados os seguintes erros:\u00a0<\/p><p style=\"margin: 0cm 0cm 11.25pt; background-image: initial; background-position: initial; background-size: initial; background-repeat: initial; background-attachment: initial; background-origin: initial; background-clip: initial;\">\u00a0 \u00a0 \u00a0 \u00a0 \u00a0 \u00a0 \u00a0 &#8220;Erros de car\u00e1ter lingu\u00edstico-perceptivo &#8211; omiss\u00f5es,\u00a0 adi\u00e7\u00f5es e invers\u00f5es de letras, de\u00a0 \u00a0 \u00a0 \u00a0 \u00a0 \u00a0 \u00a0 \u00a0 \u00a0 \u00a0 \u00a0 \u00a0 \u00a0 \u00a0 \u00a0 \u00a0 \u00a0 \u00a0 \u00a0 \u00a0 \u00a0 \u00a0 \u00a0 \u00a0 \u00a0 \u00a0 \u00a0 \u00a0 \u00a0 \u00a0 \u00a0 \u00a0 \u00a0 \u00a0 \u00a0 \u00a0 s\u00edlabas ou de palavras; &#8211; troca de s\u00edmbolos lingu\u00edsticos que se parecem sonoramente (\u201cfaca\u201d\/\u201cvaca\u201d).<\/p><p style=\"margin: 0cm 0cm 11.25pt; background-image: initial; background-position: initial; background-size: initial; background-repeat: initial; background-attachment: initial; background-origin: initial; background-clip: initial;\">\u00a0 \u00a0 \u00a0 \u00a0 \u00a0 \u00a0 \u00a0 \u00a0Erros de car\u00e1ter visoespacial &#8211; substitui letras que se diferenciam pela sua posi\u00e7\u00e3o no espa\u00e7o (\u201cb\u201d\/\u201cd\u201d); &#8211;\u00a0 \u00a0 \u00a0 \u00a0 \u00a0 \u00a0 \u00a0 \u00a0 \u00a0 \u00a0 \u00a0 \u00a0 \u00a0 \u00a0 \u00a0 \u00a0 \u00a0confunde-se com fonemas que apresentam dupla grafia (\u201cch\u201d\/\u201cx\u201d); &#8211; omite a letra \u201ch\u201d, por n\u00e3o ter\u00a0 \u00a0 \u00a0 \u00a0 \u00a0 \u00a0 \u00a0 \u00a0 \u00a0 \u00a0 \u00a0 \u00a0 \u00a0 \u00a0 \u00a0 \u00a0 \u00a0 \u00a0 \u00a0 \u00a0 \u00a0 \u00a0 \u00a0 \u00a0 \u00a0 \u00a0 \u00a0correspond\u00eancia fon\u00eamica. \u00a8<\/p><p style=\"margin: 0cm 0cm 11.25pt; background-image: initial; background-position: initial; background-size: initial; background-repeat: initial; background-attachment: initial; background-origin: initial; background-clip: initial;\">\u00a0 \u00a0 \u00a0 \u00a0 \u00a0 \u00a0 Erros de car\u00e1ter visoanal\u00edtico &#8211; n\u00e3o faz s\u00ednteses e\/ou associa\u00e7\u00f5es entre fonemas e grafemas, trocando\u00a0 \u00a0 \u00a0 \u00a0 \u00a0 \u00a0 \u00a0 \u00a0 \u00a0 \u00a0 \u00a0 \u00a0 \u00a0 \u00a0 \u00a0 \u00a0 \u00a0 \u00a0 \u00a0 letras sem qualquer sentido.<\/p><p style=\"margin: 0cm 0cm 11.25pt; background-image: initial; background-position: initial; background-size: initial; background-repeat: initial; background-attachment: initial; background-origin: initial; background-clip: initial;\">\u00a0 \u00a0 \u00a0 \u00a0 \u00a0 \u00a0 Erros relativos ao conte\u00fado &#8211; n\u00e3o separa sequ\u00eancias gr\u00e1ficas pertencentes a uma dada sucess\u00e3o f\u00f3nica,\u00a0 \u00a0 \u00a0 \u00a0 \u00a0 \u00a0 \u00a0 \u00a0 \u00a0 \u00a0 \u00a0 \u00a0 \u00a0 \u00a0 \u00a0 \u00a0 ou seja, une palavras (\u201cocarro\u201d em vez de \u201co carro\u201d), junta s\u00edlabas pertencentes a duas palavras (\u201cnodiaseguinte\u201d)\u00a0 \u00a0 \u00a0 \u00a0 \u00a0 \u00a0 \u00a0 \u00a0 \u00a0 \u00a0 \u00a0 \u00a0 \u00a0ou separa palavras incorretamente.<\/p><p><span style=\"color: var( --e-global-color-text );\">\u00a0 \u00a0 \u00a0 \u00a0 \u00a0 \u00a0 \u00a0Erros referentes \u00e0s regras de ortografia &#8211; n\u00e3o coloca \u201cm\u201d antes de \u201cb\u201d ou \u201cp\u201d; &#8211; ignora as regras de pontua\u00e7\u00e3o;\u00a0 \u00a0 \u00a0 \u00a0 \u00a0 \u00a0 \u00a0 \u00a0 \u00a0 \u00a0 \u00a0 \u00a0 \u00a0esquece-se de iniciar as frases com letra mai\u00fascula; &#8211; desconhece a forma correta de separa\u00e7\u00e3o das palavras, a\u00a0 \u00a0 \u00a0 \u00a0 \u00a0 \u00a0 \u00a0 \u00a0 \u00a0 \u00a0 \u00a0 \u00a0 \u00a0 mudan\u00e7a de linha, a sua divis\u00e3o sil\u00e1bica, a utiliza\u00e7\u00e3o do h\u00edfen.<\/span>&#8221;\u00a0 \u00a0<\/p>\t\t\t\t\t\t<\/div>\n\t\t\t\t<\/div>\n\t\t\t\t\t<\/div>\n\t\t<\/div>\n\t\t\t\t\t<\/div>\n\t\t<\/section>\n\t\t\t\t<section class=\"elementor-section elementor-top-section elementor-element elementor-element-83f1b49 elementor-section-full_width elementor-section-height-min-height elementor-section-height-default elementor-section-items-middle\" data-id=\"83f1b49\" data-element_type=\"section\">\n\t\t\t\t\t\t<div class=\"elementor-container elementor-column-gap-default\">\n\t\t\t\t\t<div class=\"elementor-column elementor-col-100 elementor-top-column elementor-element elementor-element-2fab5d5\" data-id=\"2fab5d5\" data-element_type=\"column\">\n\t\t\t<div class=\"elementor-widget-wrap elementor-element-populated\">\n\t\t\t\t\t\t<section class=\"elementor-section elementor-inner-section elementor-element elementor-element-49f085d elementor-section-boxed elementor-section-height-default elementor-section-height-default\" data-id=\"49f085d\" data-element_type=\"section\">\n\t\t\t\t\t\t<div class=\"elementor-container elementor-column-gap-default\">\n\t\t\t\t\t<div class=\"elementor-column elementor-col-100 elementor-inner-column elementor-element elementor-element-16e9fba\" data-id=\"16e9fba\" data-element_type=\"column\" data-settings=\"{&quot;background_background&quot;:&quot;classic&quot;}\">\n\t\t\t<div class=\"elementor-widget-wrap elementor-element-populated\">\n\t\t\t\t\t\t<div class=\"elementor-element elementor-element-ecb9fec elementor-widget elementor-widget-text-editor\" data-id=\"ecb9fec\" data-element_type=\"widget\" data-widget_type=\"text-editor.default\">\n\t\t\t\t<div class=\"elementor-widget-container\">\n\t\t\t\t\t\t\t<p>Existe associa\u00e7\u00e3o entre a dificuldade de leitura e de escrita?<\/p>\t\t\t\t\t\t<\/div>\n\t\t\t\t<\/div>\n\t\t\t\t<div class=\"elementor-element elementor-element-7560de3 elementor-view-default elementor-position-top elementor-mobile-position-top elementor-widget elementor-widget-icon-box\" data-id=\"7560de3\" data-element_type=\"widget\" data-widget_type=\"icon-box.default\">\n\t\t\t\t<div class=\"elementor-widget-container\">\n\t\t\t\t\t<div class=\"elementor-icon-box-wrapper\">\n\n\t\t\t\t\t\t<div class=\"elementor-icon-box-icon\">\n\t\t\t\t<span  class=\"elementor-icon elementor-animation-\">\n\t\t\t\t<i aria-hidden=\"true\" class=\"fas fa-user-edit\"><\/i>\t\t\t\t<\/span>\n\t\t\t<\/div>\n\t\t\t\n\t\t\t\n\t\t<\/div>\n\t\t\t\t<\/div>\n\t\t\t\t<\/div>\n\t\t\t\t<div class=\"elementor-element elementor-element-a62b4a3 elementor-widget elementor-widget-text-editor\" data-id=\"a62b4a3\" data-element_type=\"widget\" data-widget_type=\"text-editor.default\">\n\t\t\t\t<div class=\"elementor-widget-container\">\n\t\t\t\t\t\t\t<p>Geralmente, encontram-se maiores dificuldades na escrita do que na leitura, uma vez que esta j\u00e1 proporciona o modelo gr\u00e1fico pronto, exigindo apenas a decodifica\u00e7\u00e3o.<br><span style=\"font-family: Montserrat, sans-serif; font-style: normal; font-weight: 400;\">J\u00e1 a escrita, exige que o modelo gr\u00e1fico seja constru\u00eddo internamente no processador ortogr\u00e1fico, de forma que possa ser resgatado pela mem\u00f3ria e reproduzido. Esta \u00e9 uma das possibilidades&nbsp; que associam aquelas crian\u00e7as com dificuldades de aprendizagem na leitura e na escrita inicialmente, tornam-se alunos com maiores dificuldades na escrita posteriormente.&nbsp;<\/span><br><\/p>\t\t\t\t\t\t<\/div>\n\t\t\t\t<\/div>\n\t\t\t\t\t<\/div>\n\t\t<\/div>\n\t\t\t\t\t<\/div>\n\t\t<\/section>\n\t\t\t\t\t<\/div>\n\t\t<\/div>\n\t\t\t\t\t<\/div>\n\t\t<\/section>\n\t\t\t\t<section class=\"elementor-section elementor-top-section elementor-element elementor-element-d2397da elementor-section-boxed elementor-section-height-default elementor-section-height-default\" data-id=\"d2397da\" data-element_type=\"section\">\n\t\t\t\t\t\t<div class=\"elementor-container elementor-column-gap-default\">\n\t\t\t\t\t<div class=\"elementor-column elementor-col-50 elementor-top-column elementor-element elementor-element-2586c56\" data-id=\"2586c56\" data-element_type=\"column\">\n\t\t\t<div class=\"elementor-widget-wrap elementor-element-populated\">\n\t\t\t\t\t\t<div class=\"elementor-element elementor-element-fc1a048 elementor-widget elementor-widget-text-editor\" data-id=\"fc1a048\" data-element_type=\"widget\" data-widget_type=\"text-editor.default\">\n\t\t\t\t<div class=\"elementor-widget-container\">\n\t\t\t\t\t\t\t<p>A interven\u00e7\u00e3o junto de alunos com disortografia deve utilizar amplas t\u00e9cnicas, que n\u00e3o sejam relacionadas apenas a corre\u00e7\u00f5es ortogr\u00e1ficas, mas sim uma percep\u00e7\u00e3o auditiva, visuo-espacial e mem\u00f3ria auditiva e visual.<\/p><p>Ou seja, as interven\u00e7\u00f5es al\u00e9m de multiprofissionais, associando o trabalho do Fonoaudi\u00f3logo e professores, devem intervir em duas vertentes: as ocorr\u00eancias associadas a disortografia e os erros ortogr\u00e1ficos propriamente ditos.<\/p>\t\t\t\t\t\t<\/div>\n\t\t\t\t<\/div>\n\t\t\t\t\t<\/div>\n\t\t<\/div>\n\t\t\t\t<div class=\"elementor-column elementor-col-50 elementor-top-column elementor-element elementor-element-ebe3ec3\" data-id=\"ebe3ec3\" data-element_type=\"column\">\n\t\t\t<div class=\"elementor-widget-wrap elementor-element-populated\">\n\t\t\t\t\t\t<div class=\"elementor-element elementor-element-eb92584 elementor-widget elementor-widget-image\" data-id=\"eb92584\" data-element_type=\"widget\" data-widget_type=\"image.default\">\n\t\t\t\t<div class=\"elementor-widget-container\">\n\t\t\t\t\t\t\t\t\t\t\t\t\t<img fetchpriority=\"high\" decoding=\"async\" width=\"300\" height=\"300\" src=\"https:\/\/sites.usp.br\/grepel\/wp-content\/uploads\/sites\/940\/2021\/11\/Design-sem-nome-11-300x300.png\" class=\"attachment-medium size-medium wp-image-1057\" alt=\"\" srcset=\"https:\/\/sites.usp.br\/grepel\/wp-content\/uploads\/sites\/940\/2021\/11\/Design-sem-nome-11-300x300.png 300w, https:\/\/sites.usp.br\/grepel\/wp-content\/uploads\/sites\/940\/2021\/11\/Design-sem-nome-11-1024x1024.png 1024w, https:\/\/sites.usp.br\/grepel\/wp-content\/uploads\/sites\/940\/2021\/11\/Design-sem-nome-11-150x150.png 150w, https:\/\/sites.usp.br\/grepel\/wp-content\/uploads\/sites\/940\/2021\/11\/Design-sem-nome-11-768x768.png 768w, https:\/\/sites.usp.br\/grepel\/wp-content\/uploads\/sites\/940\/2021\/11\/Design-sem-nome-11-250x250.png 250w, https:\/\/sites.usp.br\/grepel\/wp-content\/uploads\/sites\/940\/2021\/11\/Design-sem-nome-11-174x174.png 174w, https:\/\/sites.usp.br\/grepel\/wp-content\/uploads\/sites\/940\/2021\/11\/Design-sem-nome-11-45x45.png 45w, https:\/\/sites.usp.br\/grepel\/wp-content\/uploads\/sites\/940\/2021\/11\/Design-sem-nome-11.png 1080w\" sizes=\"(max-width: 300px) 100vw, 300px\" \/>\t\t\t\t\t\t\t\t\t\t\t\t\t<\/div>\n\t\t\t\t<\/div>\n\t\t\t\t\t<\/div>\n\t\t<\/div>\n\t\t\t\t\t<\/div>\n\t\t<\/section>\n\t\t\t\t<section class=\"elementor-section elementor-top-section elementor-element elementor-element-cea22d6 elementor-section-boxed elementor-section-height-default elementor-section-height-default\" data-id=\"cea22d6\" data-element_type=\"section\">\n\t\t\t\t\t\t<div class=\"elementor-container elementor-column-gap-default\">\n\t\t\t\t\t<div class=\"elementor-column elementor-col-100 elementor-top-column elementor-element elementor-element-7a8c659\" data-id=\"7a8c659\" data-element_type=\"column\">\n\t\t\t<div class=\"elementor-widget-wrap elementor-element-populated\">\n\t\t\t\t\t\t<div class=\"elementor-element elementor-element-0ecd017 elementor-widget elementor-widget-text-editor\" data-id=\"0ecd017\" data-element_type=\"widget\" data-widget_type=\"text-editor.default\">\n\t\t\t\t<div class=\"elementor-widget-container\">\n\t\t\t\t\t\t\t<p>Refer\u00eancia<\/p>\n<p>AMERICAN PSYCHIATRIC ASSOCIATION &#8211; APA. Manual diagn\u00f3stico e estat\u00edstico de transtornos mentais:&nbsp;<b>DSM<\/b>&#8211;<b>5<\/b>. Porto Alegre: Artmed, 2014.<\/p><p>Fern\u00e1ndez, Amparo Ygual et al. Avalia\u00e7\u00e3o e interven\u00e7\u00e3o da disortografia baseada na semiologia dos erros: revis\u00e3o da literatura. Revista CEFAC [online]. 2010, v. 12, n. 3 [Acessado 28 Novembro 2021] , pp. 499-504. Dispon\u00edvel em: &lt;https:\/\/doi.org\/10.1590\/S1516-18462010005000056&gt;. Epub 11 Jun 2010. ISSN 1982-0216. https:\/\/doi.org\/10.1590\/S1516-18462010005000056.<br><\/p>\n<p><span style=\"font-family: Roboto, sans-serif; font-style: normal; font-weight: 400;\">Hudson, Diana. Dificuldades espec\u00edficas de aprendizagem: Ideias pr\u00e1ticas para trabalhar com: dislexia, discalculia, disgrafia, dispraxia, Tdah, TEA, Sindrome de Asperger e TOC. 1\u00ba edi\u00e7\u00e3o. Editora Vozes. 2019.<\/span><\/p><p><br><\/p>\n<p><\/p>\t\t\t\t\t\t<\/div>\n\t\t\t\t<\/div>\n\t\t\t\t\t<\/div>\n\t\t<\/div>\n\t\t\t\t\t<\/div>\n\t\t<\/section>\n\t\t\t\t<\/div>\n\t\t","protected":false},"excerpt":{"rendered":"<p>Disortografia \u00a0O Transtorno espec\u00edfico da aprendizagem com preju\u00edzo na escrita, tamb\u00e9m conhecido por disortografia, \u00e9 caracterizado por comprometimentos relacionados a ortografia, gram\u00e1tica e reda\u00e7\u00e3o, mesmo que o indiv\u00edduo possua capacidade intelectual.\u00a0 Dessa forma, indiv\u00edduos, com dificuldades para aprendizagem neste campo, provavelmente s\u00e3o alunos que ter\u00e3o limita\u00e7\u00f5es ou comprometimentos na aprendizagem no ensino fundamental. \u00a0 Como<a href=\"https:\/\/sites.usp.br\/grepel\/disortografia\/\">[&#8230;]<\/a><\/p>\n","protected":false},"author":1075,"featured_media":0,"parent":0,"menu_order":0,"comment_status":"closed","ping_status":"closed","template":"elementor_header_footer","meta":{"footnotes":"","_links_to":"","_links_to_target":""},"class_list":["post-81","page","type-page","status-publish","hentry"],"_links":{"self":[{"href":"https:\/\/sites.usp.br\/grepel\/wp-json\/wp\/v2\/pages\/81","targetHints":{"allow":["GET"]}}],"collection":[{"href":"https:\/\/sites.usp.br\/grepel\/wp-json\/wp\/v2\/pages"}],"about":[{"href":"https:\/\/sites.usp.br\/grepel\/wp-json\/wp\/v2\/types\/page"}],"author":[{"embeddable":true,"href":"https:\/\/sites.usp.br\/grepel\/wp-json\/wp\/v2\/users\/1075"}],"replies":[{"embeddable":true,"href":"https:\/\/sites.usp.br\/grepel\/wp-json\/wp\/v2\/comments?post=81"}],"version-history":[{"count":4,"href":"https:\/\/sites.usp.br\/grepel\/wp-json\/wp\/v2\/pages\/81\/revisions"}],"predecessor-version":[{"id":1253,"href":"https:\/\/sites.usp.br\/grepel\/wp-json\/wp\/v2\/pages\/81\/revisions\/1253"}],"wp:attachment":[{"href":"https:\/\/sites.usp.br\/grepel\/wp-json\/wp\/v2\/media?parent=81"}],"curies":[{"name":"wp","href":"https:\/\/api.w.org\/{rel}","templated":true}]}}