{"id":1779,"date":"2024-06-29T18:11:44","date_gmt":"2024-06-29T20:11:44","guid":{"rendered":"https:\/\/sites.usp.br\/grupoeaps\/?page_id=1779"},"modified":"2024-07-02T10:37:49","modified_gmt":"2024-07-02T12:37:49","slug":"mulheres-em-cena","status":"publish","type":"page","link":"https:\/\/sites.usp.br\/grupoeaps\/mulheres-em-cena\/","title":{"rendered":"Mulheres em cena"},"content":{"rendered":"<p><img loading=\"lazy\" decoding=\"async\" class=\"aligncenter wp-image-1780 size-full\" src=\"https:\/\/sites.usp.br\/grupoeaps\/wp-content\/uploads\/sites\/604\/2024\/06\/curso-mulheres-no-cinema-664x332-1.jpg\" alt=\"\" width=\"664\" height=\"332\" srcset=\"https:\/\/sites.usp.br\/grupoeaps\/wp-content\/uploads\/sites\/604\/2024\/06\/curso-mulheres-no-cinema-664x332-1.jpg 664w, https:\/\/sites.usp.br\/grupoeaps\/wp-content\/uploads\/sites\/604\/2024\/06\/curso-mulheres-no-cinema-664x332-1-300x150.jpg 300w, https:\/\/sites.usp.br\/grupoeaps\/wp-content\/uploads\/sites\/604\/2024\/06\/curso-mulheres-no-cinema-664x332-1-600x300.jpg 600w, https:\/\/sites.usp.br\/grupoeaps\/wp-content\/uploads\/sites\/604\/2024\/06\/curso-mulheres-no-cinema-664x332-1-400x200.jpg 400w\" sizes=\"auto, (max-width: 664px) 100vw, 664px\" \/><\/p>\n<p style=\"text-align: center;\">Cena do filme: L\u00e9o Grande \/ Foto: Divulga\u00e7\u00e3o<\/p>\n<p>&nbsp;<\/p>\n<p>Curso gratuito e online intitulado \u201c<a href=\"https:\/\/www.sescsp.org.br\/programacao\/curso-mulheres-em-cena-envelhecimento-e-representacao-no-cinema-contemporaneo\/\" target=\"_blank\" rel=\"noopener\">Mulheres em Cena: Envelhecimento e Representa\u00e7\u00e3o no Cinema Contempor\u00e2neo<\/a>\u201d trata sobre o envelhecimento feminino.<\/p>\n<p>Ministrado pela colaboradora do EAPS Karina Almeida, doutoranda da Unifesp, em parceria com o CineSesc, S\u00e3o Paulo.<\/p>\n","protected":false},"excerpt":{"rendered":"<p>Cena do filme: L\u00e9o Grande \/ Foto: Divulga\u00e7\u00e3o &nbsp; Curso gratuito e online intitulado \u201cMulheres em Cena: Envelhecimento e Representa\u00e7\u00e3o no Cinema Contempor\u00e2neo\u201d trata sobre o envelhecimento feminino. Ministrado pela colaboradora do EAPS Karina Almeida, doutoranda da Unifesp, em parceria com o CineSesc, S\u00e3o Paulo.<\/p>\n","protected":false},"author":1157,"featured_media":0,"parent":0,"menu_order":0,"comment_status":"closed","ping_status":"closed","template":"","meta":{"_monsterinsights_skip_tracking":false,"_monsterinsights_sitenote_active":false,"_monsterinsights_sitenote_note":"","_monsterinsights_sitenote_category":0,"footnotes":"","_links_to":"","_links_to_target":""},"class_list":["post-1779","page","type-page","status-publish","hentry"],"_links":{"self":[{"href":"https:\/\/sites.usp.br\/grupoeaps\/wp-json\/wp\/v2\/pages\/1779","targetHints":{"allow":["GET"]}}],"collection":[{"href":"https:\/\/sites.usp.br\/grupoeaps\/wp-json\/wp\/v2\/pages"}],"about":[{"href":"https:\/\/sites.usp.br\/grupoeaps\/wp-json\/wp\/v2\/types\/page"}],"author":[{"embeddable":true,"href":"https:\/\/sites.usp.br\/grupoeaps\/wp-json\/wp\/v2\/users\/1157"}],"replies":[{"embeddable":true,"href":"https:\/\/sites.usp.br\/grupoeaps\/wp-json\/wp\/v2\/comments?post=1779"}],"version-history":[{"count":3,"href":"https:\/\/sites.usp.br\/grupoeaps\/wp-json\/wp\/v2\/pages\/1779\/revisions"}],"predecessor-version":[{"id":1792,"href":"https:\/\/sites.usp.br\/grupoeaps\/wp-json\/wp\/v2\/pages\/1779\/revisions\/1792"}],"wp:attachment":[{"href":"https:\/\/sites.usp.br\/grupoeaps\/wp-json\/wp\/v2\/media?parent=1779"}],"curies":[{"name":"wp","href":"https:\/\/api.w.org\/{rel}","templated":true}]}}