{"id":416,"date":"2019-11-24T17:04:09","date_gmt":"2019-11-24T19:04:09","guid":{"rendered":"https:\/\/sites.usp.br\/grupoeaps\/?page_id=416"},"modified":"2024-09-22T07:59:44","modified_gmt":"2024-09-22T09:59:44","slug":"ensino","status":"publish","type":"page","link":"https:\/\/sites.usp.br\/grupoeaps\/ensino\/","title":{"rendered":"Ensino"},"content":{"rendered":"<p>&nbsp;<\/p>\n<p style=\"text-align: right;\"><a href=\"https:\/\/sites.usp.br\/grupoeaps\/wp-content\/uploads\/sites\/604\/2019\/11\/Olga-4.jpg\"><img loading=\"lazy\" decoding=\"async\" class=\"alignnone wp-image-456 size-full\" src=\"https:\/\/sites.usp.br\/grupoeaps\/wp-content\/uploads\/sites\/604\/2019\/11\/Olga-4.jpg\" alt=\"\" width=\"6000\" height=\"4000\" srcset=\"https:\/\/sites.usp.br\/grupoeaps\/wp-content\/uploads\/sites\/604\/2019\/11\/Olga-4.jpg 6000w, https:\/\/sites.usp.br\/grupoeaps\/wp-content\/uploads\/sites\/604\/2019\/11\/Olga-4-300x200.jpg 300w, https:\/\/sites.usp.br\/grupoeaps\/wp-content\/uploads\/sites\/604\/2019\/11\/Olga-4-768x512.jpg 768w, https:\/\/sites.usp.br\/grupoeaps\/wp-content\/uploads\/sites\/604\/2019\/11\/Olga-4-1024x683.jpg 1024w, https:\/\/sites.usp.br\/grupoeaps\/wp-content\/uploads\/sites\/604\/2019\/11\/Olga-4-750x500.jpg 750w, https:\/\/sites.usp.br\/grupoeaps\/wp-content\/uploads\/sites\/604\/2019\/11\/Olga-4-272x182.jpg 272w, https:\/\/sites.usp.br\/grupoeaps\/wp-content\/uploads\/sites\/604\/2019\/11\/Olga-4-400x267.jpg 400w\" sizes=\"auto, (max-width: 6000px) 100vw, 6000px\" \/><\/a><\/p>\n<p style=\"text-align: right;\">Modelo: Olga Angelina Araneda Flores<\/p>\n<p style=\"text-align: right;\">Foto: Cristiano de Assis<\/p>\n<p>Na gradua\u00e7\u00e3o em Gerontologia da EACH\/USP, o EAPS \u00e9 respons\u00e1vel pela disciplina de gradua\u00e7\u00e3o <a href=\"https:\/\/uspdigital.usp.br\/jupiterweb\/obterDisciplina?sgldis=ACH3023&amp;codcur=86300&amp;codhab=203\" target=\"_blank\" rel=\"noopener noreferrer\">Aspectos Socioculturais do Envelhecimento<\/a>. Tamb\u00e9m lidera uma disciplina h\u00edbrida, denominada <a href=\"https:\/\/uspdigital.usp.br\/jupiterweb\/obterDisciplina?sgldis=ACH3136&amp;verdis=1\" target=\"_blank\" rel=\"noopener noreferrer\">Envelhecimento e Apar\u00eancia<\/a><strong>,<\/strong> oferecida conjuntamente para o Programa USP 60+ da EACH, as gradua\u00e7\u00f5es e p\u00f3s-gradua\u00e7\u00f5es em Gerontologia e em T\u00eaxtil e Moda.<\/p>\n<p>Ambas as disciplinas envolvem o protagonismo e a integra\u00e7\u00e3o dos alunos, estimulam a criatividade e o senso cr\u00edtico. Com exemplo, temos os trabalhos finais da disciplina Envelhecimento e Apar\u00eancia. Na edi\u00e7\u00e3o de 2017 os grupos produziram capas de revistas fict\u00edcias com os idosos envolvidos na disciplina, o que gerou a exposi\u00e7\u00e3o intitulada <a href=\"https:\/\/sites.usp.br\/grupoeaps\/tem-velho-na-capa\/\" target=\"_blank\" rel=\"noopener\">Tem velho na capa!<\/a>, instalada na biblioteca da EACH USP.<\/p>\n<p>Na vers\u00e3o de 2018, os grupos tiveram como tarefa produzir, roteirizar, filmar e editar um <a href=\"https:\/\/sites.usp.br\/grupoeaps\/envelhecimento-e-aparencia-curta-minuto\/\" target=\"_blank\" rel=\"noopener\">curta-minuto<\/a> envolvendo a apar\u00eancia do idoso parceiro, manifestando criticamente um aspecto pol\u00eamico suscitado na literatura discutida no semestre. O perfil, cren\u00e7as, pontos de vista e expectativas dos idosos deveriam ser considerados e valorizados. A apresenta\u00e7\u00e3o final incluiu uma apresenta\u00e7\u00e3o oral, de cunho te\u00f3rico-conceitual, relacionada a provoca\u00e7\u00e3o apresentada no v\u00eddeo.<\/p>\n<p>A vers\u00e3o de 2024 ocasionou na produ\u00e7\u00e3o de um <a href=\"https:\/\/sites.usp.br\/grupoeaps\/envelhecimento-e-aparencia-2024-com-que-roupa-eu-vou-2\/\" target=\"_blank\" rel=\"noopener\">desfile<\/a>, cujo objetivo foi a produ\u00e7\u00e3o de um <em>look<\/em> original derivado da doa\u00e7\u00e3o de acervo pessoal sem uso por parte de cada integrante, a ser utilizado na viagem dos sonhos. No\u00e7\u00f5es identit\u00e1rias e o senso de pertencimento foram trabalhadas.<\/p>\n<p>Abaixo, figurino confeccionado pela aluna Laydiane Alves Costa (e colaboradora), que interpretou a protagonista Dalva na pe\u00e7a Col\u00f4nia Dalva, exposto na biblioteca EACH USP. A atividade foi fruto da disciplina Aspectos Socioculturais do Envelhecimento, vers\u00e3o 2019. Um dos objetivos foi elaborar figurinos e cen\u00e1rios com material reciclado, tendo como horizonte os preceitos do <a href=\"https:\/\/dobras.emnuvens.com.br\/dobras\/article\/view\/922\" target=\"_blank\" rel=\"noopener noreferrer\">conceito de apar\u00eancia<\/a> proposto pelo EAPS.<\/p>\n<p>&nbsp;<\/p>\n<p><a href=\"https:\/\/sites.usp.br\/grupoeaps\/wp-content\/uploads\/sites\/604\/2020\/12\/Figurino-Colo\u0302nia-Dalva-personagem-Dalva-Aspectos-2019.-jpeg-scaled.jpeg\"><img loading=\"lazy\" decoding=\"async\" class=\"aligncenter wp-image-1113 size-full\" src=\"https:\/\/sites.usp.br\/grupoeaps\/wp-content\/uploads\/sites\/604\/2020\/12\/Figurino-Colo\u0302nia-Dalva-personagem-Dalva-Aspectos-2019.-jpeg-scaled.jpeg\" alt=\"\" width=\"1238\" height=\"2560\" srcset=\"https:\/\/sites.usp.br\/grupoeaps\/wp-content\/uploads\/sites\/604\/2020\/12\/Figurino-Colo\u0302nia-Dalva-personagem-Dalva-Aspectos-2019.-jpeg-scaled.jpeg 1238w, https:\/\/sites.usp.br\/grupoeaps\/wp-content\/uploads\/sites\/604\/2020\/12\/Figurino-Colo\u0302nia-Dalva-personagem-Dalva-Aspectos-2019.-jpeg-145x300.jpeg 145w, https:\/\/sites.usp.br\/grupoeaps\/wp-content\/uploads\/sites\/604\/2020\/12\/Figurino-Colo\u0302nia-Dalva-personagem-Dalva-Aspectos-2019.-jpeg-495x1024.jpeg 495w, https:\/\/sites.usp.br\/grupoeaps\/wp-content\/uploads\/sites\/604\/2020\/12\/Figurino-Colo\u0302nia-Dalva-personagem-Dalva-Aspectos-2019.-jpeg-768x1588.jpeg 768w, https:\/\/sites.usp.br\/grupoeaps\/wp-content\/uploads\/sites\/604\/2020\/12\/Figurino-Colo\u0302nia-Dalva-personagem-Dalva-Aspectos-2019.-jpeg-743x1536.jpeg 743w, https:\/\/sites.usp.br\/grupoeaps\/wp-content\/uploads\/sites\/604\/2020\/12\/Figurino-Colo\u0302nia-Dalva-personagem-Dalva-Aspectos-2019.-jpeg-991x2048.jpeg 991w, https:\/\/sites.usp.br\/grupoeaps\/wp-content\/uploads\/sites\/604\/2020\/12\/Figurino-Colo\u0302nia-Dalva-personagem-Dalva-Aspectos-2019.-jpeg-290x600.jpeg 290w\" sizes=\"auto, (max-width: 1238px) 100vw, 1238px\" \/><\/a><\/p>\n","protected":false},"excerpt":{"rendered":"<p>&nbsp; Modelo: Olga Angelina Araneda Flores Foto: Cristiano de Assis Na gradua\u00e7\u00e3o em Gerontologia da EACH\/USP, o EAPS \u00e9 respons\u00e1vel pela disciplina de gradua\u00e7\u00e3o Aspectos Socioculturais do Envelhecimento. Tamb\u00e9m lidera uma disciplina h\u00edbrida, denominada Envelhecimento e Apar\u00eancia, oferecida conjuntamente para o Programa USP 60+ da EACH, as gradua\u00e7\u00f5es e p\u00f3s-gradua\u00e7\u00f5es em Gerontologia e em T\u00eaxtil<a href=\"https:\/\/sites.usp.br\/grupoeaps\/ensino\/\">[&#8230;]<\/a><\/p>\n","protected":false},"author":1157,"featured_media":0,"parent":0,"menu_order":0,"comment_status":"closed","ping_status":"closed","template":"","meta":{"_monsterinsights_skip_tracking":false,"_monsterinsights_sitenote_active":false,"_monsterinsights_sitenote_note":"","_monsterinsights_sitenote_category":0,"footnotes":"","_links_to":"","_links_to_target":""},"class_list":["post-416","page","type-page","status-publish","hentry"],"_links":{"self":[{"href":"https:\/\/sites.usp.br\/grupoeaps\/wp-json\/wp\/v2\/pages\/416","targetHints":{"allow":["GET"]}}],"collection":[{"href":"https:\/\/sites.usp.br\/grupoeaps\/wp-json\/wp\/v2\/pages"}],"about":[{"href":"https:\/\/sites.usp.br\/grupoeaps\/wp-json\/wp\/v2\/types\/page"}],"author":[{"embeddable":true,"href":"https:\/\/sites.usp.br\/grupoeaps\/wp-json\/wp\/v2\/users\/1157"}],"replies":[{"embeddable":true,"href":"https:\/\/sites.usp.br\/grupoeaps\/wp-json\/wp\/v2\/comments?post=416"}],"version-history":[{"count":5,"href":"https:\/\/sites.usp.br\/grupoeaps\/wp-json\/wp\/v2\/pages\/416\/revisions"}],"predecessor-version":[{"id":1922,"href":"https:\/\/sites.usp.br\/grupoeaps\/wp-json\/wp\/v2\/pages\/416\/revisions\/1922"}],"wp:attachment":[{"href":"https:\/\/sites.usp.br\/grupoeaps\/wp-json\/wp\/v2\/media?parent=416"}],"curies":[{"name":"wp","href":"https:\/\/api.w.org\/{rel}","templated":true}]}}