{"id":642,"date":"2020-11-24T19:29:40","date_gmt":"2020-11-24T21:29:40","guid":{"rendered":"http:\/\/sites.usp.br\/grupoeaps\/?page_id=642"},"modified":"2020-11-25T19:28:43","modified_gmt":"2020-11-25T21:28:43","slug":"travessia-each-usp-2020","status":"publish","type":"page","link":"https:\/\/sites.usp.br\/grupoeaps\/travessia-each-usp-2020\/","title":{"rendered":"Travessia EACH USP 2020"},"content":{"rendered":"<p>&nbsp;<\/p>\n<p><a href=\"https:\/\/sites.usp.br\/grupoeaps\/wp-content\/uploads\/sites\/604\/2020\/11\/Chiaki-Tanoue.png\"><img loading=\"lazy\" decoding=\"async\" class=\"alignnone wp-image-712 size-full\" src=\"https:\/\/sites.usp.br\/grupoeaps\/wp-content\/uploads\/sites\/604\/2020\/11\/Chiaki-Tanoue.png\" alt=\"\" width=\"2108\" height=\"3162\" srcset=\"https:\/\/sites.usp.br\/grupoeaps\/wp-content\/uploads\/sites\/604\/2020\/11\/Chiaki-Tanoue.png 2108w, https:\/\/sites.usp.br\/grupoeaps\/wp-content\/uploads\/sites\/604\/2020\/11\/Chiaki-Tanoue-200x300.png 200w, https:\/\/sites.usp.br\/grupoeaps\/wp-content\/uploads\/sites\/604\/2020\/11\/Chiaki-Tanoue-683x1024.png 683w, https:\/\/sites.usp.br\/grupoeaps\/wp-content\/uploads\/sites\/604\/2020\/11\/Chiaki-Tanoue-768x1152.png 768w, https:\/\/sites.usp.br\/grupoeaps\/wp-content\/uploads\/sites\/604\/2020\/11\/Chiaki-Tanoue-1024x1536.png 1024w, https:\/\/sites.usp.br\/grupoeaps\/wp-content\/uploads\/sites\/604\/2020\/11\/Chiaki-Tanoue-1365x2048.png 1365w, https:\/\/sites.usp.br\/grupoeaps\/wp-content\/uploads\/sites\/604\/2020\/11\/Chiaki-Tanoue-400x600.png 400w\" sizes=\"auto, (max-width: 2108px) 100vw, 2108px\" \/><\/a><\/p>\n<p style=\"text-align: right;\">Modelo: Chiaki Tanoue<\/p>\n<p style=\"text-align: right;\">Foto: Suzanne Tanoue<\/p>\n<p>O <a href=\"https:\/\/sites.usp.br\/grupoeaps\/wp-content\/uploads\/sites\/604\/2020\/11\/Cata\u0301logo-Travessia-EACH-USP-2020.pdf\">Cata\u0301logo Travessia EACH USP 2020<\/a> as re\u00fane produ\u00e7\u00f5es art\u00edsticas dos alunos da disciplina Aspectos Socioculturais do Envelhecimento, parte do Bacharelado em Gerontologia da EACH USP, perante os conceitos estudados. Trata das experi\u00eancias que viveram com suas fam\u00edlias no primeiro semestre de 2020, no \u00e2mbito do isolamento social associado \u00e0 pandemia por COVID-19.<\/p>\n<p>O <a href=\"https:\/\/dobras.emnuvens.com.br\/dobras\/article\/view\/922\" target=\"_blank\" rel=\"noopener noreferrer\">conceito de apar\u00eancia<\/a> proposto pelo Grupo EAPS serviu de base para \u00faltimo ensaio, resultante da interven\u00e7\u00e3o de cunho gerontol\u00f3gico realizada pela aluna da disciplina Suzanne Tanoue.<\/p>\n<p>A equipe proponente e executora foi formada pela Profa. Andrea Lopes, Patr\u00edcia Yokomizo, Suzanne Tanoue e Cristiano de Assis.<\/p>\n<p>&nbsp;<\/p>\n<p>&nbsp;<\/p>\n","protected":false},"excerpt":{"rendered":"<p>&nbsp; Modelo: Chiaki Tanoue Foto: Suzanne Tanoue O Cata\u0301logo Travessia EACH USP 2020 as re\u00fane produ\u00e7\u00f5es art\u00edsticas dos alunos da disciplina Aspectos Socioculturais do Envelhecimento, parte do Bacharelado em Gerontologia da EACH USP, perante os conceitos estudados. Trata das experi\u00eancias que viveram com suas fam\u00edlias no primeiro semestre de 2020, no \u00e2mbito do isolamento social<a href=\"https:\/\/sites.usp.br\/grupoeaps\/travessia-each-usp-2020\/\">[&#8230;]<\/a><\/p>\n","protected":false},"author":1157,"featured_media":0,"parent":0,"menu_order":0,"comment_status":"closed","ping_status":"closed","template":"","meta":{"_monsterinsights_skip_tracking":false,"_monsterinsights_sitenote_active":false,"_monsterinsights_sitenote_note":"","_monsterinsights_sitenote_category":0,"footnotes":"","_links_to":"","_links_to_target":""},"class_list":["post-642","page","type-page","status-publish","hentry"],"_links":{"self":[{"href":"https:\/\/sites.usp.br\/grupoeaps\/wp-json\/wp\/v2\/pages\/642","targetHints":{"allow":["GET"]}}],"collection":[{"href":"https:\/\/sites.usp.br\/grupoeaps\/wp-json\/wp\/v2\/pages"}],"about":[{"href":"https:\/\/sites.usp.br\/grupoeaps\/wp-json\/wp\/v2\/types\/page"}],"author":[{"embeddable":true,"href":"https:\/\/sites.usp.br\/grupoeaps\/wp-json\/wp\/v2\/users\/1157"}],"replies":[{"embeddable":true,"href":"https:\/\/sites.usp.br\/grupoeaps\/wp-json\/wp\/v2\/comments?post=642"}],"version-history":[{"count":5,"href":"https:\/\/sites.usp.br\/grupoeaps\/wp-json\/wp\/v2\/pages\/642\/revisions"}],"predecessor-version":[{"id":821,"href":"https:\/\/sites.usp.br\/grupoeaps\/wp-json\/wp\/v2\/pages\/642\/revisions\/821"}],"wp:attachment":[{"href":"https:\/\/sites.usp.br\/grupoeaps\/wp-json\/wp\/v2\/media?parent=642"}],"curies":[{"name":"wp","href":"https:\/\/api.w.org\/{rel}","templated":true}]}}