{"id":733,"date":"2020-11-25T13:18:56","date_gmt":"2020-11-25T15:18:56","guid":{"rendered":"http:\/\/sites.usp.br\/grupoeaps\/?page_id=733"},"modified":"2020-12-06T13:12:30","modified_gmt":"2020-12-06T15:12:30","slug":"tem-velho-na-capa","status":"publish","type":"page","link":"https:\/\/sites.usp.br\/grupoeaps\/tem-velho-na-capa\/","title":{"rendered":"Tem velho na capa!"},"content":{"rendered":"<p><a href=\"https:\/\/sites.usp.br\/grupoeaps\/wp-content\/uploads\/sites\/604\/2020\/11\/1.-Convite-Oficial-Exposic\u0327a\u0303o-Virtual-Tem-Velho-na-Capa.jpeg\"><img loading=\"lazy\" decoding=\"async\" class=\"aligncenter wp-image-734 size-full\" src=\"https:\/\/sites.usp.br\/grupoeaps\/wp-content\/uploads\/sites\/604\/2020\/11\/1.-Convite-Oficial-Exposic\u0327a\u0303o-Virtual-Tem-Velho-na-Capa.jpeg\" alt=\"\" width=\"1169\" height=\"826\" srcset=\"https:\/\/sites.usp.br\/grupoeaps\/wp-content\/uploads\/sites\/604\/2020\/11\/1.-Convite-Oficial-Exposic\u0327a\u0303o-Virtual-Tem-Velho-na-Capa.jpeg 1169w, https:\/\/sites.usp.br\/grupoeaps\/wp-content\/uploads\/sites\/604\/2020\/11\/1.-Convite-Oficial-Exposic\u0327a\u0303o-Virtual-Tem-Velho-na-Capa-300x212.jpeg 300w, https:\/\/sites.usp.br\/grupoeaps\/wp-content\/uploads\/sites\/604\/2020\/11\/1.-Convite-Oficial-Exposic\u0327a\u0303o-Virtual-Tem-Velho-na-Capa-1024x724.jpeg 1024w, https:\/\/sites.usp.br\/grupoeaps\/wp-content\/uploads\/sites\/604\/2020\/11\/1.-Convite-Oficial-Exposic\u0327a\u0303o-Virtual-Tem-Velho-na-Capa-768x543.jpeg 768w, https:\/\/sites.usp.br\/grupoeaps\/wp-content\/uploads\/sites\/604\/2020\/11\/1.-Convite-Oficial-Exposic\u0327a\u0303o-Virtual-Tem-Velho-na-Capa-400x283.jpeg 400w\" sizes=\"auto, (max-width: 1169px) 100vw, 1169px\" \/><\/a><\/p>\n<p style=\"text-align: right;\">Modelo: Aracy Fernandes<\/p>\n<p style=\"text-align: right;\">Foto: Andrea Lopes<\/p>\n<p>A exposi\u00e7\u00e3o <a href=\"https:\/\/sites.usp.br\/grupoeaps\/apresentacao-exposicao-tem-velho-na-capa\/\" target=\"_blank\" rel=\"noopener noreferrer\"><strong>Tem velho na capa!<\/strong><\/a> trata-se do resultado das atividades da disciplina Envelhecimento e Apar\u00eancia, vers\u00e3o piloto 2017. Reuniu alunos dos cursos de gradua\u00e7\u00e3o em Gerontologia e T\u00eaxtil e Moda da EACH USP. Foi apresentada na biblioteca da escola e integrou a Semana de Arte e Cultura da EACH USP 2018. A curadoria foi da Profa. Dra. Andrea Lopes.<\/p>\n<p>Veja as fotos do encontro de avalia\u00e7\u00e3o dos trabalhos finais e do evento de abertura da exposi\u00e7\u00e3o <a href=\"https:\/\/sites.usp.br\/grupoeaps\/tem-velho-na-capa-fotos-do-evento-de-abertura\/\" target=\"_blank\" rel=\"noopener noreferrer\">clicando aqui<\/a>.<\/p>\n<p>Em dezembro do mesmo ano, seguiu para o N\u00facleo de Conviv\u00eancia de Idosos (NCI) Projeto Samuel Rangel . Profa. Dra. Andrea Lopes realizou palestra sobre a tem\u00e1tica <em>Envelhecimento, Apar\u00eancia e seus Significados<\/em> aos usu\u00e1rios, seguida dos relatos dos modelos sobre a experi\u00eancia de composi\u00e7\u00e3o das capas. Veja as fotos <a href=\"https:\/\/sites.usp.br\/grupoeaps\/tem-velho-na-capa-exposicao-no-nci-projeto-samuel-rangel\/\" target=\"_blank\" rel=\"noopener noreferrer\">clicando aqui<\/a>.<\/p>\n<p>A exposi\u00e7\u00e3o foi uma homenagem p\u00f3stuma \u00e0 Aracy Fernandes, participante do NCI e\u00a0 apoiadora do EAPS.<\/p>\n<p>Veja as capas produzidas pelos grupos:<\/p>\n<p>&nbsp;<\/p>\n<p><a href=\"https:\/\/sites.usp.br\/grupoeaps\/wp-content\/uploads\/sites\/604\/2020\/11\/4.-Olga-scaled.jpg\"><img loading=\"lazy\" decoding=\"async\" class=\"aligncenter wp-image-735 size-full\" src=\"https:\/\/sites.usp.br\/grupoeaps\/wp-content\/uploads\/sites\/604\/2020\/11\/4.-Olga-scaled.jpg\" alt=\"\" width=\"1920\" height=\"2560\" srcset=\"https:\/\/sites.usp.br\/grupoeaps\/wp-content\/uploads\/sites\/604\/2020\/11\/4.-Olga-scaled.jpg 1920w, https:\/\/sites.usp.br\/grupoeaps\/wp-content\/uploads\/sites\/604\/2020\/11\/4.-Olga-225x300.jpg 225w, https:\/\/sites.usp.br\/grupoeaps\/wp-content\/uploads\/sites\/604\/2020\/11\/4.-Olga-768x1024.jpg 768w, https:\/\/sites.usp.br\/grupoeaps\/wp-content\/uploads\/sites\/604\/2020\/11\/4.-Olga-1152x1536.jpg 1152w, https:\/\/sites.usp.br\/grupoeaps\/wp-content\/uploads\/sites\/604\/2020\/11\/4.-Olga-1536x2048.jpg 1536w, https:\/\/sites.usp.br\/grupoeaps\/wp-content\/uploads\/sites\/604\/2020\/11\/4.-Olga-400x533.jpg 400w\" sizes=\"auto, (max-width: 1920px) 100vw, 1920px\" \/><\/a><\/p>\n<p style=\"text-align: right;\">Modelo: Olga Angelina Araneda Flores<\/p>\n<p>&nbsp;<\/p>\n<p>&nbsp;<\/p>\n<p><a href=\"https:\/\/sites.usp.br\/grupoeaps\/wp-content\/uploads\/sites\/604\/2020\/11\/5.-Amena\u0301lia.jpg\"><img loading=\"lazy\" decoding=\"async\" class=\"wp-image-736 size-full aligncenter\" src=\"https:\/\/sites.usp.br\/grupoeaps\/wp-content\/uploads\/sites\/604\/2020\/11\/5.-Amena\u0301lia.jpg\" alt=\"\" width=\"1008\" height=\"1344\" srcset=\"https:\/\/sites.usp.br\/grupoeaps\/wp-content\/uploads\/sites\/604\/2020\/11\/5.-Amena\u0301lia.jpg 1008w, https:\/\/sites.usp.br\/grupoeaps\/wp-content\/uploads\/sites\/604\/2020\/11\/5.-Amena\u0301lia-225x300.jpg 225w, https:\/\/sites.usp.br\/grupoeaps\/wp-content\/uploads\/sites\/604\/2020\/11\/5.-Amena\u0301lia-768x1024.jpg 768w, https:\/\/sites.usp.br\/grupoeaps\/wp-content\/uploads\/sites\/604\/2020\/11\/5.-Amena\u0301lia-400x533.jpg 400w\" sizes=\"auto, (max-width: 1008px) 100vw, 1008px\" \/><\/a><\/p>\n<p style=\"text-align: right;\">Modelo: Amen\u00e1lia Rocha<\/p>\n<p>&nbsp;<\/p>\n<p><a href=\"https:\/\/sites.usp.br\/grupoeaps\/wp-content\/uploads\/sites\/604\/2020\/11\/6.-Beni\u0301cio-e-Jandira.jpg\"><img loading=\"lazy\" decoding=\"async\" class=\"wp-image-737 size-full aligncenter\" src=\"https:\/\/sites.usp.br\/grupoeaps\/wp-content\/uploads\/sites\/604\/2020\/11\/6.-Beni\u0301cio-e-Jandira.jpg\" alt=\"\" width=\"1008\" height=\"1344\" srcset=\"https:\/\/sites.usp.br\/grupoeaps\/wp-content\/uploads\/sites\/604\/2020\/11\/6.-Beni\u0301cio-e-Jandira.jpg 1008w, https:\/\/sites.usp.br\/grupoeaps\/wp-content\/uploads\/sites\/604\/2020\/11\/6.-Beni\u0301cio-e-Jandira-225x300.jpg 225w, https:\/\/sites.usp.br\/grupoeaps\/wp-content\/uploads\/sites\/604\/2020\/11\/6.-Beni\u0301cio-e-Jandira-768x1024.jpg 768w, https:\/\/sites.usp.br\/grupoeaps\/wp-content\/uploads\/sites\/604\/2020\/11\/6.-Beni\u0301cio-e-Jandira-400x533.jpg 400w\" sizes=\"auto, (max-width: 1008px) 100vw, 1008px\" \/><\/a><\/p>\n<p style=\"text-align: right;\">Modelos: Ben\u00edcio de Oliveira Neto e Jandira Helman de Oliveira<\/p>\n<p>&nbsp;<\/p>\n<p><a href=\"https:\/\/sites.usp.br\/grupoeaps\/wp-content\/uploads\/sites\/604\/2020\/11\/7.-Moacir.jpg\"><img loading=\"lazy\" decoding=\"async\" class=\"wp-image-738 size-full alignnone\" src=\"https:\/\/sites.usp.br\/grupoeaps\/wp-content\/uploads\/sites\/604\/2020\/11\/7.-Moacir.jpg\" alt=\"\" width=\"756\" height=\"1056\" srcset=\"https:\/\/sites.usp.br\/grupoeaps\/wp-content\/uploads\/sites\/604\/2020\/11\/7.-Moacir.jpg 756w, https:\/\/sites.usp.br\/grupoeaps\/wp-content\/uploads\/sites\/604\/2020\/11\/7.-Moacir-215x300.jpg 215w, https:\/\/sites.usp.br\/grupoeaps\/wp-content\/uploads\/sites\/604\/2020\/11\/7.-Moacir-733x1024.jpg 733w, https:\/\/sites.usp.br\/grupoeaps\/wp-content\/uploads\/sites\/604\/2020\/11\/7.-Moacir-400x559.jpg 400w\" sizes=\"auto, (max-width: 756px) 100vw, 756px\" \/><\/a><\/p>\n<p style=\"text-align: right;\">Modelo: Moacir Santos<\/p>\n<p>&nbsp;<\/p>\n<p><a href=\"https:\/\/sites.usp.br\/grupoeaps\/wp-content\/uploads\/sites\/604\/2020\/11\/8.-Bartira.jpg\"><img loading=\"lazy\" decoding=\"async\" class=\"wp-image-739 size-full alignnone\" src=\"https:\/\/sites.usp.br\/grupoeaps\/wp-content\/uploads\/sites\/604\/2020\/11\/8.-Bartira.jpg\" alt=\"\" width=\"1008\" height=\"1344\" srcset=\"https:\/\/sites.usp.br\/grupoeaps\/wp-content\/uploads\/sites\/604\/2020\/11\/8.-Bartira.jpg 1008w, https:\/\/sites.usp.br\/grupoeaps\/wp-content\/uploads\/sites\/604\/2020\/11\/8.-Bartira-225x300.jpg 225w, https:\/\/sites.usp.br\/grupoeaps\/wp-content\/uploads\/sites\/604\/2020\/11\/8.-Bartira-768x1024.jpg 768w, https:\/\/sites.usp.br\/grupoeaps\/wp-content\/uploads\/sites\/604\/2020\/11\/8.-Bartira-400x533.jpg 400w\" sizes=\"auto, (max-width: 1008px) 100vw, 1008px\" \/><\/a><\/p>\n<p style=\"text-align: right;\">Modelo: Bartira Nunes Martins<\/p>\n<p>&nbsp;<\/p>\n<p><a href=\"https:\/\/sites.usp.br\/grupoeaps\/wp-content\/uploads\/sites\/604\/2020\/11\/9.-Eliane-Low-scaled.jpg\"><img loading=\"lazy\" decoding=\"async\" class=\"wp-image-740 size-full alignnone\" src=\"https:\/\/sites.usp.br\/grupoeaps\/wp-content\/uploads\/sites\/604\/2020\/11\/9.-Eliane-Low-scaled.jpg\" alt=\"\" width=\"1920\" height=\"2560\" srcset=\"https:\/\/sites.usp.br\/grupoeaps\/wp-content\/uploads\/sites\/604\/2020\/11\/9.-Eliane-Low-scaled.jpg 1920w, https:\/\/sites.usp.br\/grupoeaps\/wp-content\/uploads\/sites\/604\/2020\/11\/9.-Eliane-Low-225x300.jpg 225w, https:\/\/sites.usp.br\/grupoeaps\/wp-content\/uploads\/sites\/604\/2020\/11\/9.-Eliane-Low-768x1024.jpg 768w, https:\/\/sites.usp.br\/grupoeaps\/wp-content\/uploads\/sites\/604\/2020\/11\/9.-Eliane-Low-1152x1536.jpg 1152w, https:\/\/sites.usp.br\/grupoeaps\/wp-content\/uploads\/sites\/604\/2020\/11\/9.-Eliane-Low-1536x2048.jpg 1536w, https:\/\/sites.usp.br\/grupoeaps\/wp-content\/uploads\/sites\/604\/2020\/11\/9.-Eliane-Low-400x533.jpg 400w\" sizes=\"auto, (max-width: 1920px) 100vw, 1920px\" \/><\/a><\/p>\n<p style=\"text-align: right;\">Modelo: Eliana Low<\/p>\n<p>&nbsp;<\/p>\n<p><a href=\"https:\/\/sites.usp.br\/grupoeaps\/wp-content\/uploads\/sites\/604\/2020\/11\/10.-Haide\u0302-scaled.jpg\"><img loading=\"lazy\" decoding=\"async\" class=\"wp-image-741 size-full alignnone\" src=\"https:\/\/sites.usp.br\/grupoeaps\/wp-content\/uploads\/sites\/604\/2020\/11\/10.-Haide\u0302-scaled.jpg\" alt=\"\" width=\"1811\" height=\"2560\" srcset=\"https:\/\/sites.usp.br\/grupoeaps\/wp-content\/uploads\/sites\/604\/2020\/11\/10.-Haide\u0302-scaled.jpg 1811w, https:\/\/sites.usp.br\/grupoeaps\/wp-content\/uploads\/sites\/604\/2020\/11\/10.-Haide\u0302-212x300.jpg 212w, https:\/\/sites.usp.br\/grupoeaps\/wp-content\/uploads\/sites\/604\/2020\/11\/10.-Haide\u0302-724x1024.jpg 724w, https:\/\/sites.usp.br\/grupoeaps\/wp-content\/uploads\/sites\/604\/2020\/11\/10.-Haide\u0302-768x1086.jpg 768w, https:\/\/sites.usp.br\/grupoeaps\/wp-content\/uploads\/sites\/604\/2020\/11\/10.-Haide\u0302-1086x1536.jpg 1086w, https:\/\/sites.usp.br\/grupoeaps\/wp-content\/uploads\/sites\/604\/2020\/11\/10.-Haide\u0302-1448x2048.jpg 1448w, https:\/\/sites.usp.br\/grupoeaps\/wp-content\/uploads\/sites\/604\/2020\/11\/10.-Haide\u0302-400x566.jpg 400w\" sizes=\"auto, (max-width: 1811px) 100vw, 1811px\" \/><\/a><\/p>\n<p style=\"text-align: right;\">Modelo: Haid\u00ea Arag\u00e3o Assis da Cruz<\/p>\n<p>&nbsp;<\/p>\n<p><a href=\"https:\/\/sites.usp.br\/grupoeaps\/wp-content\/uploads\/sites\/604\/2020\/11\/11.-Enedina.jpg\"><img loading=\"lazy\" decoding=\"async\" class=\"wp-image-742 aligncenter\" src=\"https:\/\/sites.usp.br\/grupoeaps\/wp-content\/uploads\/sites\/604\/2020\/11\/11.-Enedina.jpg\" alt=\"\" width=\"741\" height=\"1048\" srcset=\"https:\/\/sites.usp.br\/grupoeaps\/wp-content\/uploads\/sites\/604\/2020\/11\/11.-Enedina.jpg 527w, https:\/\/sites.usp.br\/grupoeaps\/wp-content\/uploads\/sites\/604\/2020\/11\/11.-Enedina-212x300.jpg 212w, https:\/\/sites.usp.br\/grupoeaps\/wp-content\/uploads\/sites\/604\/2020\/11\/11.-Enedina-400x565.jpg 400w\" sizes=\"auto, (max-width: 741px) 100vw, 741px\" \/><\/a><\/p>\n<p style=\"text-align: right;\">Modelo: Enedina C. Zalla<\/p>\n<p>&nbsp;<\/p>\n<p><a href=\"https:\/\/sites.usp.br\/grupoeaps\/wp-content\/uploads\/sites\/604\/2020\/11\/12.-Alunos-EA-2017-1.jpeg\"><img loading=\"lazy\" decoding=\"async\" class=\"aligncenter wp-image-745 size-full\" src=\"https:\/\/sites.usp.br\/grupoeaps\/wp-content\/uploads\/sites\/604\/2020\/11\/12.-Alunos-EA-2017-1.jpeg\" alt=\"\" width=\"826\" height=\"1169\" srcset=\"https:\/\/sites.usp.br\/grupoeaps\/wp-content\/uploads\/sites\/604\/2020\/11\/12.-Alunos-EA-2017-1.jpeg 826w, https:\/\/sites.usp.br\/grupoeaps\/wp-content\/uploads\/sites\/604\/2020\/11\/12.-Alunos-EA-2017-1-212x300.jpeg 212w, https:\/\/sites.usp.br\/grupoeaps\/wp-content\/uploads\/sites\/604\/2020\/11\/12.-Alunos-EA-2017-1-724x1024.jpeg 724w, https:\/\/sites.usp.br\/grupoeaps\/wp-content\/uploads\/sites\/604\/2020\/11\/12.-Alunos-EA-2017-1-768x1087.jpeg 768w, https:\/\/sites.usp.br\/grupoeaps\/wp-content\/uploads\/sites\/604\/2020\/11\/12.-Alunos-EA-2017-1-400x566.jpeg 400w\" sizes=\"auto, (max-width: 826px) 100vw, 826px\" \/><\/a><\/p>\n","protected":false},"excerpt":{"rendered":"<p>Modelo: Aracy Fernandes Foto: Andrea Lopes A exposi\u00e7\u00e3o Tem velho na capa! trata-se do resultado das atividades da disciplina Envelhecimento e Apar\u00eancia, vers\u00e3o piloto 2017. Reuniu alunos dos cursos de gradua\u00e7\u00e3o em Gerontologia e T\u00eaxtil e Moda da EACH USP. Foi apresentada na biblioteca da escola e integrou a Semana de Arte e Cultura da<a href=\"https:\/\/sites.usp.br\/grupoeaps\/tem-velho-na-capa\/\">[&#8230;]<\/a><\/p>\n","protected":false},"author":1157,"featured_media":0,"parent":0,"menu_order":0,"comment_status":"closed","ping_status":"closed","template":"","meta":{"_monsterinsights_skip_tracking":false,"_monsterinsights_sitenote_active":false,"_monsterinsights_sitenote_note":"","_monsterinsights_sitenote_category":0,"footnotes":"","_links_to":"","_links_to_target":""},"class_list":["post-733","page","type-page","status-publish","hentry"],"_links":{"self":[{"href":"https:\/\/sites.usp.br\/grupoeaps\/wp-json\/wp\/v2\/pages\/733","targetHints":{"allow":["GET"]}}],"collection":[{"href":"https:\/\/sites.usp.br\/grupoeaps\/wp-json\/wp\/v2\/pages"}],"about":[{"href":"https:\/\/sites.usp.br\/grupoeaps\/wp-json\/wp\/v2\/types\/page"}],"author":[{"embeddable":true,"href":"https:\/\/sites.usp.br\/grupoeaps\/wp-json\/wp\/v2\/users\/1157"}],"replies":[{"embeddable":true,"href":"https:\/\/sites.usp.br\/grupoeaps\/wp-json\/wp\/v2\/comments?post=733"}],"version-history":[{"count":4,"href":"https:\/\/sites.usp.br\/grupoeaps\/wp-json\/wp\/v2\/pages\/733\/revisions"}],"predecessor-version":[{"id":1142,"href":"https:\/\/sites.usp.br\/grupoeaps\/wp-json\/wp\/v2\/pages\/733\/revisions\/1142"}],"wp:attachment":[{"href":"https:\/\/sites.usp.br\/grupoeaps\/wp-json\/wp\/v2\/media?parent=733"}],"curies":[{"name":"wp","href":"https:\/\/api.w.org\/{rel}","templated":true}]}}