{"id":908,"date":"2020-11-30T19:47:45","date_gmt":"2020-11-30T21:47:45","guid":{"rendered":"http:\/\/sites.usp.br\/grupoeaps\/?page_id=908"},"modified":"2020-11-30T19:51:10","modified_gmt":"2020-11-30T21:51:10","slug":"com-que-roupa-eu-vou-acrosticos","status":"publish","type":"page","link":"https:\/\/sites.usp.br\/grupoeaps\/com-que-roupa-eu-vou-acrosticos\/","title":{"rendered":"Com que roupa eu vou? &#8211; Acr\u00f3sticos"},"content":{"rendered":"<p>&nbsp;<\/p>\n<p>Em homenagem \u00e0s participantes da oficina Com que roupa eu vou?, vers\u00e3o piloto 2018,\u00a0 a monitora Maria de F\u00e1tima Rodrigues elaborou acr\u00f3sticos relacionados \u00e0s palavras s\u00ednteses mencionadas pelas idosas ao se referirem aos ganhos da oficina:<a href=\"https:\/\/sites.usp.br\/grupoeaps\/wp-content\/uploads\/sites\/604\/2020\/11\/Acro\u0301stico-oficina-2018-maria-de-fatima-rodrigues-01.png\"><img loading=\"lazy\" decoding=\"async\" class=\"aligncenter wp-image-909 size-full\" src=\"https:\/\/sites.usp.br\/grupoeaps\/wp-content\/uploads\/sites\/604\/2020\/11\/Acro\u0301stico-oficina-2018-maria-de-fatima-rodrigues-01.png\" alt=\"\" width=\"1241\" height=\"1754\" srcset=\"https:\/\/sites.usp.br\/grupoeaps\/wp-content\/uploads\/sites\/604\/2020\/11\/Acro\u0301stico-oficina-2018-maria-de-fatima-rodrigues-01.png 1241w, https:\/\/sites.usp.br\/grupoeaps\/wp-content\/uploads\/sites\/604\/2020\/11\/Acro\u0301stico-oficina-2018-maria-de-fatima-rodrigues-01-212x300.png 212w, https:\/\/sites.usp.br\/grupoeaps\/wp-content\/uploads\/sites\/604\/2020\/11\/Acro\u0301stico-oficina-2018-maria-de-fatima-rodrigues-01-725x1024.png 725w, https:\/\/sites.usp.br\/grupoeaps\/wp-content\/uploads\/sites\/604\/2020\/11\/Acro\u0301stico-oficina-2018-maria-de-fatima-rodrigues-01-768x1085.png 768w, https:\/\/sites.usp.br\/grupoeaps\/wp-content\/uploads\/sites\/604\/2020\/11\/Acro\u0301stico-oficina-2018-maria-de-fatima-rodrigues-01-1087x1536.png 1087w, https:\/\/sites.usp.br\/grupoeaps\/wp-content\/uploads\/sites\/604\/2020\/11\/Acro\u0301stico-oficina-2018-maria-de-fatima-rodrigues-01-400x565.png 400w\" sizes=\"auto, (max-width: 1241px) 100vw, 1241px\" \/><\/a><\/p>\n<p><a href=\"https:\/\/sites.usp.br\/grupoeaps\/wp-content\/uploads\/sites\/604\/2020\/11\/Acro\u0301stico-oficina-2018-maria-de-fatima-rodrigues-02.png\"><img loading=\"lazy\" decoding=\"async\" class=\"aligncenter wp-image-911 size-full\" src=\"https:\/\/sites.usp.br\/grupoeaps\/wp-content\/uploads\/sites\/604\/2020\/11\/Acro\u0301stico-oficina-2018-maria-de-fatima-rodrigues-02.png\" alt=\"\" width=\"1241\" height=\"1754\" srcset=\"https:\/\/sites.usp.br\/grupoeaps\/wp-content\/uploads\/sites\/604\/2020\/11\/Acro\u0301stico-oficina-2018-maria-de-fatima-rodrigues-02.png 1241w, https:\/\/sites.usp.br\/grupoeaps\/wp-content\/uploads\/sites\/604\/2020\/11\/Acro\u0301stico-oficina-2018-maria-de-fatima-rodrigues-02-212x300.png 212w, https:\/\/sites.usp.br\/grupoeaps\/wp-content\/uploads\/sites\/604\/2020\/11\/Acro\u0301stico-oficina-2018-maria-de-fatima-rodrigues-02-725x1024.png 725w, https:\/\/sites.usp.br\/grupoeaps\/wp-content\/uploads\/sites\/604\/2020\/11\/Acro\u0301stico-oficina-2018-maria-de-fatima-rodrigues-02-768x1085.png 768w, https:\/\/sites.usp.br\/grupoeaps\/wp-content\/uploads\/sites\/604\/2020\/11\/Acro\u0301stico-oficina-2018-maria-de-fatima-rodrigues-02-1087x1536.png 1087w, https:\/\/sites.usp.br\/grupoeaps\/wp-content\/uploads\/sites\/604\/2020\/11\/Acro\u0301stico-oficina-2018-maria-de-fatima-rodrigues-02-400x565.png 400w\" sizes=\"auto, (max-width: 1241px) 100vw, 1241px\" \/><\/a><\/p>\n<p><a href=\"https:\/\/sites.usp.br\/grupoeaps\/wp-content\/uploads\/sites\/604\/2020\/11\/Acro\u0301stico-oficina-2018-maria-de-fatima-rodrigues-03.png\"><img loading=\"lazy\" decoding=\"async\" class=\"aligncenter wp-image-913 size-full\" src=\"https:\/\/sites.usp.br\/grupoeaps\/wp-content\/uploads\/sites\/604\/2020\/11\/Acro\u0301stico-oficina-2018-maria-de-fatima-rodrigues-03.png\" alt=\"\" width=\"1241\" height=\"1754\" srcset=\"https:\/\/sites.usp.br\/grupoeaps\/wp-content\/uploads\/sites\/604\/2020\/11\/Acro\u0301stico-oficina-2018-maria-de-fatima-rodrigues-03.png 1241w, https:\/\/sites.usp.br\/grupoeaps\/wp-content\/uploads\/sites\/604\/2020\/11\/Acro\u0301stico-oficina-2018-maria-de-fatima-rodrigues-03-212x300.png 212w, https:\/\/sites.usp.br\/grupoeaps\/wp-content\/uploads\/sites\/604\/2020\/11\/Acro\u0301stico-oficina-2018-maria-de-fatima-rodrigues-03-725x1024.png 725w, https:\/\/sites.usp.br\/grupoeaps\/wp-content\/uploads\/sites\/604\/2020\/11\/Acro\u0301stico-oficina-2018-maria-de-fatima-rodrigues-03-768x1085.png 768w, https:\/\/sites.usp.br\/grupoeaps\/wp-content\/uploads\/sites\/604\/2020\/11\/Acro\u0301stico-oficina-2018-maria-de-fatima-rodrigues-03-1087x1536.png 1087w, https:\/\/sites.usp.br\/grupoeaps\/wp-content\/uploads\/sites\/604\/2020\/11\/Acro\u0301stico-oficina-2018-maria-de-fatima-rodrigues-03-400x565.png 400w\" sizes=\"auto, (max-width: 1241px) 100vw, 1241px\" \/><\/a><\/p>\n<p><a href=\"https:\/\/sites.usp.br\/grupoeaps\/wp-content\/uploads\/sites\/604\/2020\/11\/Acro\u0301stico-oficina-2018-maria-de-fatima-rodrigues-04.png\"><img loading=\"lazy\" decoding=\"async\" class=\"aligncenter wp-image-915 size-full\" src=\"https:\/\/sites.usp.br\/grupoeaps\/wp-content\/uploads\/sites\/604\/2020\/11\/Acro\u0301stico-oficina-2018-maria-de-fatima-rodrigues-04.png\" alt=\"\" width=\"1241\" height=\"1754\" srcset=\"https:\/\/sites.usp.br\/grupoeaps\/wp-content\/uploads\/sites\/604\/2020\/11\/Acro\u0301stico-oficina-2018-maria-de-fatima-rodrigues-04.png 1241w, https:\/\/sites.usp.br\/grupoeaps\/wp-content\/uploads\/sites\/604\/2020\/11\/Acro\u0301stico-oficina-2018-maria-de-fatima-rodrigues-04-212x300.png 212w, https:\/\/sites.usp.br\/grupoeaps\/wp-content\/uploads\/sites\/604\/2020\/11\/Acro\u0301stico-oficina-2018-maria-de-fatima-rodrigues-04-725x1024.png 725w, https:\/\/sites.usp.br\/grupoeaps\/wp-content\/uploads\/sites\/604\/2020\/11\/Acro\u0301stico-oficina-2018-maria-de-fatima-rodrigues-04-768x1085.png 768w, https:\/\/sites.usp.br\/grupoeaps\/wp-content\/uploads\/sites\/604\/2020\/11\/Acro\u0301stico-oficina-2018-maria-de-fatima-rodrigues-04-1087x1536.png 1087w, https:\/\/sites.usp.br\/grupoeaps\/wp-content\/uploads\/sites\/604\/2020\/11\/Acro\u0301stico-oficina-2018-maria-de-fatima-rodrigues-04-400x565.png 400w\" sizes=\"auto, (max-width: 1241px) 100vw, 1241px\" \/><\/a><a href=\"https:\/\/sites.usp.br\/grupoeaps\/wp-content\/uploads\/sites\/604\/2020\/11\/Acro\u0301stico-oficina-2018-maria-de-fatima-rodrigues-05.png\"><br \/>\n<img loading=\"lazy\" decoding=\"async\" class=\"aligncenter wp-image-916 size-full\" src=\"https:\/\/sites.usp.br\/grupoeaps\/wp-content\/uploads\/sites\/604\/2020\/11\/Acro\u0301stico-oficina-2018-maria-de-fatima-rodrigues-05.png\" alt=\"\" width=\"1241\" height=\"1754\" srcset=\"https:\/\/sites.usp.br\/grupoeaps\/wp-content\/uploads\/sites\/604\/2020\/11\/Acro\u0301stico-oficina-2018-maria-de-fatima-rodrigues-05.png 1241w, https:\/\/sites.usp.br\/grupoeaps\/wp-content\/uploads\/sites\/604\/2020\/11\/Acro\u0301stico-oficina-2018-maria-de-fatima-rodrigues-05-212x300.png 212w, https:\/\/sites.usp.br\/grupoeaps\/wp-content\/uploads\/sites\/604\/2020\/11\/Acro\u0301stico-oficina-2018-maria-de-fatima-rodrigues-05-725x1024.png 725w, https:\/\/sites.usp.br\/grupoeaps\/wp-content\/uploads\/sites\/604\/2020\/11\/Acro\u0301stico-oficina-2018-maria-de-fatima-rodrigues-05-768x1085.png 768w, https:\/\/sites.usp.br\/grupoeaps\/wp-content\/uploads\/sites\/604\/2020\/11\/Acro\u0301stico-oficina-2018-maria-de-fatima-rodrigues-05-1087x1536.png 1087w, https:\/\/sites.usp.br\/grupoeaps\/wp-content\/uploads\/sites\/604\/2020\/11\/Acro\u0301stico-oficina-2018-maria-de-fatima-rodrigues-05-400x565.png 400w\" sizes=\"auto, (max-width: 1241px) 100vw, 1241px\" \/><\/a><a href=\"https:\/\/sites.usp.br\/grupoeaps\/wp-content\/uploads\/sites\/604\/2020\/11\/Acro\u0301stico-oficina-2018-maria-de-fatima-rodrigues-06.png\"><img loading=\"lazy\" decoding=\"async\" class=\"aligncenter wp-image-917 size-full\" src=\"https:\/\/sites.usp.br\/grupoeaps\/wp-content\/uploads\/sites\/604\/2020\/11\/Acro\u0301stico-oficina-2018-maria-de-fatima-rodrigues-06.png\" alt=\"\" width=\"1241\" height=\"1754\" srcset=\"https:\/\/sites.usp.br\/grupoeaps\/wp-content\/uploads\/sites\/604\/2020\/11\/Acro\u0301stico-oficina-2018-maria-de-fatima-rodrigues-06.png 1241w, https:\/\/sites.usp.br\/grupoeaps\/wp-content\/uploads\/sites\/604\/2020\/11\/Acro\u0301stico-oficina-2018-maria-de-fatima-rodrigues-06-212x300.png 212w, https:\/\/sites.usp.br\/grupoeaps\/wp-content\/uploads\/sites\/604\/2020\/11\/Acro\u0301stico-oficina-2018-maria-de-fatima-rodrigues-06-725x1024.png 725w, https:\/\/sites.usp.br\/grupoeaps\/wp-content\/uploads\/sites\/604\/2020\/11\/Acro\u0301stico-oficina-2018-maria-de-fatima-rodrigues-06-768x1085.png 768w, https:\/\/sites.usp.br\/grupoeaps\/wp-content\/uploads\/sites\/604\/2020\/11\/Acro\u0301stico-oficina-2018-maria-de-fatima-rodrigues-06-1087x1536.png 1087w, https:\/\/sites.usp.br\/grupoeaps\/wp-content\/uploads\/sites\/604\/2020\/11\/Acro\u0301stico-oficina-2018-maria-de-fatima-rodrigues-06-400x565.png 400w\" sizes=\"auto, (max-width: 1241px) 100vw, 1241px\" \/><\/a> <a href=\"https:\/\/sites.usp.br\/grupoeaps\/wp-content\/uploads\/sites\/604\/2020\/11\/Acro\u0301stico-oficina-2018-maria-de-fatima-rodrigues-07.png\"><img loading=\"lazy\" decoding=\"async\" class=\"aligncenter wp-image-918 size-full\" src=\"https:\/\/sites.usp.br\/grupoeaps\/wp-content\/uploads\/sites\/604\/2020\/11\/Acro\u0301stico-oficina-2018-maria-de-fatima-rodrigues-07.png\" alt=\"\" width=\"1241\" height=\"1754\" srcset=\"https:\/\/sites.usp.br\/grupoeaps\/wp-content\/uploads\/sites\/604\/2020\/11\/Acro\u0301stico-oficina-2018-maria-de-fatima-rodrigues-07.png 1241w, https:\/\/sites.usp.br\/grupoeaps\/wp-content\/uploads\/sites\/604\/2020\/11\/Acro\u0301stico-oficina-2018-maria-de-fatima-rodrigues-07-212x300.png 212w, https:\/\/sites.usp.br\/grupoeaps\/wp-content\/uploads\/sites\/604\/2020\/11\/Acro\u0301stico-oficina-2018-maria-de-fatima-rodrigues-07-725x1024.png 725w, https:\/\/sites.usp.br\/grupoeaps\/wp-content\/uploads\/sites\/604\/2020\/11\/Acro\u0301stico-oficina-2018-maria-de-fatima-rodrigues-07-768x1085.png 768w, https:\/\/sites.usp.br\/grupoeaps\/wp-content\/uploads\/sites\/604\/2020\/11\/Acro\u0301stico-oficina-2018-maria-de-fatima-rodrigues-07-1087x1536.png 1087w, https:\/\/sites.usp.br\/grupoeaps\/wp-content\/uploads\/sites\/604\/2020\/11\/Acro\u0301stico-oficina-2018-maria-de-fatima-rodrigues-07-400x565.png 400w\" sizes=\"auto, (max-width: 1241px) 100vw, 1241px\" \/><\/a> <a href=\"https:\/\/sites.usp.br\/grupoeaps\/wp-content\/uploads\/sites\/604\/2020\/11\/Acro\u0301stico-oficina-2018-maria-de-fatima-rodrigues-08.png\"><img loading=\"lazy\" decoding=\"async\" class=\"aligncenter wp-image-920 size-full\" src=\"https:\/\/sites.usp.br\/grupoeaps\/wp-content\/uploads\/sites\/604\/2020\/11\/Acro\u0301stico-oficina-2018-maria-de-fatima-rodrigues-08.png\" alt=\"\" width=\"1241\" height=\"1754\" srcset=\"https:\/\/sites.usp.br\/grupoeaps\/wp-content\/uploads\/sites\/604\/2020\/11\/Acro\u0301stico-oficina-2018-maria-de-fatima-rodrigues-08.png 1241w, https:\/\/sites.usp.br\/grupoeaps\/wp-content\/uploads\/sites\/604\/2020\/11\/Acro\u0301stico-oficina-2018-maria-de-fatima-rodrigues-08-212x300.png 212w, https:\/\/sites.usp.br\/grupoeaps\/wp-content\/uploads\/sites\/604\/2020\/11\/Acro\u0301stico-oficina-2018-maria-de-fatima-rodrigues-08-725x1024.png 725w, https:\/\/sites.usp.br\/grupoeaps\/wp-content\/uploads\/sites\/604\/2020\/11\/Acro\u0301stico-oficina-2018-maria-de-fatima-rodrigues-08-768x1085.png 768w, https:\/\/sites.usp.br\/grupoeaps\/wp-content\/uploads\/sites\/604\/2020\/11\/Acro\u0301stico-oficina-2018-maria-de-fatima-rodrigues-08-1087x1536.png 1087w, https:\/\/sites.usp.br\/grupoeaps\/wp-content\/uploads\/sites\/604\/2020\/11\/Acro\u0301stico-oficina-2018-maria-de-fatima-rodrigues-08-400x565.png 400w\" sizes=\"auto, (max-width: 1241px) 100vw, 1241px\" \/><\/a> <a href=\"https:\/\/sites.usp.br\/grupoeaps\/wp-content\/uploads\/sites\/604\/2020\/11\/Acro\u0301stico-oficina-2018-maria-de-fatima-rodrigues-09.png\"><img loading=\"lazy\" decoding=\"async\" class=\"aligncenter wp-image-921 size-full\" src=\"https:\/\/sites.usp.br\/grupoeaps\/wp-content\/uploads\/sites\/604\/2020\/11\/Acro\u0301stico-oficina-2018-maria-de-fatima-rodrigues-09.png\" alt=\"\" width=\"1241\" height=\"1754\" srcset=\"https:\/\/sites.usp.br\/grupoeaps\/wp-content\/uploads\/sites\/604\/2020\/11\/Acro\u0301stico-oficina-2018-maria-de-fatima-rodrigues-09.png 1241w, https:\/\/sites.usp.br\/grupoeaps\/wp-content\/uploads\/sites\/604\/2020\/11\/Acro\u0301stico-oficina-2018-maria-de-fatima-rodrigues-09-212x300.png 212w, https:\/\/sites.usp.br\/grupoeaps\/wp-content\/uploads\/sites\/604\/2020\/11\/Acro\u0301stico-oficina-2018-maria-de-fatima-rodrigues-09-725x1024.png 725w, https:\/\/sites.usp.br\/grupoeaps\/wp-content\/uploads\/sites\/604\/2020\/11\/Acro\u0301stico-oficina-2018-maria-de-fatima-rodrigues-09-768x1085.png 768w, https:\/\/sites.usp.br\/grupoeaps\/wp-content\/uploads\/sites\/604\/2020\/11\/Acro\u0301stico-oficina-2018-maria-de-fatima-rodrigues-09-1087x1536.png 1087w, https:\/\/sites.usp.br\/grupoeaps\/wp-content\/uploads\/sites\/604\/2020\/11\/Acro\u0301stico-oficina-2018-maria-de-fatima-rodrigues-09-400x565.png 400w\" sizes=\"auto, (max-width: 1241px) 100vw, 1241px\" \/><\/a> <a href=\"https:\/\/sites.usp.br\/grupoeaps\/wp-content\/uploads\/sites\/604\/2020\/11\/Acro\u0301stico-oficina-2018-maria-de-fatima-rodrigues-10.png\"><img loading=\"lazy\" decoding=\"async\" class=\"aligncenter wp-image-922 size-full\" src=\"https:\/\/sites.usp.br\/grupoeaps\/wp-content\/uploads\/sites\/604\/2020\/11\/Acro\u0301stico-oficina-2018-maria-de-fatima-rodrigues-10.png\" alt=\"\" width=\"1241\" height=\"1754\" srcset=\"https:\/\/sites.usp.br\/grupoeaps\/wp-content\/uploads\/sites\/604\/2020\/11\/Acro\u0301stico-oficina-2018-maria-de-fatima-rodrigues-10.png 1241w, https:\/\/sites.usp.br\/grupoeaps\/wp-content\/uploads\/sites\/604\/2020\/11\/Acro\u0301stico-oficina-2018-maria-de-fatima-rodrigues-10-212x300.png 212w, https:\/\/sites.usp.br\/grupoeaps\/wp-content\/uploads\/sites\/604\/2020\/11\/Acro\u0301stico-oficina-2018-maria-de-fatima-rodrigues-10-725x1024.png 725w, https:\/\/sites.usp.br\/grupoeaps\/wp-content\/uploads\/sites\/604\/2020\/11\/Acro\u0301stico-oficina-2018-maria-de-fatima-rodrigues-10-768x1085.png 768w, https:\/\/sites.usp.br\/grupoeaps\/wp-content\/uploads\/sites\/604\/2020\/11\/Acro\u0301stico-oficina-2018-maria-de-fatima-rodrigues-10-1087x1536.png 1087w, https:\/\/sites.usp.br\/grupoeaps\/wp-content\/uploads\/sites\/604\/2020\/11\/Acro\u0301stico-oficina-2018-maria-de-fatima-rodrigues-10-400x565.png 400w\" sizes=\"auto, (max-width: 1241px) 100vw, 1241px\" \/><\/a> <a href=\"https:\/\/sites.usp.br\/grupoeaps\/wp-content\/uploads\/sites\/604\/2020\/11\/Acro\u0301stico-oficina-2018-maria-de-fatima-rodrigues-11.png\"><img loading=\"lazy\" decoding=\"async\" class=\"aligncenter wp-image-923 size-full\" src=\"https:\/\/sites.usp.br\/grupoeaps\/wp-content\/uploads\/sites\/604\/2020\/11\/Acro\u0301stico-oficina-2018-maria-de-fatima-rodrigues-11.png\" alt=\"\" width=\"1241\" height=\"1754\" srcset=\"https:\/\/sites.usp.br\/grupoeaps\/wp-content\/uploads\/sites\/604\/2020\/11\/Acro\u0301stico-oficina-2018-maria-de-fatima-rodrigues-11.png 1241w, https:\/\/sites.usp.br\/grupoeaps\/wp-content\/uploads\/sites\/604\/2020\/11\/Acro\u0301stico-oficina-2018-maria-de-fatima-rodrigues-11-212x300.png 212w, https:\/\/sites.usp.br\/grupoeaps\/wp-content\/uploads\/sites\/604\/2020\/11\/Acro\u0301stico-oficina-2018-maria-de-fatima-rodrigues-11-725x1024.png 725w, https:\/\/sites.usp.br\/grupoeaps\/wp-content\/uploads\/sites\/604\/2020\/11\/Acro\u0301stico-oficina-2018-maria-de-fatima-rodrigues-11-768x1085.png 768w, https:\/\/sites.usp.br\/grupoeaps\/wp-content\/uploads\/sites\/604\/2020\/11\/Acro\u0301stico-oficina-2018-maria-de-fatima-rodrigues-11-1087x1536.png 1087w, https:\/\/sites.usp.br\/grupoeaps\/wp-content\/uploads\/sites\/604\/2020\/11\/Acro\u0301stico-oficina-2018-maria-de-fatima-rodrigues-11-400x565.png 400w\" sizes=\"auto, (max-width: 1241px) 100vw, 1241px\" \/><\/a><\/p>\n","protected":false},"excerpt":{"rendered":"<p>&nbsp; Em homenagem \u00e0s participantes da oficina Com que roupa eu vou?, vers\u00e3o piloto 2018,\u00a0 a monitora Maria de F\u00e1tima Rodrigues elaborou acr\u00f3sticos relacionados \u00e0s palavras s\u00ednteses mencionadas pelas idosas ao se referirem aos ganhos da oficina:<\/p>\n","protected":false},"author":1157,"featured_media":0,"parent":0,"menu_order":0,"comment_status":"closed","ping_status":"closed","template":"","meta":{"_monsterinsights_skip_tracking":false,"_monsterinsights_sitenote_active":false,"_monsterinsights_sitenote_note":"","_monsterinsights_sitenote_category":0,"footnotes":"","_links_to":"","_links_to_target":""},"class_list":["post-908","page","type-page","status-publish","hentry"],"_links":{"self":[{"href":"https:\/\/sites.usp.br\/grupoeaps\/wp-json\/wp\/v2\/pages\/908","targetHints":{"allow":["GET"]}}],"collection":[{"href":"https:\/\/sites.usp.br\/grupoeaps\/wp-json\/wp\/v2\/pages"}],"about":[{"href":"https:\/\/sites.usp.br\/grupoeaps\/wp-json\/wp\/v2\/types\/page"}],"author":[{"embeddable":true,"href":"https:\/\/sites.usp.br\/grupoeaps\/wp-json\/wp\/v2\/users\/1157"}],"replies":[{"embeddable":true,"href":"https:\/\/sites.usp.br\/grupoeaps\/wp-json\/wp\/v2\/comments?post=908"}],"version-history":[{"count":2,"href":"https:\/\/sites.usp.br\/grupoeaps\/wp-json\/wp\/v2\/pages\/908\/revisions"}],"predecessor-version":[{"id":925,"href":"https:\/\/sites.usp.br\/grupoeaps\/wp-json\/wp\/v2\/pages\/908\/revisions\/925"}],"wp:attachment":[{"href":"https:\/\/sites.usp.br\/grupoeaps\/wp-json\/wp\/v2\/media?parent=908"}],"curies":[{"name":"wp","href":"https:\/\/api.w.org\/{rel}","templated":true}]}}