{"id":962,"date":"2020-12-01T12:57:11","date_gmt":"2020-12-01T14:57:11","guid":{"rendered":"http:\/\/sites.usp.br\/grupoeaps\/?page_id=962"},"modified":"2024-09-22T08:23:51","modified_gmt":"2024-09-22T10:23:51","slug":"team","status":"publish","type":"page","link":"https:\/\/sites.usp.br\/grupoeaps\/team\/","title":{"rendered":"Team"},"content":{"rendered":"<p>EAPS Group is composed of team members and collaborators, part of them undergraduate and graduated students from University of S\u00e3o Paulo, Brazil.<\/p>\n<p>&nbsp;<\/p>\n<h2 style=\"text-align: center;\">Coordinator<\/h2>\n<p style=\"text-align: center;\"><a href=\"https:\/\/sites.usp.br\/grupoeaps\/wp-content\/uploads\/sites\/604\/2019\/11\/Andrea-1.jpg\"><img loading=\"lazy\" decoding=\"async\" class=\"alignnone wp-image-290\" src=\"https:\/\/sites.usp.br\/grupoeaps\/wp-content\/uploads\/sites\/604\/2019\/11\/Andrea-1-300x300.jpg\" alt=\"\" width=\"260\" height=\"260\" srcset=\"https:\/\/sites.usp.br\/grupoeaps\/wp-content\/uploads\/sites\/604\/2019\/11\/Andrea-1-300x300.jpg 300w, https:\/\/sites.usp.br\/grupoeaps\/wp-content\/uploads\/sites\/604\/2019\/11\/Andrea-1-150x150.jpg 150w, https:\/\/sites.usp.br\/grupoeaps\/wp-content\/uploads\/sites\/604\/2019\/11\/Andrea-1-768x768.jpg 768w, https:\/\/sites.usp.br\/grupoeaps\/wp-content\/uploads\/sites\/604\/2019\/11\/Andrea-1-250x250.jpg 250w, https:\/\/sites.usp.br\/grupoeaps\/wp-content\/uploads\/sites\/604\/2019\/11\/Andrea-1-174x174.jpg 174w, https:\/\/sites.usp.br\/grupoeaps\/wp-content\/uploads\/sites\/604\/2019\/11\/Andrea-1-45x45.jpg 45w, https:\/\/sites.usp.br\/grupoeaps\/wp-content\/uploads\/sites\/604\/2019\/11\/Andrea-1-200x200.jpg 200w, https:\/\/sites.usp.br\/grupoeaps\/wp-content\/uploads\/sites\/604\/2019\/11\/Andrea-1-400x400.jpg 400w, https:\/\/sites.usp.br\/grupoeaps\/wp-content\/uploads\/sites\/604\/2019\/11\/Andrea-1.jpg 935w\" sizes=\"auto, (max-width: 260px) 100vw, 260px\" \/><\/a><\/p>\n<p style=\"text-align: center;\">Dr. <a href=\"http:\/\/lattes.cnpq.br\/1418645481026778\" target=\"_blank\" rel=\"noopener noreferrer\">Andrea Lopes<\/a><\/p>\n<p style=\"text-align: center;\">___________________________________<\/p>\n<p>&nbsp;<\/p>\n<h2 style=\"text-align: center;\">Team members<\/h2>\n<p><a href=\"https:\/\/sites.usp.br\/grupoeaps\/wp-content\/uploads\/sites\/604\/2019\/11\/Pati.jpg\"><img loading=\"lazy\" decoding=\"async\" class=\"wp-image-280 aligncenter\" src=\"https:\/\/sites.usp.br\/grupoeaps\/wp-content\/uploads\/sites\/604\/2019\/11\/Pati.jpg\" alt=\"\" width=\"258\" height=\"258\" srcset=\"https:\/\/sites.usp.br\/grupoeaps\/wp-content\/uploads\/sites\/604\/2019\/11\/Pati.jpg 160w, https:\/\/sites.usp.br\/grupoeaps\/wp-content\/uploads\/sites\/604\/2019\/11\/Pati-150x150.jpg 150w, https:\/\/sites.usp.br\/grupoeaps\/wp-content\/uploads\/sites\/604\/2019\/11\/Pati-45x45.jpg 45w\" sizes=\"auto, (max-width: 258px) 100vw, 258px\" \/><\/a><\/p>\n<p style=\"text-align: center;\"><a href=\"http:\/\/lattes.cnpq.br\/2002114396935975\" target=\"_blank\" rel=\"noopener noreferrer\">Patr\u00edcia Yokomizo<\/a><\/p>\n<p>&nbsp;<\/p>\n<p style=\"text-align: center;\"><a href=\"https:\/\/sites.usp.br\/grupoeaps\/wp-content\/uploads\/sites\/604\/2019\/11\/servletrecuperafoto.jpg\"><img loading=\"lazy\" decoding=\"async\" class=\" wp-image-281 aligncenter\" src=\"https:\/\/sites.usp.br\/grupoeaps\/wp-content\/uploads\/sites\/604\/2019\/11\/servletrecuperafoto.jpg\" alt=\"\" width=\"226\" height=\"268\" \/><\/a><a href=\"http:\/\/lattes.cnpq.br\/3490553316240085\" target=\"_blank\" rel=\"noopener noreferrer\">Cristiano de Assis<\/a><\/p>\n<p>&nbsp;<\/p>\n<p style=\"text-align: center;\"><a href=\"https:\/\/sites.usp.br\/grupoeaps\/wp-content\/uploads\/sites\/604\/2020\/11\/foto_suzanne-scaled.jpg\"><img loading=\"lazy\" decoding=\"async\" class=\"wp-image-516 aligncenter\" src=\"https:\/\/sites.usp.br\/grupoeaps\/wp-content\/uploads\/sites\/604\/2020\/11\/foto_suzanne-279x300.jpg\" alt=\"\" width=\"232\" height=\"249\" srcset=\"https:\/\/sites.usp.br\/grupoeaps\/wp-content\/uploads\/sites\/604\/2020\/11\/foto_suzanne-279x300.jpg 279w, https:\/\/sites.usp.br\/grupoeaps\/wp-content\/uploads\/sites\/604\/2020\/11\/foto_suzanne-951x1024.jpg 951w, https:\/\/sites.usp.br\/grupoeaps\/wp-content\/uploads\/sites\/604\/2020\/11\/foto_suzanne-768x827.jpg 768w, https:\/\/sites.usp.br\/grupoeaps\/wp-content\/uploads\/sites\/604\/2020\/11\/foto_suzanne-1426x1536.jpg 1426w, https:\/\/sites.usp.br\/grupoeaps\/wp-content\/uploads\/sites\/604\/2020\/11\/foto_suzanne-1902x2048.jpg 1902w, https:\/\/sites.usp.br\/grupoeaps\/wp-content\/uploads\/sites\/604\/2020\/11\/foto_suzanne-400x431.jpg 400w\" sizes=\"auto, (max-width: 232px) 100vw, 232px\" \/><\/a><a href=\"http:\/\/lattes.cnpq.br\/0653510515535202\" target=\"_blank\" rel=\"noopener noreferrer\">Suzanne Tanoue<\/a><\/p>\n<p>&nbsp;<\/p>\n<p><a href=\"https:\/\/sites.usp.br\/grupoeaps\/wp-content\/uploads\/sites\/604\/2021\/06\/Ba\u0301rbara-Santos-Aires.jpg\"><img loading=\"lazy\" decoding=\"async\" class=\"size-medium wp-image-1241 aligncenter\" src=\"https:\/\/sites.usp.br\/grupoeaps\/wp-content\/uploads\/sites\/604\/2021\/06\/Ba\u0301rbara-Santos-Aires-225x300.jpg\" alt=\"\" width=\"225\" height=\"300\" srcset=\"https:\/\/sites.usp.br\/grupoeaps\/wp-content\/uploads\/sites\/604\/2021\/06\/Ba\u0301rbara-Santos-Aires-225x300.jpg 225w, https:\/\/sites.usp.br\/grupoeaps\/wp-content\/uploads\/sites\/604\/2021\/06\/Ba\u0301rbara-Santos-Aires-769x1024.jpg 769w, https:\/\/sites.usp.br\/grupoeaps\/wp-content\/uploads\/sites\/604\/2021\/06\/Ba\u0301rbara-Santos-Aires-768x1022.jpg 768w, https:\/\/sites.usp.br\/grupoeaps\/wp-content\/uploads\/sites\/604\/2021\/06\/Ba\u0301rbara-Santos-Aires-1154x1536.jpg 1154w, https:\/\/sites.usp.br\/grupoeaps\/wp-content\/uploads\/sites\/604\/2021\/06\/Ba\u0301rbara-Santos-Aires-400x532.jpg 400w, https:\/\/sites.usp.br\/grupoeaps\/wp-content\/uploads\/sites\/604\/2021\/06\/Ba\u0301rbara-Santos-Aires.jpg 1160w\" sizes=\"auto, (max-width: 225px) 100vw, 225px\" \/><\/a><\/p>\n<p style=\"text-align: center;\"><a href=\"http:\/\/lattes.cnpq.br\/1130166055282192\" target=\"_blank\" rel=\"noopener\">B\u00e1rbara Santos Aires<\/a><\/p>\n<p>&nbsp;<\/p>\n<p><img loading=\"lazy\" decoding=\"async\" class=\"size-medium wp-image-1383 aligncenter\" src=\"https:\/\/sites.usp.br\/grupoeaps\/wp-content\/uploads\/sites\/604\/2022\/12\/Copia-de-15-300x235.jpg\" alt=\"\" width=\"300\" height=\"235\" srcset=\"https:\/\/sites.usp.br\/grupoeaps\/wp-content\/uploads\/sites\/604\/2022\/12\/Copia-de-15-300x235.jpg 300w, https:\/\/sites.usp.br\/grupoeaps\/wp-content\/uploads\/sites\/604\/2022\/12\/Copia-de-15-1024x801.jpg 1024w, https:\/\/sites.usp.br\/grupoeaps\/wp-content\/uploads\/sites\/604\/2022\/12\/Copia-de-15-768x601.jpg 768w, https:\/\/sites.usp.br\/grupoeaps\/wp-content\/uploads\/sites\/604\/2022\/12\/Copia-de-15-1536x1201.jpg 1536w, https:\/\/sites.usp.br\/grupoeaps\/wp-content\/uploads\/sites\/604\/2022\/12\/Copia-de-15-2048x1602.jpg 2048w, https:\/\/sites.usp.br\/grupoeaps\/wp-content\/uploads\/sites\/604\/2022\/12\/Copia-de-15-400x313.jpg 400w\" sizes=\"auto, (max-width: 300px) 100vw, 300px\" \/><\/p>\n<p style=\"text-align: center;\"><a href=\"http:\/\/buscatextual.cnpq.br\/buscatextual\/visualizacv.do;jsessionid=FCFED804E1CD58B93B59342EED4BD6BD.buscatextual_0\" target=\"_blank\" rel=\"noopener\">Brenda Carvalho de Andrade<\/a><\/p>\n<p>&nbsp;<\/p>\n<p style=\"text-align: center;\"><a href=\"https:\/\/sites.usp.br\/grupoeaps\/wp-content\/uploads\/sites\/604\/2021\/06\/Giovana-1.jpg\"><img loading=\"lazy\" decoding=\"async\" class=\"alignnone size-full wp-image-1353\" src=\"https:\/\/sites.usp.br\/grupoeaps\/wp-content\/uploads\/sites\/604\/2022\/05\/Foto-Luana.jpg\" alt=\"\" width=\"219\" height=\"297\" \/><\/a><\/p>\n<p style=\"text-align: center;\"><a href=\"http:\/\/buscatextual.cnpq.br\/buscatextual\/visualizacv.do\" target=\"_blank\" rel=\"noopener\">Luana Ferrari dos Santos<\/a><\/p>\n<p>&nbsp;<\/p>\n<p>&nbsp;<\/p>\n<p><img loading=\"lazy\" decoding=\"async\" class=\"size-medium wp-image-1349 aligncenter\" src=\"https:\/\/sites.usp.br\/grupoeaps\/wp-content\/uploads\/sites\/604\/2022\/03\/Foto-Gabriela-Neves-300x169.jpg\" alt=\"\" width=\"300\" height=\"169\" srcset=\"https:\/\/sites.usp.br\/grupoeaps\/wp-content\/uploads\/sites\/604\/2022\/03\/Foto-Gabriela-Neves-300x169.jpg 300w, https:\/\/sites.usp.br\/grupoeaps\/wp-content\/uploads\/sites\/604\/2022\/03\/Foto-Gabriela-Neves-1024x576.jpg 1024w, https:\/\/sites.usp.br\/grupoeaps\/wp-content\/uploads\/sites\/604\/2022\/03\/Foto-Gabriela-Neves-768x432.jpg 768w, https:\/\/sites.usp.br\/grupoeaps\/wp-content\/uploads\/sites\/604\/2022\/03\/Foto-Gabriela-Neves-1536x864.jpg 1536w, https:\/\/sites.usp.br\/grupoeaps\/wp-content\/uploads\/sites\/604\/2022\/03\/Foto-Gabriela-Neves-2048x1151.jpg 2048w, https:\/\/sites.usp.br\/grupoeaps\/wp-content\/uploads\/sites\/604\/2022\/03\/Foto-Gabriela-Neves-310x174.jpg 310w, https:\/\/sites.usp.br\/grupoeaps\/wp-content\/uploads\/sites\/604\/2022\/03\/Foto-Gabriela-Neves-400x225.jpg 400w\" sizes=\"auto, (max-width: 300px) 100vw, 300px\" \/><\/p>\n<p style=\"text-align: center;\"><a href=\"http:\/\/buscatextual.cnpq.br\/buscatextual\/visualizacv.do\" target=\"_blank\" rel=\"noopener\">Gabriela Neves<\/a><\/p>\n<p>&nbsp;<\/p>\n<p><img loading=\"lazy\" decoding=\"async\" class=\"size-medium wp-image-1418 aligncenter\" src=\"https:\/\/sites.usp.br\/grupoeaps\/wp-content\/uploads\/sites\/604\/2023\/02\/18-264x300.jpg\" alt=\"\" width=\"264\" height=\"300\" srcset=\"https:\/\/sites.usp.br\/grupoeaps\/wp-content\/uploads\/sites\/604\/2023\/02\/18-264x300.jpg 264w, https:\/\/sites.usp.br\/grupoeaps\/wp-content\/uploads\/sites\/604\/2023\/02\/18-768x872.jpg 768w, https:\/\/sites.usp.br\/grupoeaps\/wp-content\/uploads\/sites\/604\/2023\/02\/18-400x454.jpg 400w, https:\/\/sites.usp.br\/grupoeaps\/wp-content\/uploads\/sites\/604\/2023\/02\/18.jpg 900w\" sizes=\"auto, (max-width: 264px) 100vw, 264px\" \/><\/p>\n<p style=\"text-align: center;\">Gabriella Silva Dias<\/p>\n<p>&nbsp;<\/p>\n<p style=\"text-align: center;\">___________________________________<\/p>\n<p>&nbsp;<\/p>\n<h2 style=\"text-align: center;\"><strong>Collaborators<\/strong><\/h2>\n<p>&nbsp;<\/p>\n<p style=\"text-align: center;\"><a href=\"https:\/\/sites.usp.br\/grupoeaps\/wp-content\/uploads\/sites\/604\/2020\/12\/konta_ryohei.jpg\"><img loading=\"lazy\" decoding=\"async\" class=\"alignnone wp-image-1037\" src=\"https:\/\/sites.usp.br\/grupoeaps\/wp-content\/uploads\/sites\/604\/2020\/12\/konta_ryohei.jpg\" alt=\"\" width=\"188\" height=\"251\" \/><\/a><\/p>\n<p style=\"text-align: center;\"><a href=\"https:\/\/www.ide.go.jp\/English\/Researchers\/konta_ryohei_en.html\" target=\"_blank\" rel=\"noopener noreferrer\">Dr. Ryohei Konta\u00a0<\/a><\/p>\n<p>&nbsp;<\/p>\n<p><a href=\"https:\/\/sites.usp.br\/grupoeaps\/wp-content\/uploads\/sites\/604\/2019\/11\/Analucia-miss\u00e3o.jpg\"><img loading=\"lazy\" decoding=\"async\" class=\"wp-image-437 aligncenter\" src=\"https:\/\/sites.usp.br\/grupoeaps\/wp-content\/uploads\/sites\/604\/2019\/11\/Analucia-miss\u00e3o-300x200.jpg\" alt=\"\" width=\"329\" height=\"219\" srcset=\"https:\/\/sites.usp.br\/grupoeaps\/wp-content\/uploads\/sites\/604\/2019\/11\/Analucia-miss\u00e3o-300x200.jpg 300w, https:\/\/sites.usp.br\/grupoeaps\/wp-content\/uploads\/sites\/604\/2019\/11\/Analucia-miss\u00e3o-768x512.jpg 768w, https:\/\/sites.usp.br\/grupoeaps\/wp-content\/uploads\/sites\/604\/2019\/11\/Analucia-miss\u00e3o-1024x683.jpg 1024w, https:\/\/sites.usp.br\/grupoeaps\/wp-content\/uploads\/sites\/604\/2019\/11\/Analucia-miss\u00e3o-750x500.jpg 750w, https:\/\/sites.usp.br\/grupoeaps\/wp-content\/uploads\/sites\/604\/2019\/11\/Analucia-miss\u00e3o-272x182.jpg 272w, https:\/\/sites.usp.br\/grupoeaps\/wp-content\/uploads\/sites\/604\/2019\/11\/Analucia-miss\u00e3o-400x267.jpg 400w\" sizes=\"auto, (max-width: 329px) 100vw, 329px\" \/><\/a><\/p>\n<p style=\"text-align: center;\">Analucia dos Santos Viviane Recine<\/p>\n<p style=\"text-align: center;\">Librarian at EACH USP<\/p>\n<p>&nbsp;<\/p>\n<p><a href=\"https:\/\/sites.usp.br\/grupoeaps\/wp-content\/uploads\/sites\/604\/2020\/12\/Edima-11-1-scaled.jpg\"><img loading=\"lazy\" decoding=\"async\" class=\" wp-image-968 aligncenter\" src=\"https:\/\/sites.usp.br\/grupoeaps\/wp-content\/uploads\/sites\/604\/2020\/12\/Edima-11-1-300x221.jpg\" alt=\"\" width=\"310\" height=\"229\" srcset=\"https:\/\/sites.usp.br\/grupoeaps\/wp-content\/uploads\/sites\/604\/2020\/12\/Edima-11-1-300x221.jpg 300w, https:\/\/sites.usp.br\/grupoeaps\/wp-content\/uploads\/sites\/604\/2020\/12\/Edima-11-1-1024x753.jpg 1024w, https:\/\/sites.usp.br\/grupoeaps\/wp-content\/uploads\/sites\/604\/2020\/12\/Edima-11-1-768x565.jpg 768w, https:\/\/sites.usp.br\/grupoeaps\/wp-content\/uploads\/sites\/604\/2020\/12\/Edima-11-1-1536x1129.jpg 1536w, https:\/\/sites.usp.br\/grupoeaps\/wp-content\/uploads\/sites\/604\/2020\/12\/Edima-11-1-2048x1506.jpg 2048w, https:\/\/sites.usp.br\/grupoeaps\/wp-content\/uploads\/sites\/604\/2020\/12\/Edima-11-1-80x60.jpg 80w, https:\/\/sites.usp.br\/grupoeaps\/wp-content\/uploads\/sites\/604\/2020\/12\/Edima-11-1-400x294.jpg 400w\" sizes=\"auto, (max-width: 310px) 100vw, 310px\" \/><\/a><\/p>\n<p style=\"text-align: center;\">Edima Donnabela<\/p>\n<p style=\"text-align: center;\">Projeto Samuel Rangel Coordinator<\/p>\n<p>&nbsp;<\/p>\n<p style=\"text-align: center;\"><a href=\"https:\/\/sites.usp.br\/grupoeaps\/wp-content\/uploads\/sites\/604\/2019\/11\/Silvana.jpg\"><img loading=\"lazy\" decoding=\"async\" class=\"alignnone wp-image-285\" src=\"https:\/\/sites.usp.br\/grupoeaps\/wp-content\/uploads\/sites\/604\/2019\/11\/Silvana-300x300.jpg\" alt=\"\" width=\"273\" height=\"273\" srcset=\"https:\/\/sites.usp.br\/grupoeaps\/wp-content\/uploads\/sites\/604\/2019\/11\/Silvana-300x300.jpg 300w, https:\/\/sites.usp.br\/grupoeaps\/wp-content\/uploads\/sites\/604\/2019\/11\/Silvana-150x150.jpg 150w, https:\/\/sites.usp.br\/grupoeaps\/wp-content\/uploads\/sites\/604\/2019\/11\/Silvana-768x768.jpg 768w, https:\/\/sites.usp.br\/grupoeaps\/wp-content\/uploads\/sites\/604\/2019\/11\/Silvana-250x250.jpg 250w, https:\/\/sites.usp.br\/grupoeaps\/wp-content\/uploads\/sites\/604\/2019\/11\/Silvana-174x174.jpg 174w, https:\/\/sites.usp.br\/grupoeaps\/wp-content\/uploads\/sites\/604\/2019\/11\/Silvana-45x45.jpg 45w, https:\/\/sites.usp.br\/grupoeaps\/wp-content\/uploads\/sites\/604\/2019\/11\/Silvana-200x200.jpg 200w, https:\/\/sites.usp.br\/grupoeaps\/wp-content\/uploads\/sites\/604\/2019\/11\/Silvana-400x400.jpg 400w, https:\/\/sites.usp.br\/grupoeaps\/wp-content\/uploads\/sites\/604\/2019\/11\/Silvana.jpg 960w\" sizes=\"auto, (max-width: 273px) 100vw, 273px\" \/><\/a><\/p>\n<p style=\"text-align: center;\"><a href=\"http:\/\/lattes.cnpq.br\/3937315690706320\" target=\"_blank\" rel=\"noopener noreferrer\">Silvana Bassi Ramos<\/a><\/p>\n<p>&nbsp;<\/p>\n<p style=\"text-align: center;\"><a href=\"https:\/\/sites.usp.br\/grupoeaps\/wp-content\/uploads\/sites\/604\/2020\/11\/Marliete-Rodrigues.jpg\"><img loading=\"lazy\" decoding=\"async\" class=\"alignnone wp-image-816\" src=\"https:\/\/sites.usp.br\/grupoeaps\/wp-content\/uploads\/sites\/604\/2020\/11\/Marliete-Rodrigues-236x300.jpg\" alt=\"\" width=\"242\" height=\"307\" srcset=\"https:\/\/sites.usp.br\/grupoeaps\/wp-content\/uploads\/sites\/604\/2020\/11\/Marliete-Rodrigues-236x300.jpg 236w, https:\/\/sites.usp.br\/grupoeaps\/wp-content\/uploads\/sites\/604\/2020\/11\/Marliete-Rodrigues-806x1024.jpg 806w, https:\/\/sites.usp.br\/grupoeaps\/wp-content\/uploads\/sites\/604\/2020\/11\/Marliete-Rodrigues-768x976.jpg 768w, https:\/\/sites.usp.br\/grupoeaps\/wp-content\/uploads\/sites\/604\/2020\/11\/Marliete-Rodrigues-400x508.jpg 400w, https:\/\/sites.usp.br\/grupoeaps\/wp-content\/uploads\/sites\/604\/2020\/11\/Marliete-Rodrigues.jpg 841w\" sizes=\"auto, (max-width: 242px) 100vw, 242px\" \/><\/a><\/p>\n<p style=\"text-align: center;\"><a href=\"https:\/\/imginn.com\/fotomarisp\/?lang=pt\" target=\"_blank\" rel=\"noopener noreferrer\">Marliete Rodrigues<\/a><\/p>\n<p style=\"text-align: center;\">Photografer<\/p>\n<p>&nbsp;<\/p>\n<p><a href=\"https:\/\/sites.usp.br\/grupoeaps\/wp-content\/uploads\/sites\/604\/2020\/11\/Rogerio_Pimenta.jpg\"><img loading=\"lazy\" decoding=\"async\" class=\"wp-image-517 aligncenter\" src=\"https:\/\/sites.usp.br\/grupoeaps\/wp-content\/uploads\/sites\/604\/2020\/11\/Rogerio_Pimenta-300x298.jpg\" alt=\"\" width=\"251\" height=\"249\" srcset=\"https:\/\/sites.usp.br\/grupoeaps\/wp-content\/uploads\/sites\/604\/2020\/11\/Rogerio_Pimenta-300x298.jpg 300w, https:\/\/sites.usp.br\/grupoeaps\/wp-content\/uploads\/sites\/604\/2020\/11\/Rogerio_Pimenta-1024x1017.jpg 1024w, https:\/\/sites.usp.br\/grupoeaps\/wp-content\/uploads\/sites\/604\/2020\/11\/Rogerio_Pimenta-150x150.jpg 150w, https:\/\/sites.usp.br\/grupoeaps\/wp-content\/uploads\/sites\/604\/2020\/11\/Rogerio_Pimenta-768x763.jpg 768w, https:\/\/sites.usp.br\/grupoeaps\/wp-content\/uploads\/sites\/604\/2020\/11\/Rogerio_Pimenta-174x174.jpg 174w, https:\/\/sites.usp.br\/grupoeaps\/wp-content\/uploads\/sites\/604\/2020\/11\/Rogerio_Pimenta-45x45.jpg 45w, https:\/\/sites.usp.br\/grupoeaps\/wp-content\/uploads\/sites\/604\/2020\/11\/Rogerio_Pimenta-400x397.jpg 400w, https:\/\/sites.usp.br\/grupoeaps\/wp-content\/uploads\/sites\/604\/2020\/11\/Rogerio_Pimenta.jpg 1440w\" sizes=\"auto, (max-width: 251px) 100vw, 251px\" \/><\/a><\/p>\n<p style=\"text-align: center;\"><a href=\"http:\/\/lattes.cnpq.br\/4530167240000383\" target=\"_blank\" rel=\"noopener noreferrer\">Rog\u00e9rio Pimenta<\/a><\/p>\n<p>&nbsp;<\/p>\n<p><a href=\"https:\/\/sites.usp.br\/grupoeaps\/wp-content\/uploads\/sites\/604\/2020\/11\/MG_4590-scaled.jpg\"><br \/>\n<img loading=\"lazy\" decoding=\"async\" class=\"wp-image-625 aligncenter\" src=\"https:\/\/sites.usp.br\/grupoeaps\/wp-content\/uploads\/sites\/604\/2020\/11\/MG_4590-300x200.jpg\" alt=\"\" width=\"293\" height=\"195\" srcset=\"https:\/\/sites.usp.br\/grupoeaps\/wp-content\/uploads\/sites\/604\/2020\/11\/MG_4590-300x200.jpg 300w, https:\/\/sites.usp.br\/grupoeaps\/wp-content\/uploads\/sites\/604\/2020\/11\/MG_4590-1024x683.jpg 1024w, https:\/\/sites.usp.br\/grupoeaps\/wp-content\/uploads\/sites\/604\/2020\/11\/MG_4590-768x512.jpg 768w, https:\/\/sites.usp.br\/grupoeaps\/wp-content\/uploads\/sites\/604\/2020\/11\/MG_4590-1536x1024.jpg 1536w, https:\/\/sites.usp.br\/grupoeaps\/wp-content\/uploads\/sites\/604\/2020\/11\/MG_4590-2048x1365.jpg 2048w, https:\/\/sites.usp.br\/grupoeaps\/wp-content\/uploads\/sites\/604\/2020\/11\/MG_4590-750x500.jpg 750w, https:\/\/sites.usp.br\/grupoeaps\/wp-content\/uploads\/sites\/604\/2020\/11\/MG_4590-272x182.jpg 272w, https:\/\/sites.usp.br\/grupoeaps\/wp-content\/uploads\/sites\/604\/2020\/11\/MG_4590-400x267.jpg 400w\" sizes=\"auto, (max-width: 293px) 100vw, 293px\" \/><\/a><\/p>\n<p style=\"text-align: center;\"><a href=\"http:\/\/lattes.cnpq.br\/5255073521147458\" target=\"_blank\" rel=\"noopener noreferrer\">Caroline Miranda Bernardo<\/a><\/p>\n<p>&nbsp;<\/p>\n<p><a href=\"https:\/\/sites.usp.br\/grupoeaps\/wp-content\/uploads\/sites\/604\/2019\/11\/Mariana.jpg\"><img loading=\"lazy\" decoding=\"async\" class=\"wp-image-286 aligncenter\" src=\"https:\/\/sites.usp.br\/grupoeaps\/wp-content\/uploads\/sites\/604\/2019\/11\/Mariana-225x300.jpg\" alt=\"\" width=\"221\" height=\"294\" srcset=\"https:\/\/sites.usp.br\/grupoeaps\/wp-content\/uploads\/sites\/604\/2019\/11\/Mariana-225x300.jpg 225w, https:\/\/sites.usp.br\/grupoeaps\/wp-content\/uploads\/sites\/604\/2019\/11\/Mariana-400x533.jpg 400w, https:\/\/sites.usp.br\/grupoeaps\/wp-content\/uploads\/sites\/604\/2019\/11\/Mariana.jpg 720w\" sizes=\"auto, (max-width: 221px) 100vw, 221px\" \/><\/a><\/p>\n<p style=\"text-align: center;\"><a href=\"http:\/\/lattes.cnpq.br\/7503466923205556\" target=\"_blank\" rel=\"noopener noreferrer\">Mariana Oliveira<\/a><\/p>\n<p>&nbsp;<\/p>\n<p><a href=\"https:\/\/sites.usp.br\/grupoeaps\/wp-content\/uploads\/sites\/604\/2019\/11\/Renan.jpg\"><img loading=\"lazy\" decoding=\"async\" class=\"wp-image-287 aligncenter\" src=\"https:\/\/sites.usp.br\/grupoeaps\/wp-content\/uploads\/sites\/604\/2019\/11\/Renan-300x225.jpg\" alt=\"\" width=\"269\" height=\"202\" srcset=\"https:\/\/sites.usp.br\/grupoeaps\/wp-content\/uploads\/sites\/604\/2019\/11\/Renan-300x225.jpg 300w, https:\/\/sites.usp.br\/grupoeaps\/wp-content\/uploads\/sites\/604\/2019\/11\/Renan-768x576.jpg 768w, https:\/\/sites.usp.br\/grupoeaps\/wp-content\/uploads\/sites\/604\/2019\/11\/Renan-285x214.jpg 285w, https:\/\/sites.usp.br\/grupoeaps\/wp-content\/uploads\/sites\/604\/2019\/11\/Renan-80x60.jpg 80w, https:\/\/sites.usp.br\/grupoeaps\/wp-content\/uploads\/sites\/604\/2019\/11\/Renan-400x300.jpg 400w, https:\/\/sites.usp.br\/grupoeaps\/wp-content\/uploads\/sites\/604\/2019\/11\/Renan.jpg 960w\" sizes=\"auto, (max-width: 269px) 100vw, 269px\" \/><\/a><\/p>\n<p style=\"text-align: center;\"><a href=\"http:\/\/lattes.cnpq.br\/1069239773478888\" target=\"_blank\" rel=\"noopener noreferrer\">Renan Rodrigues de Almeida<\/a><\/p>\n<p>&nbsp;<\/p>\n<p><a href=\"https:\/\/sites.usp.br\/grupoeaps\/wp-content\/uploads\/sites\/604\/2019\/11\/murillo.jpg\"><img loading=\"lazy\" decoding=\"async\" class=\"wp-image-439 aligncenter\" src=\"https:\/\/sites.usp.br\/grupoeaps\/wp-content\/uploads\/sites\/604\/2019\/11\/murillo-300x200.jpg\" alt=\"\" width=\"290\" height=\"193\" srcset=\"https:\/\/sites.usp.br\/grupoeaps\/wp-content\/uploads\/sites\/604\/2019\/11\/murillo-300x200.jpg 300w, https:\/\/sites.usp.br\/grupoeaps\/wp-content\/uploads\/sites\/604\/2019\/11\/murillo-768x512.jpg 768w, https:\/\/sites.usp.br\/grupoeaps\/wp-content\/uploads\/sites\/604\/2019\/11\/murillo-1024x683.jpg 1024w, https:\/\/sites.usp.br\/grupoeaps\/wp-content\/uploads\/sites\/604\/2019\/11\/murillo-750x500.jpg 750w, https:\/\/sites.usp.br\/grupoeaps\/wp-content\/uploads\/sites\/604\/2019\/11\/murillo-272x182.jpg 272w, https:\/\/sites.usp.br\/grupoeaps\/wp-content\/uploads\/sites\/604\/2019\/11\/murillo-400x267.jpg 400w\" sizes=\"auto, (max-width: 290px) 100vw, 290px\" \/><\/a><\/p>\n<p style=\"text-align: center;\"><a href=\"http:\/\/lattes.cnpq.br\/0862367475554431\" target=\"_blank\" rel=\"noopener noreferrer\">Murillo Lino Reis<\/a><\/p>\n<p>&nbsp;<\/p>\n<p><img loading=\"lazy\" decoding=\"async\" class=\"size-full wp-image-1348 aligncenter\" src=\"https:\/\/sites.usp.br\/grupoeaps\/wp-content\/uploads\/sites\/604\/2022\/03\/Giovana-225x300-1.jpg\" alt=\"\" width=\"225\" height=\"300\" \/><\/p>\n<p style=\"text-align: center;\"><a href=\"https:\/\/sites.usp.br\/grupoeaps\/wp-content\/uploads\/sites\/604\/2021\/06\/Giovana.jpg\">Giovana Kobayashi<\/a><\/p>\n<p>&nbsp;<\/p>\n<p><a href=\"https:\/\/sites.usp.br\/grupoeaps\/wp-content\/uploads\/sites\/604\/2021\/03\/Gabriela-Cipolli.jpeg\"><img loading=\"lazy\" decoding=\"async\" class=\"size-medium wp-image-1223 aligncenter\" src=\"https:\/\/sites.usp.br\/grupoeaps\/wp-content\/uploads\/sites\/604\/2021\/03\/Gabriela-Cipolli-225x300.jpeg\" alt=\"\" width=\"225\" height=\"300\" srcset=\"https:\/\/sites.usp.br\/grupoeaps\/wp-content\/uploads\/sites\/604\/2021\/03\/Gabriela-Cipolli-225x300.jpeg 225w, https:\/\/sites.usp.br\/grupoeaps\/wp-content\/uploads\/sites\/604\/2021\/03\/Gabriela-Cipolli-768x1024.jpeg 768w, https:\/\/sites.usp.br\/grupoeaps\/wp-content\/uploads\/sites\/604\/2021\/03\/Gabriela-Cipolli-400x533.jpeg 400w, https:\/\/sites.usp.br\/grupoeaps\/wp-content\/uploads\/sites\/604\/2021\/03\/Gabriela-Cipolli.jpeg 960w\" sizes=\"auto, (max-width: 225px) 100vw, 225px\" \/><\/a><\/p>\n<p style=\"text-align: center;\"><a href=\"http:\/\/lattes.cnpq.br\/7432804711224212\" target=\"_blank\" rel=\"noopener noreferrer\">Gabriela Cabett Cipolli<\/a><\/p>\n","protected":false},"excerpt":{"rendered":"<p>EAPS Group is composed of team members and collaborators, part of them undergraduate and graduated students from University of S\u00e3o Paulo, Brazil. &nbsp; Coordinator Dr. Andrea Lopes ___________________________________ &nbsp; Team members Patr\u00edcia Yokomizo &nbsp; Cristiano de Assis &nbsp; Suzanne Tanoue &nbsp; B\u00e1rbara Santos Aires &nbsp; Brenda Carvalho de Andrade &nbsp; Luana Ferrari dos Santos &nbsp;<a href=\"https:\/\/sites.usp.br\/grupoeaps\/team\/\">[&#8230;]<\/a><\/p>\n","protected":false},"author":1157,"featured_media":0,"parent":0,"menu_order":0,"comment_status":"closed","ping_status":"closed","template":"","meta":{"_monsterinsights_skip_tracking":false,"_monsterinsights_sitenote_active":false,"_monsterinsights_sitenote_note":"","_monsterinsights_sitenote_category":0,"footnotes":"","_links_to":"","_links_to_target":""},"class_list":["post-962","page","type-page","status-publish","hentry"],"_links":{"self":[{"href":"https:\/\/sites.usp.br\/grupoeaps\/wp-json\/wp\/v2\/pages\/962","targetHints":{"allow":["GET"]}}],"collection":[{"href":"https:\/\/sites.usp.br\/grupoeaps\/wp-json\/wp\/v2\/pages"}],"about":[{"href":"https:\/\/sites.usp.br\/grupoeaps\/wp-json\/wp\/v2\/types\/page"}],"author":[{"embeddable":true,"href":"https:\/\/sites.usp.br\/grupoeaps\/wp-json\/wp\/v2\/users\/1157"}],"replies":[{"embeddable":true,"href":"https:\/\/sites.usp.br\/grupoeaps\/wp-json\/wp\/v2\/comments?post=962"}],"version-history":[{"count":5,"href":"https:\/\/sites.usp.br\/grupoeaps\/wp-json\/wp\/v2\/pages\/962\/revisions"}],"predecessor-version":[{"id":1933,"href":"https:\/\/sites.usp.br\/grupoeaps\/wp-json\/wp\/v2\/pages\/962\/revisions\/1933"}],"wp:attachment":[{"href":"https:\/\/sites.usp.br\/grupoeaps\/wp-json\/wp\/v2\/media?parent=962"}],"curies":[{"name":"wp","href":"https:\/\/api.w.org\/{rel}","templated":true}]}}