{"id":1177,"date":"2024-02-28T10:53:34","date_gmt":"2024-02-28T13:53:34","guid":{"rendered":"https:\/\/sites.usp.br\/guiacseb\/?page_id=1177"},"modified":"2024-10-10T07:28:06","modified_gmt":"2024-10-10T10:28:06","slug":"cardiologia","status":"publish","type":"page","link":"https:\/\/sites.usp.br\/guiacseb\/servicos\/cardiologia\/","title":{"rendered":"Cardiologia"},"content":{"rendered":"<p>Conforme nova orienta\u00e7\u00e3o no grupo de reguladores, todas as requisi\u00e7\u00f5es de Cardiologista devem ser acompanhadas de alguns exames, os exames que s\u00e3o necess\u00e1rios para passar no especialista s\u00e3o:<br \/>\n<b>ECG<\/b>,\u00a0<b>RX de t\u00f3rax<\/b>,\u00a0<b>Controle de PA<\/b>,\u00a0<b>Glicemia<\/b>,\u00a0<b>Colesterol total e fracionado<\/b>,\u00a0<b>Triglic\u00e9rides<\/b>,\u00a0<b>Cre<wbr \/>atinina\u00a0<\/b>e\u00a0<b>Pot\u00e1ssio<\/b>,\u00a0<b>Sorologia para doen\u00e7as de Chagas<\/b>\u00a0nos casos suspeitos,\u00a0<b>T4 Livre<\/b>\u00a0e\u00a0<b>TSH<\/b>\u00a0em caso de Arritmias.<\/p>\n<p>Encaminhamento em ficha de refer\u00eancia e contra refer\u00eancia.<\/p>\n<p><a href=\"https:\/\/sites.usp.br\/guiacseb\/wp-content\/uploads\/sites\/943\/2024\/08\/Importante_informar_CID_peso_e_IMC.png\"><img loading=\"lazy\" decoding=\"async\" class=\"alignnone wp-image-1248\" src=\"https:\/\/sites.usp.br\/guiacseb\/wp-content\/uploads\/sites\/943\/2024\/08\/Importante_informar_CID_peso_e_IMC-300x169.png\" alt=\"\" width=\"407\" height=\"229\" srcset=\"https:\/\/sites.usp.br\/guiacseb\/wp-content\/uploads\/sites\/943\/2024\/08\/Importante_informar_CID_peso_e_IMC-300x169.png 300w, https:\/\/sites.usp.br\/guiacseb\/wp-content\/uploads\/sites\/943\/2024\/08\/Importante_informar_CID_peso_e_IMC-1024x576.png 1024w, https:\/\/sites.usp.br\/guiacseb\/wp-content\/uploads\/sites\/943\/2024\/08\/Importante_informar_CID_peso_e_IMC-768x432.png 768w, https:\/\/sites.usp.br\/guiacseb\/wp-content\/uploads\/sites\/943\/2024\/08\/Importante_informar_CID_peso_e_IMC-1536x864.png 1536w, https:\/\/sites.usp.br\/guiacseb\/wp-content\/uploads\/sites\/943\/2024\/08\/Importante_informar_CID_peso_e_IMC-310x174.png 310w, https:\/\/sites.usp.br\/guiacseb\/wp-content\/uploads\/sites\/943\/2024\/08\/Importante_informar_CID_peso_e_IMC-400x225.png 400w, https:\/\/sites.usp.br\/guiacseb\/wp-content\/uploads\/sites\/943\/2024\/08\/Importante_informar_CID_peso_e_IMC.png 1600w\" sizes=\"auto, (max-width: 407px) 100vw, 407px\" \/><\/a><\/p>\n<p>Obs: N\u00e3o \u00e9 obrigat\u00f3rio informar peso\/IMC do paciente para este encaminhamento, por\u00e9m ao n\u00e3o adicionar, o sistema restringe o aparecimento de vagas apenas para locais que aceitam sem essa informa\u00e7\u00e3o, podendo acarretar em maior espera para um poss\u00edvel agendamento.<\/p>\n<p>&nbsp;<\/p>\n<p>&#8211;\u00a0<a title=\"Download de arquivo PDF - Tamanho 447 KB\" href=\"https:\/\/www.prefeitura.sp.gov.br\/cidade\/secretarias\/upload\/saude\/angiotomografia_coracao.pdf\" target=\"_blank\" rel=\"noopener\">ANGIOTOMOGRAFIA DE CORA\u00c7\u00c3O (Angio-TC)<\/a><\/p>\n<p>&#8211;\u00a0<a title=\"Download de arquivo PDF - Tamanho 277 KB\" href=\"https:\/\/www.prefeitura.sp.gov.br\/cidade\/secretarias\/upload\/saude\/cintilografia.pdf\" target=\"_blank\" rel=\"noopener\">Orienta\u00e7\u00e3o para Cintilografia de Perfus\u00e3o Mioc\u00e1rdica de Repouso e Estresse<\/a><\/p>\n<p>&#8211;\u00a0<a title=\"Download de arquivo PDF - Tamanho 206 KB\" href=\"https:\/\/www.prefeitura.sp.gov.br\/cidade\/secretarias\/upload\/saude\/protocolos_exames_cardiologicos.pdf\" target=\"_blank\" rel=\"noopener\">PROTOCOLOS SMS PARA EXAMES CARDIOLOGICOS REDE DE SA\u00daDE MUNICIPAL<\/a><\/p>\n","protected":false},"excerpt":{"rendered":"<p>Conforme nova orienta\u00e7\u00e3o no grupo de reguladores, todas as requisi\u00e7\u00f5es de Cardiologista devem ser acompanhadas de alguns exames, os exames que s\u00e3o necess\u00e1rios para passar no especialista s\u00e3o: ECG,\u00a0RX de t\u00f3rax,\u00a0Controle de PA,\u00a0Glicemia,\u00a0Colesterol total e fracionado,\u00a0Triglic\u00e9rides,\u00a0Creatinina\u00a0e\u00a0Pot\u00e1ssio,\u00a0Sorologia para doen\u00e7as de Chagas\u00a0nos casos suspeitos,\u00a0T4 Livre\u00a0e\u00a0TSH\u00a0em caso de Arritmias. Encaminhamento em ficha de refer\u00eancia e contra refer\u00eancia. Obs: [&hellip;]<\/p>\n","protected":false},"author":22390,"featured_media":0,"parent":64,"menu_order":0,"comment_status":"closed","ping_status":"closed","template":"","meta":{"_monsterinsights_skip_tracking":false,"_monsterinsights_sitenote_active":false,"_monsterinsights_sitenote_note":"","_monsterinsights_sitenote_category":0,"footnotes":"","_links_to":"","_links_to_target":""},"class_list":["post-1177","page","type-page","status-publish","hentry"],"_links":{"self":[{"href":"https:\/\/sites.usp.br\/guiacseb\/wp-json\/wp\/v2\/pages\/1177","targetHints":{"allow":["GET"]}}],"collection":[{"href":"https:\/\/sites.usp.br\/guiacseb\/wp-json\/wp\/v2\/pages"}],"about":[{"href":"https:\/\/sites.usp.br\/guiacseb\/wp-json\/wp\/v2\/types\/page"}],"author":[{"embeddable":true,"href":"https:\/\/sites.usp.br\/guiacseb\/wp-json\/wp\/v2\/users\/22390"}],"replies":[{"embeddable":true,"href":"https:\/\/sites.usp.br\/guiacseb\/wp-json\/wp\/v2\/comments?post=1177"}],"version-history":[{"count":3,"href":"https:\/\/sites.usp.br\/guiacseb\/wp-json\/wp\/v2\/pages\/1177\/revisions"}],"predecessor-version":[{"id":1310,"href":"https:\/\/sites.usp.br\/guiacseb\/wp-json\/wp\/v2\/pages\/1177\/revisions\/1310"}],"up":[{"embeddable":true,"href":"https:\/\/sites.usp.br\/guiacseb\/wp-json\/wp\/v2\/pages\/64"}],"wp:attachment":[{"href":"https:\/\/sites.usp.br\/guiacseb\/wp-json\/wp\/v2\/media?parent=1177"}],"curies":[{"name":"wp","href":"https:\/\/api.w.org\/{rel}","templated":true}]}}