{"id":1272,"date":"2024-09-05T10:33:14","date_gmt":"2024-09-05T13:33:14","guid":{"rendered":"https:\/\/sites.usp.br\/guiacseb\/?page_id=1272"},"modified":"2024-09-05T10:33:14","modified_gmt":"2024-09-05T13:33:14","slug":"hanseniase","status":"publish","type":"page","link":"https:\/\/sites.usp.br\/guiacseb\/servicos\/hanseniase\/","title":{"rendered":"Hansen\u00edase"},"content":{"rendered":"<p>Programa para interna\u00e7\u00e3o de pacientes de\u00a0<span class=\"il\">hansen<\/span>\u00ed<span class=\"il\">ase<\/span> no IIER:<\/p>\n<p>Conforme informado na reuni\u00e3o com a coordena\u00e7\u00e3o da Central de Urg\u00eancias e Emerg\u00eancias do Complexo \u00a0Regulador Municipal &#8211; CRUE\/SMS, ficou acordado, que os pacientes de <span class=\"il\">hansen<\/span>\u00ed<span class=\"il\">ase<\/span>, que necessitem interna\u00e7\u00e3o no Instituto de Infectologia \u201cEmilio Ribas\u201d, dever\u00e3o ser encaminhados para uma UPA ou Hospital Municipal Regional, com encaminhamento contendo, al\u00e9m dos dados de identifica\u00e7\u00e3o e cl\u00ednicos, resultados de exames do paciente, expresso na solicita\u00e7\u00e3o\u00a0<b><i>indica\u00e7\u00e3o de interna\u00e7\u00e3o no Instituto \u201cEmilio Ribas\u201d.<\/i><\/b><\/p>\n<p>Por sua vez esses locais, que tem acesso ao sistema regulat\u00f3rio, ir\u00e3o solicitar a vaga regulada e dever\u00e3o encaminhar o paciente quando a vaga for liberada, como de rotina.<\/p>\n<p>Lembramos a todos, que compete ao m\u00e9dico da UR formalizar o encaminhamento, com as informa\u00e7\u00f5es pertinentes (acima) e a justificativa t\u00e9cnica\/cl\u00ednica da interna\u00e7\u00e3o, espec\u00edfica para\u00a0<span class=\"il\">hansen<\/span>\u00ed<span class=\"il\">ase<\/span>.<\/p>\n","protected":false},"excerpt":{"rendered":"<p>Programa para interna\u00e7\u00e3o de pacientes de\u00a0hansen\u00edase no IIER: Conforme informado na reuni\u00e3o com a coordena\u00e7\u00e3o da Central de Urg\u00eancias e Emerg\u00eancias do Complexo \u00a0Regulador Municipal &#8211; CRUE\/SMS, ficou acordado, que os pacientes de hansen\u00edase, que necessitem interna\u00e7\u00e3o no Instituto de Infectologia \u201cEmilio Ribas\u201d, dever\u00e3o ser encaminhados para uma UPA ou Hospital Municipal Regional, com encaminhamento [&hellip;]<\/p>\n","protected":false},"author":24221,"featured_media":0,"parent":64,"menu_order":0,"comment_status":"closed","ping_status":"closed","template":"","meta":{"_monsterinsights_skip_tracking":false,"_monsterinsights_sitenote_active":false,"_monsterinsights_sitenote_note":"","_monsterinsights_sitenote_category":0,"footnotes":"","_links_to":"","_links_to_target":""},"class_list":["post-1272","page","type-page","status-publish","hentry"],"_links":{"self":[{"href":"https:\/\/sites.usp.br\/guiacseb\/wp-json\/wp\/v2\/pages\/1272","targetHints":{"allow":["GET"]}}],"collection":[{"href":"https:\/\/sites.usp.br\/guiacseb\/wp-json\/wp\/v2\/pages"}],"about":[{"href":"https:\/\/sites.usp.br\/guiacseb\/wp-json\/wp\/v2\/types\/page"}],"author":[{"embeddable":true,"href":"https:\/\/sites.usp.br\/guiacseb\/wp-json\/wp\/v2\/users\/24221"}],"replies":[{"embeddable":true,"href":"https:\/\/sites.usp.br\/guiacseb\/wp-json\/wp\/v2\/comments?post=1272"}],"version-history":[{"count":1,"href":"https:\/\/sites.usp.br\/guiacseb\/wp-json\/wp\/v2\/pages\/1272\/revisions"}],"predecessor-version":[{"id":1273,"href":"https:\/\/sites.usp.br\/guiacseb\/wp-json\/wp\/v2\/pages\/1272\/revisions\/1273"}],"up":[{"embeddable":true,"href":"https:\/\/sites.usp.br\/guiacseb\/wp-json\/wp\/v2\/pages\/64"}],"wp:attachment":[{"href":"https:\/\/sites.usp.br\/guiacseb\/wp-json\/wp\/v2\/media?parent=1272"}],"curies":[{"name":"wp","href":"https:\/\/api.w.org\/{rel}","templated":true}]}}