{"id":239,"date":"2021-04-19T16:46:11","date_gmt":"2021-04-19T19:46:11","guid":{"rendered":"https:\/\/sites.usp.br\/guiacseb\/?page_id=239"},"modified":"2021-04-19T16:46:11","modified_gmt":"2021-04-19T19:46:11","slug":"cer","status":"publish","type":"page","link":"https:\/\/sites.usp.br\/guiacseb\/servicos\/cer\/","title":{"rendered":"Centro Especializado em Reabilita\u00e7\u00e3o (CER)"},"content":{"rendered":"<div class=\"mYVXT\">\n<div class=\"LS81yb VICjCf\" tabindex=\"-1\">\n<div class=\"hJDwNd-AhqUyc-uQSCkd purZT-AhqUyc-II5mzb pSzOP-AhqUyc-qWD73c JNdkSc\">\n<div class=\"JNdkSc-SmKAyb\">\n<div class=\"\">\n<div class=\"oKdM2c Kzv0Me\">\n<div id=\"h.7b7b8d6ac0fee6cd_523\" class=\"hJDwNd-AhqUyc-uQSCkd jXK9ad D2fZ2 OjCsFc wHaque GNzUNc\">\n<div class=\"jXK9ad-SmKAyb\">\n<div class=\"tyJCtd mGzaTb baZpAe\">\n<p class=\"CDt4Ke zfr3Q\" dir=\"ltr\">Ser\u00e3o disponibilizadas 2 vagas mensais para cada UBS do territ\u00f3rio. Devem sere agendados pacientes priorit\u00e1rios para reabilita\u00e7\u00e3o.<\/p>\n<p class=\"CDt4Ke zfr3Q\" dir=\"ltr\"><strong>Antes de agendar<\/strong> um caso para o CER, <strong>IMPORTANTE QUE A EQUIPE MULTI DA UBS TENHA AVALIADO O CASO<\/strong>!<\/p>\n<p class=\"CDt4Ke zfr3Q\" dir=\"ltr\">CID (ATEN\u00c7\u00c3O no apontamento do CID correto!)<br \/>\n<strong>Especialidade:<\/strong> Especialista em Reabilita\u00e7\u00e3o F\u00edsica<br \/>\n<strong>Procedimento:<\/strong> 030107900 \u2013 Avalia\u00e7\u00e3o Multiprofissional em Reabilita\u00e7\u00e3o<br \/>\n<strong>Lembrando quais os casos priorit\u00e1rios que podem ser agendados:<br \/>\n<\/strong>* <strong>RN de alto risco ou com defici\u00eancia estabelecida (ap\u00f3s 1 ano)<br \/>\n<\/strong>* <strong>Crian\u00e7as com defici\u00eancias<br \/>\n<\/strong>* <strong>Interven\u00e7\u00e3o em casos p\u00f3s-alta hospitalar<br \/>\n<\/strong>* <strong>AVE e TCE at\u00e9 1 (um) ano e meio ap\u00f3s o evento<br \/>\n<\/strong>* <strong>P\u00f3s-operat\u00f3rios recentes<\/strong><\/p>\n<p class=\"CDt4Ke zfr3Q\" dir=\"ltr\">Os beb\u00eas de risco at\u00e9 1 ano de idade devem ser acompanhados nas UBSs e tamb\u00e9m no CER e precisam ser agendados pelo Al\u00f4 M\u00e3e<\/p>\n<p class=\"CDt4Ke zfr3Q\" dir=\"ltr\">Por fim, casos que tragam d\u00favida de como encaminhar ou que a equipe avalie como prioridade de acompanhamento, mas n\u00e3o estejam contemplados nos crit\u00e9rios acima, podem ser enviados por email ao CER e para a assessoria da supervis\u00e3o, para analise e orienta\u00e7\u00e3o.<\/p>\n<\/div>\n<\/div>\n<\/div>\n<\/div>\n<\/div>\n<\/div>\n<\/div>\n<\/div>\n<\/div>\n","protected":false},"excerpt":{"rendered":"<p>Ser\u00e3o disponibilizadas 2 vagas mensais para cada UBS do territ\u00f3rio. Devem sere agendados pacientes priorit\u00e1rios para reabilita\u00e7\u00e3o. Antes de agendar um caso para o CER, IMPORTANTE QUE A EQUIPE MULTI DA UBS TENHA AVALIADO O CASO! CID (ATEN\u00c7\u00c3O no apontamento do CID correto!) Especialidade: Especialista em Reabilita\u00e7\u00e3o F\u00edsica Procedimento: 030107900 \u2013 Avalia\u00e7\u00e3o Multiprofissional em Reabilita\u00e7\u00e3o [&hellip;]<\/p>\n","protected":false},"author":22390,"featured_media":0,"parent":64,"menu_order":0,"comment_status":"closed","ping_status":"closed","template":"","meta":{"_monsterinsights_skip_tracking":false,"_monsterinsights_sitenote_active":false,"_monsterinsights_sitenote_note":"","_monsterinsights_sitenote_category":0,"footnotes":"","_links_to":"","_links_to_target":""},"class_list":["post-239","page","type-page","status-publish","hentry"],"_links":{"self":[{"href":"https:\/\/sites.usp.br\/guiacseb\/wp-json\/wp\/v2\/pages\/239","targetHints":{"allow":["GET"]}}],"collection":[{"href":"https:\/\/sites.usp.br\/guiacseb\/wp-json\/wp\/v2\/pages"}],"about":[{"href":"https:\/\/sites.usp.br\/guiacseb\/wp-json\/wp\/v2\/types\/page"}],"author":[{"embeddable":true,"href":"https:\/\/sites.usp.br\/guiacseb\/wp-json\/wp\/v2\/users\/22390"}],"replies":[{"embeddable":true,"href":"https:\/\/sites.usp.br\/guiacseb\/wp-json\/wp\/v2\/comments?post=239"}],"version-history":[{"count":1,"href":"https:\/\/sites.usp.br\/guiacseb\/wp-json\/wp\/v2\/pages\/239\/revisions"}],"predecessor-version":[{"id":240,"href":"https:\/\/sites.usp.br\/guiacseb\/wp-json\/wp\/v2\/pages\/239\/revisions\/240"}],"up":[{"embeddable":true,"href":"https:\/\/sites.usp.br\/guiacseb\/wp-json\/wp\/v2\/pages\/64"}],"wp:attachment":[{"href":"https:\/\/sites.usp.br\/guiacseb\/wp-json\/wp\/v2\/media?parent=239"}],"curies":[{"name":"wp","href":"https:\/\/api.w.org\/{rel}","templated":true}]}}