{"id":1326,"date":"2023-07-12T15:49:50","date_gmt":"2023-07-12T17:49:50","guid":{"rendered":"https:\/\/sites.usp.br\/gvr\/?page_id=1326"},"modified":"2026-04-07T10:38:51","modified_gmt":"2026-04-07T13:38:51","slug":"sobre-a-cpa","status":"publish","type":"page","link":"https:\/\/sites.usp.br\/gvr\/sobre-a-cpa\/","title":{"rendered":"Sobre a CPA"},"content":{"rendered":"\t\t<div data-elementor-type=\"wp-page\" data-elementor-id=\"1326\" class=\"elementor elementor-1326\" data-elementor-post-type=\"page\">\n\t\t\t\t<div class=\"elementor-element elementor-element-eeeb926 e-con-full e-flex e-con e-parent\" data-id=\"eeeb926\" data-element_type=\"container\" data-settings=\"{&quot;background_background&quot;:&quot;classic&quot;}\">\n\t\t\t\t<div class=\"elementor-element elementor-element-0aff5ee e-transform elementor-widget__width-inherit elementor--h-position-center elementor--v-position-middle elementor-widget elementor-widget-slides\" data-id=\"0aff5ee\" data-element_type=\"widget\" data-settings=\"{&quot;_transform_scale_effect&quot;:{&quot;unit&quot;:&quot;px&quot;,&quot;size&quot;:1.05,&quot;sizes&quot;:[]},&quot;transition&quot;:&quot;fade&quot;,&quot;navigation&quot;:&quot;none&quot;,&quot;transition_speed&quot;:500,&quot;_transform_scale_effect_tablet&quot;:{&quot;unit&quot;:&quot;px&quot;,&quot;size&quot;:&quot;&quot;,&quot;sizes&quot;:[]},&quot;_transform_scale_effect_mobile&quot;:{&quot;unit&quot;:&quot;px&quot;,&quot;size&quot;:&quot;&quot;,&quot;sizes&quot;:[]}}\" data-widget_type=\"slides.default\">\n\t\t\t\t<div class=\"elementor-widget-container\">\n\t\t\t\t\t<div class=\"elementor-swiper\">\n\t\t\t<div class=\"elementor-slides-wrapper elementor-main-swiper swiper\" dir=\"ltr\" data-animation=\"\">\n\t\t\t\t<div class=\"swiper-wrapper elementor-slides\">\n\t\t\t\t\t\t\t\t\t\t<div class=\"elementor-repeater-item-ed2ffa7 swiper-slide\"><div class=\"swiper-slide-bg\" role=\"img\"><\/div><div class=\"elementor-background-overlay\"><\/div><div class=\"swiper-slide-inner\" ><div class=\"swiper-slide-contents\"><div class=\"elementor-slide-heading\">Sobre a CPA<\/div><div class=\"elementor-slide-description\">Conhe\u00e7a a estrutura\u00e7\u00e3o e atua\u00e7\u00e3o da Comiss\u00e3o Permanente de Avalia\u00e7\u00e3o<\/div><div  class=\"elementor-button elementor-slide-button elementor-size-xs\">Clique aqui<\/div><\/div><\/div><\/div>\t\t\t\t<\/div>\n\t\t\t\t\t\t\t<\/div>\n\t\t<\/div>\n\t\t\t\t<\/div>\n\t\t\t\t<\/div>\n\t\t\t\t<\/div>\n\t\t<div class=\"elementor-element elementor-element-6b1151a e-flex e-con-boxed e-con e-parent\" data-id=\"6b1151a\" data-element_type=\"container\" data-settings=\"{&quot;background_background&quot;:&quot;classic&quot;}\">\n\t\t\t\t\t<div class=\"e-con-inner\">\n\t\t\t\t<div class=\"elementor-element elementor-element-70e2f81 elementor-widget elementor-widget-text-editor\" data-id=\"70e2f81\" data-element_type=\"widget\" data-widget_type=\"text-editor.default\">\n\t\t\t\t<div class=\"elementor-widget-container\">\n\t\t\t\t\t\t\t<p><span style=\"font-size: 14pt;\"><span style=\"font-weight: 400;\">A Comiss\u00e3o Permanente de Avalia\u00e7\u00e3o (CPA), estabelecida pelo <\/span><a href=\"https:\/\/leginf.usp.br\/?cat=17\" target=\"_blank\" rel=\"noopener\"><span style=\"font-weight: 400;\">Artigo 202 do Regimento Geral da USP<\/span><\/a><span style=\"font-weight: 400;\">, coordena a Avalia\u00e7\u00e3o Institucional da Universidade. Dentre suas fun\u00e7\u00f5es, compete \u00e0 CPA propor diretrizes, fornecer dados e formular an\u00e1lises ao Reitor e ao Conselho Universit\u00e1rio sobre o desempenho da USP em suas atividades principais.\u00a0<\/span><\/span><\/p><p><span style=\"font-size: 14pt;\"><span style=\"font-weight: 400;\">Tendo seu regimento atual fixado por meio da Resolu\u00e7\u00e3o <\/span><a href=\"https:\/\/leginf.usp.br\/?resolucao=resolucao-no-7272-de-23-de-novembro-de-2016\" target=\"_blank\" rel=\"noopener\"><span style=\"font-weight: 400;\">n\u00ba 7.272, de 23 de novembro de 2016<\/span><\/a><span style=\"font-weight: 400;\">, a CPA visa promover a cont\u00ednua melhoria da qualidade institucional a partir de ciclos avaliativos quinquenais, fomentando uma cultura que valorize o conhecimento e o comprometimento necess\u00e1rios \u00e0s atividades acad\u00eamicas. A seguir apresentamos um quadro resumido da avalia\u00e7\u00e3o institucional na Universidade de S\u00e3o Paulo, bem como da estrutura da Comiss\u00e3o Permanente de Avalia\u00e7\u00e3o.<\/span><\/span><\/p>\t\t\t\t\t\t<\/div>\n\t\t\t\t<\/div>\n\t\t\t\t\t<\/div>\n\t\t\t\t<\/div>\n\t\t<div class=\"elementor-element elementor-element-3f34563 e-flex e-con-boxed e-con e-parent\" data-id=\"3f34563\" data-element_type=\"container\" data-settings=\"{&quot;background_background&quot;:&quot;classic&quot;}\">\n\t\t\t\t\t<div class=\"e-con-inner\">\n\t\t\t\t<div class=\"elementor-element elementor-element-52bd0df elementor-widget__width-inherit elementor-widget elementor-widget-eael-adv-accordion\" data-id=\"52bd0df\" data-element_type=\"widget\" data-widget_type=\"eael-adv-accordion.default\">\n\t\t\t\t<div class=\"elementor-widget-container\">\n\t\t\t        <div class=\"eael-adv-accordion\" id=\"eael-adv-accordion-52bd0df\" data-scroll-on-click=\"no\" data-scroll-speed=\"300\" data-accordion-id=\"52bd0df\" data-accordion-type=\"accordion\" data-toogle-speed=\"300\">\n    <div class=\"eael-accordion-list\">\n                <div id=\"a-estrutura-da-cpa\" class=\"elementor-tab-title eael-accordion-header\" tabindex=\"0\" data-tab=\"1\" aria-controls=\"elementor-tab-content-8671\"><span class=\"eael-advanced-accordion-icon-closed\"><i aria-hidden=\"true\" class=\"fa-accordion-icon fas fa-plus\"><\/i><\/span><span class=\"eael-advanced-accordion-icon-opened\"><i aria-hidden=\"true\" class=\"fa-accordion-icon fas fa-minus\"><\/i><\/span><span class=\"eael-accordion-tab-title\">A estrutura da CPA<\/span><i aria-hidden=\"true\" class=\"fa-toggle fas fa-angle-right\"><\/i><\/div><div id=\"elementor-tab-content-8671\" class=\"eael-accordion-content clearfix\" data-tab=\"1\" aria-labelledby=\"a-estrutura-da-cpa\"><p><span style=\"font-weight: 400;\">Conforme estabelecido pelo atual regimento, a CPA se estrutura a partir de tr\u00eas inst\u00e2ncias articuladas. S\u00e3o elas a Comiss\u00e3o Plen\u00e1ria (CP), a C\u00e2mara de Avalia\u00e7\u00e3o Institucional (CAI) e a C\u00e2mara de Atividades Docentes (CAD). <\/span><span style=\"font-weight: 400;\">Clique imagem abaixo para acessar um infogr\u00e1fico referente \u00e0 estrutura da Comiss\u00e3o Permanente de Avalia\u00e7\u00e3o.<\/span><a href=\"https:\/\/sites.usp.br\/gvr\/wp-content\/uploads\/sites\/17\/2024\/02\/cpa_estrutura.jpg\"><img fetchpriority=\"high\" decoding=\"async\" class=\"size-medium wp-image-2327 aligncenter\" src=\"https:\/\/sites.usp.br\/gvr\/wp-content\/uploads\/sites\/17\/2024\/02\/cpa_estrutura-212x300.jpg\" alt=\"\" width=\"212\" height=\"300\" srcset=\"https:\/\/sites.usp.br\/gvr\/wp-content\/uploads\/sites\/17\/2024\/02\/cpa_estrutura-212x300.jpg 212w, https:\/\/sites.usp.br\/gvr\/wp-content\/uploads\/sites\/17\/2024\/02\/cpa_estrutura-725x1024.jpg 725w, https:\/\/sites.usp.br\/gvr\/wp-content\/uploads\/sites\/17\/2024\/02\/cpa_estrutura-768x1085.jpg 768w, https:\/\/sites.usp.br\/gvr\/wp-content\/uploads\/sites\/17\/2024\/02\/cpa_estrutura-1087x1536.jpg 1087w, https:\/\/sites.usp.br\/gvr\/wp-content\/uploads\/sites\/17\/2024\/02\/cpa_estrutura.jpg 1241w\" sizes=\"(max-width: 212px) 100vw, 212px\" \/><\/a><\/p><\/div>\n                <\/div><div class=\"eael-accordion-list\">\n                <div id=\"a-avaliao-institucional-e-seus-ciclos\" class=\"elementor-tab-title eael-accordion-header\" tabindex=\"0\" data-tab=\"2\" aria-controls=\"elementor-tab-content-8672\"><span class=\"eael-advanced-accordion-icon-closed\"><i aria-hidden=\"true\" class=\"fa-accordion-icon fas fa-plus\"><\/i><\/span><span class=\"eael-advanced-accordion-icon-opened\"><i aria-hidden=\"true\" class=\"fa-accordion-icon fas fa-minus\"><\/i><\/span><span class=\"eael-accordion-tab-title\">A Avalia\u00e7\u00e3o Institucional e seus ciclos<\/span><i aria-hidden=\"true\" class=\"fa-toggle fas fa-angle-right\"><\/i><\/div><div id=\"elementor-tab-content-8672\" class=\"eael-accordion-content clearfix\" data-tab=\"2\" aria-labelledby=\"a-avaliao-institucional-e-seus-ciclos\"><p><span style=\"font-weight: 400;\">A Universidade de S\u00e3o Paulo estabeleceu seu processo de Avalia\u00e7\u00e3o Institucional a partir de 1990, quando foi criada a Comiss\u00e3o Permanente de Avalia\u00e7\u00e3o (CPA), em 1992. Desde ent\u00e3o a CPA conduziu cinco ciclos de avalia\u00e7\u00e3o nos per\u00edodos de 1992-1999 (Ciclo I), 2003-2005 (Ciclo II), 2005-2009 (Ciclo III), 2010-2014 (Ciclo IV) e 2018-2022 (Ciclo V). A partir da consolida\u00e7\u00e3o do novo regimento da Comiss\u00e3o Permanente de Avalia\u00e7\u00e3o, em 2016, os ciclos de avalia\u00e7\u00e3o institucional transcorrem em per\u00edodos de 5 (cinco) anos.\u00a0<\/span><\/p><p><span style=\"font-weight: 400;\">Tendo como objetivo aprimorar o autodiagn\u00f3stico e fortalecer a melhoria permanente da qualidade organizacional, em 2016 o Conselho Universit\u00e1rio aprovou um novo sistema de avalia\u00e7\u00e3o para a Universidade. Este sistema \u00e9 centrado em projetos acad\u00eamicos das diferentes inst\u00e2ncias universit\u00e1rias. O projeto acad\u00eamico consiste em um plano de a\u00e7\u00f5es no qual o docente, o departamento e a unidade definem objetivos e metas para os ciclos quinquenais de avalia\u00e7\u00e3o.<\/span><\/p><p><span style=\"font-weight: 400;\">A condu\u00e7\u00e3o desse processo \u00e9 coordenada pela Comiss\u00e3o Permanente de Avalia\u00e7\u00e3o (CPA), com a participa\u00e7\u00e3o de outras duas inst\u00e2ncias no sistema de avalia\u00e7\u00e3o: a Comiss\u00e3o de Atividades Acad\u00eamicas (CAA) do Conselho Universit\u00e1rio e a Comiss\u00e3o Especial de Regimes de Trabalho (CERT). <\/span><\/p><p><span style=\"font-weight: 400;\">Clique na imagem abaixo para acessar um infogr\u00e1fico referente \u00e0 composi\u00e7\u00e3o do processo de Avalia\u00e7\u00e3o Institucional.<\/span><\/p><p><a href=\"https:\/\/sites.usp.br\/gvr\/wp-content\/uploads\/sites\/17\/2024\/02\/avaliacao_passo_a_passo.png\"><img decoding=\"async\" class=\"size-medium wp-image-2328 aligncenter\" src=\"https:\/\/sites.usp.br\/gvr\/wp-content\/uploads\/sites\/17\/2024\/02\/avaliacao_passo_a_passo-300x212.png\" alt=\"\" width=\"300\" height=\"212\" srcset=\"https:\/\/sites.usp.br\/gvr\/wp-content\/uploads\/sites\/17\/2024\/02\/avaliacao_passo_a_passo-300x212.png 300w, https:\/\/sites.usp.br\/gvr\/wp-content\/uploads\/sites\/17\/2024\/02\/avaliacao_passo_a_passo-1024x724.png 1024w, https:\/\/sites.usp.br\/gvr\/wp-content\/uploads\/sites\/17\/2024\/02\/avaliacao_passo_a_passo-768x543.png 768w, https:\/\/sites.usp.br\/gvr\/wp-content\/uploads\/sites\/17\/2024\/02\/avaliacao_passo_a_passo-1536x1085.png 1536w, https:\/\/sites.usp.br\/gvr\/wp-content\/uploads\/sites\/17\/2024\/02\/avaliacao_passo_a_passo-2048x1447.png 2048w\" sizes=\"(max-width: 300px) 100vw, 300px\" \/><\/a><\/p><\/div>\n                <\/div><div class=\"eael-accordion-list\">\n                <div id=\"projetos-acadmicos-as-bases-do-novo-sistema-de-avaliao\" class=\"elementor-tab-title eael-accordion-header\" tabindex=\"0\" data-tab=\"3\" aria-controls=\"elementor-tab-content-8673\"><span class=\"eael-advanced-accordion-icon-closed\"><i aria-hidden=\"true\" class=\"fa-accordion-icon fas fa-plus\"><\/i><\/span><span class=\"eael-advanced-accordion-icon-opened\"><i aria-hidden=\"true\" class=\"fa-accordion-icon fas fa-minus\"><\/i><\/span><span class=\"eael-accordion-tab-title\">Projetos Acad\u00eamicos: as bases do novo sistema de avalia\u00e7\u00e3o<\/span><i aria-hidden=\"true\" class=\"fa-toggle fas fa-angle-right\"><\/i><\/div><div id=\"elementor-tab-content-8673\" class=\"eael-accordion-content clearfix\" data-tab=\"3\" aria-labelledby=\"projetos-acadmicos-as-bases-do-novo-sistema-de-avaliao\"><p><span style=\"font-weight: 400;\">Os atuais esfor\u00e7os da CPA se orientam em fun\u00e7\u00e3o de otimizar a integra\u00e7\u00e3o e a clareza na avalia\u00e7\u00e3o institucional. Para tanto, as atuais diretrizes t\u00eam por base a conson\u00e2ncia entre os Projetos Acad\u00eamicos das diversas esferas que comp\u00f5em o ecossistema organizacional. De forma resumida, este sistema de integra\u00e7\u00e3o se inicia com a elabora\u00e7\u00e3o dos Projetos Acad\u00eamicos das Unidades de Ensino, Institutos Especializados e Museus, seguidos dos Departamentos e, por fim, dos Docentes, sempre visando a converg\u00eancia dos objetivos e metas.<\/span><\/p><p><span style=\"font-weight: 400;\">Quanto aos procedimentos de formula\u00e7\u00e3o, a <a href=\"https:\/\/leginf.usp.br\/?resolucao=resolucao-no-7272-de-23-de-novembro-de-2016\" target=\"_blank\" rel=\"noopener\">resolu\u00e7\u00e3o <\/a><\/span><span style=\"font-weight: 400;\">7272\/2016<\/span><span style=\"font-weight: 400;\"> estipula 7 (sete) crit\u00e9rios para a elabora\u00e7\u00e3o dos Projetos Acad\u00eamicos das Unidades, Museus e Institutos Especializados, aos quais foram acrescidos 11 (onze) requisitos e 14 (catorze) diretrizes gerais por iniciativa da C\u00e2mara de Avalia\u00e7\u00e3o Institucional; acerca dos Departamentos, na mesma resolu\u00e7\u00e3o orienta-se observar os elementos pertinentes ao projeto acad\u00eamico da unidade; por fim, o Projeto Acad\u00eamico Docente deve conter o planejamento das atividades respeitando a articula\u00e7\u00e3o de 7 (sete) elementos centrais, em sintonia com os projetos acad\u00eamicos do Departamento e da Unidade, Museu ou Instituto Especializado. A rela\u00e7\u00e3o destes crit\u00e9rios pode ser acessada abaixo.<\/span><\/p><p style=\"text-align: center;\"><a href=\"https:\/\/drive.google.com\/file\/d\/1mcGQRYhKbuCT94hoKoNY1G4k6C7W_4Af\/view?usp=drive_link\">CRIT\u00c9RIOS PARA A ELABORA\u00c7\u00c3O DOS PROJETOS ACAD\u00caMICOS<\/a><\/p><\/div>\n                <\/div><\/div>\t\t<\/div>\n\t\t\t\t<\/div>\n\t\t\t\t\t<\/div>\n\t\t\t\t<\/div>\n\t\t<div class=\"elementor-element elementor-element-7158976 e-con-full e-flex e-con e-parent\" data-id=\"7158976\" data-element_type=\"container\" data-settings=\"{&quot;background_background&quot;:&quot;classic&quot;}\">\n\t\t\t\t<div class=\"elementor-element elementor-element-577e10a elementor-widget__width-inherit elementor-widget elementor-widget-heading\" data-id=\"577e10a\" data-element_type=\"widget\" data-widget_type=\"heading.default\">\n\t\t\t\t<div class=\"elementor-widget-container\">\n\t\t\t<h2 class=\"elementor-heading-title elementor-size-default\">Saiba mais sobre as c\u00e2maras que comp\u00f5em a CPA<\/h2>\t\t<\/div>\n\t\t\t\t<\/div>\n\t\t\t\t<\/div>\n\t\t<div class=\"elementor-element elementor-element-2f012d5 e-con-full e-flex e-con e-parent\" data-id=\"2f012d5\" data-element_type=\"container\" data-settings=\"{&quot;background_background&quot;:&quot;classic&quot;}\">\n\t\t<div class=\"elementor-element elementor-element-780a8dc e-con-full e-flex e-con e-child\" data-id=\"780a8dc\" data-element_type=\"container\" data-settings=\"{&quot;background_background&quot;:&quot;classic&quot;}\">\n\t\t\t\t<div class=\"elementor-element elementor-element-5a5d812 elementor-widget elementor-widget-heading\" data-id=\"5a5d812\" data-element_type=\"widget\" data-widget_type=\"heading.default\">\n\t\t\t\t<div class=\"elementor-widget-container\">\n\t\t\t<h2 class=\"elementor-heading-title elementor-size-default\"><a href=\"https:\/\/sites.usp.br\/gvr\/sobre-a-cpa\/comissao-plenaria\/\">Comiss\u00e3o Plen\u00e1ria \u2014 CP<\/a><\/h2>\t\t<\/div>\n\t\t\t\t<\/div>\n\t\t\t\t<\/div>\n\t\t<div class=\"elementor-element elementor-element-b7fa399 e-flex e-con-boxed e-con e-child\" data-id=\"b7fa399\" data-element_type=\"container\" data-settings=\"{&quot;background_background&quot;:&quot;classic&quot;}\">\n\t\t\t\t\t<div class=\"e-con-inner\">\n\t\t<div class=\"elementor-element elementor-element-ba3c453 e-con-full e-flex e-con e-child\" data-id=\"ba3c453\" data-element_type=\"container\" data-settings=\"{&quot;background_background&quot;:&quot;classic&quot;}\">\n\t\t\t\t<div class=\"elementor-element elementor-element-373db7a elementor-widget elementor-widget-heading\" data-id=\"373db7a\" data-element_type=\"widget\" data-widget_type=\"heading.default\">\n\t\t\t\t<div class=\"elementor-widget-container\">\n\t\t\t<h2 class=\"elementor-heading-title elementor-size-default\"><a href=\"https:\/\/sites.usp.br\/gvr\/cai\/\">C\u00e2mara de Avalia\u00e7\u00e3o Institucional \u2014 CAI<\/a><\/h2>\t\t<\/div>\n\t\t\t\t<\/div>\n\t\t\t\t<\/div>\n\t\t<div class=\"elementor-element elementor-element-30ec1d7 e-con-full e-flex e-con e-child\" data-id=\"30ec1d7\" data-element_type=\"container\" data-settings=\"{&quot;background_background&quot;:&quot;classic&quot;}\">\n\t\t\t\t<div class=\"elementor-element elementor-element-18d3cc3 elementor-widget__width-initial elementor-widget elementor-widget-heading\" data-id=\"18d3cc3\" data-element_type=\"widget\" data-widget_type=\"heading.default\">\n\t\t\t\t<div class=\"elementor-widget-container\">\n\t\t\t<h2 class=\"elementor-heading-title elementor-size-default\"><a href=\"https:\/\/sites.usp.br\/gvr\/cad\/\">C\u00e2mara de Atividades Docentes \u2014 CAD<\/a><\/h2>\t\t<\/div>\n\t\t\t\t<\/div>\n\t\t\t\t<\/div>\n\t\t\t\t\t<\/div>\n\t\t\t\t<\/div>\n\t\t\t\t<\/div>\n\t\t\t\t<section class=\"elementor-section elementor-top-section elementor-element elementor-element-899dbe7 elementor-section-boxed elementor-section-height-default elementor-section-height-default\" data-id=\"899dbe7\" data-element_type=\"section\">\n\t\t\t\t\t\t<div class=\"elementor-container elementor-column-gap-default\">\n\t\t\t\t\t<div class=\"elementor-column elementor-col-100 elementor-top-column elementor-element elementor-element-07ee1f0\" data-id=\"07ee1f0\" data-element_type=\"column\">\n\t\t\t<div class=\"elementor-widget-wrap elementor-element-populated\">\n\t\t\t\t\t\t<div class=\"elementor-element elementor-element-88e7220 elementor-widget elementor-widget-spacer\" data-id=\"88e7220\" data-element_type=\"widget\" data-widget_type=\"spacer.default\">\n\t\t\t\t<div class=\"elementor-widget-container\">\n\t\t\t\t\t<div class=\"elementor-spacer\">\n\t\t\t<div class=\"elementor-spacer-inner\"><\/div>\n\t\t<\/div>\n\t\t\t\t<\/div>\n\t\t\t\t<\/div>\n\t\t\t\t<div class=\"elementor-element elementor-element-87fd9e1 elementor-widget elementor-widget-heading\" data-id=\"87fd9e1\" data-element_type=\"widget\" data-widget_type=\"heading.default\">\n\t\t\t\t<div class=\"elementor-widget-container\">\n\t\t\t<h2 class=\"elementor-heading-title elementor-size-default\">Informes da Comiss\u00e3o Permanente de Avalia\u00e7\u00e3o - CPA<\/h2>\t\t<\/div>\n\t\t\t\t<\/div>\n\t\t\t\t<div class=\"elementor-element elementor-element-4211449 elementor-widget elementor-widget-eael-adv-accordion\" data-id=\"4211449\" data-element_type=\"widget\" data-widget_type=\"eael-adv-accordion.default\">\n\t\t\t\t<div class=\"elementor-widget-container\">\n\t\t\t        <div class=\"eael-adv-accordion\" id=\"eael-adv-accordion-4211449\" data-scroll-on-click=\"no\" data-scroll-speed=\"300\" data-accordion-id=\"4211449\" data-accordion-type=\"accordion\" data-toogle-speed=\"300\">\n    <div class=\"eael-accordion-list\">\n                <div id=\"jornal-usp-especial-2018-avaliar-para-evoluir\" class=\"elementor-tab-title eael-accordion-header\" tabindex=\"0\" data-tab=\"1\" aria-controls=\"elementor-tab-content-6921\"><span class=\"eael-advanced-accordion-icon-closed\"><i aria-hidden=\"true\" class=\"fa-accordion-icon fas fa-plus\"><\/i><\/span><span class=\"eael-advanced-accordion-icon-opened\"><i aria-hidden=\"true\" class=\"fa-accordion-icon fas fa-minus\"><\/i><\/span><span class=\"eael-accordion-tab-title\">Jornal USP Especial 2018 - Avaliar para evoluir<\/span><i aria-hidden=\"true\" class=\"fa-toggle fas fa-angle-right\"><\/i><\/div><div id=\"elementor-tab-content-6921\" class=\"eael-accordion-content clearfix\" data-tab=\"1\" aria-labelledby=\"jornal-usp-especial-2018-avaliar-para-evoluir\"><p><strong><span style=\"font-size: 18pt;\">Avaliar para evoluir<\/span><\/strong><\/p><p>\u00a0<\/p><p><span style=\"font-size: 14pt;\"><b>Novo sistema de avalia\u00e7\u00e3o institucional da USP prioriza projeto acad\u00eamico<\/b><\/span><\/p><div>\u00a0<\/div><div>\u00a0 \u00a0 \u00a0 A primeira etapa do novo formato de avalia\u00e7\u00e3o da USP j\u00e1 come\u00e7ou e tem o primeiro prazo definido: 31 de agosto de 2018. Ele \u00e9 centrado em projetos acad\u00eamicos das diferentes inst\u00e2ncias universit\u00e1rias. As unidades de ensino, institutos especializados e museus elaboram seus projetos e, a partir deles, \u00e9 a vez dos departamentos produzirem os seus e, por \u00faltimo, o docente.<\/div><div>\u00a0<\/div><div>\u00a0 \u00a0 \u00a0 O projeto acad\u00eamico \u00e9 um plano de a\u00e7\u00f5es no qual o docente, o departamento e a unidade definem objetivos e metas para os pr\u00f3ximos cinco anos. Esse material subsidiar\u00e1 o pr\u00f3prio projeto acad\u00eamico da USP.<\/div><div>\u00a0<\/div><div>\u00a0 \u00a0 \u00a0 O <strong>Jornal da USP<\/strong>\u00a0produziu um material especial explicando o passo a passo desse processo.\u00a0Clique na imagem para ver a edi\u00e7\u00e3o completa ou nos links abaixo para ver os conte\u00fados organizados por t\u00edtulo:<\/div><div>\u00a0<\/div><div><a href=\"https:\/\/jornal.usp.br\/especial\/wp-content\/uploads\/jornal_da_usp_especial_avaliacao_docente.pdf\" target=\"_blank\" rel=\"noopener\"><img decoding=\"async\" class=\"alignleft\" src=\"https:\/\/jornal.usp.br\/especial\/wp-content\/uploads\/usp_avaliacao_docente_capa2.jpg\" alt=\"\" width=\"323\" height=\"457\" \/><\/a><\/div><p><span style=\"color: #008ba1;\"><a style=\"color: #008ba1;\" href=\"https:\/\/jornal.usp.br\/especial\/wp-content\/uploads\/avaliacao_docente_parte1.pdf\" target=\"_blank\" rel=\"noopener\"><strong>USP inicia seu processo de avalia\u00e7\u00e3o institucional e docente<\/strong><\/a><\/span><\/p><p>\u00a0<\/p><p><span style=\"color: #008ba1;\"><a style=\"color: #008ba1;\" href=\"https:\/\/jornal.usp.br\/especial\/wp-content\/uploads\/avaliacao_docente_parte2.pdf\" target=\"_blank\" rel=\"noopener\"><strong>Unidades devem finalizar projetos at\u00e9 31 de agosto<\/strong><\/a><\/span><\/p><p>\u00a0<\/p><p><span style=\"color: #008ba1;\"><a style=\"color: #008ba1;\" href=\"https:\/\/jornal.usp.br\/especial\/wp-content\/uploads\/avaliacao_docente_parte3.pdf\" target=\"_blank\" rel=\"noopener\"><strong>Projeto acad\u00eamico dos professores ter\u00e1 sistema informatizado<\/strong><\/a><\/span><\/p><p>\u00a0<\/p><p><span style=\"color: #008ba1;\"><a style=\"color: #008ba1;\" href=\"https:\/\/jornal.usp.br\/especial\/wp-content\/uploads\/avaliacao_docente_parte4.pdf\" target=\"_blank\" rel=\"noopener\"><strong>Avalia\u00e7\u00e3o docente ser\u00e1 refer\u00eancia para progress\u00e3o na carreira<\/strong><\/a><\/span><\/p><p>\u00a0<\/p><p><span style=\"color: #008ba1;\"><a style=\"color: #008ba1;\" href=\"https:\/\/jornal.usp.br\/especial\/wp-content\/uploads\/avaliacao_docente_parte5.pdf\" target=\"_blank\" rel=\"noopener\"><strong>Avalia\u00e7\u00e3o institucional passo a passo<\/strong><\/a><\/span><\/p><p>\u00a0<\/p><p><span style=\"color: #008ba1;\"><a style=\"color: #008ba1;\" href=\"https:\/\/jornal.usp.br\/especial\/wp-content\/uploads\/avaliacao_docente_parte6.pdf\" target=\"_blank\" rel=\"noopener\"><strong>Professores rec\u00e9m-contratados continuam sendo avaliados pela Cert<\/strong><\/a><\/span><\/p><p>\u00a0<\/p><p><span style=\"color: #008ba1;\"><a style=\"color: #008ba1;\" href=\"https:\/\/jornal.usp.br\/especial\/wp-content\/uploads\/avaliacao_docente_parte7.pdf\" target=\"_blank\" rel=\"noopener\"><strong>A expectativa de quem ser\u00e1 avaliado<\/strong><\/a><\/span><\/p><\/div>\n                <\/div><\/div>\t\t<\/div>\n\t\t\t\t<\/div>\n\t\t\t\t\t<\/div>\n\t\t<\/div>\n\t\t\t\t\t<\/div>\n\t\t<\/section>\n\t\t\t\t<\/div>\n\t\t","protected":false},"excerpt":{"rendered":"<p>Sobre a CPAConhe\u00e7a a estrutura\u00e7\u00e3o e atua\u00e7\u00e3o da Comiss\u00e3o Permanente de Avalia\u00e7\u00e3oClique aqui A Comiss\u00e3o Permanente de Avalia\u00e7\u00e3o (CPA), estabelecida pelo Artigo 202 do Regimento Geral da USP, coordena a Avalia\u00e7\u00e3o Institucional da Universidade. Dentre suas fun\u00e7\u00f5es, compete \u00e0 CPA propor diretrizes, fornecer dados e formular an\u00e1lises ao Reitor e ao Conselho Universit\u00e1rio sobre o [&hellip;]<\/p>\n","protected":false},"author":23611,"featured_media":0,"parent":0,"menu_order":0,"comment_status":"closed","ping_status":"closed","template":"elementor_header_footer","meta":{"footnotes":"","_links_to":"","_links_to_target":""},"class_list":["post-1326","page","type-page","status-publish","hentry"],"_links":{"self":[{"href":"https:\/\/sites.usp.br\/gvr\/wp-json\/wp\/v2\/pages\/1326","targetHints":{"allow":["GET"]}}],"collection":[{"href":"https:\/\/sites.usp.br\/gvr\/wp-json\/wp\/v2\/pages"}],"about":[{"href":"https:\/\/sites.usp.br\/gvr\/wp-json\/wp\/v2\/types\/page"}],"author":[{"embeddable":true,"href":"https:\/\/sites.usp.br\/gvr\/wp-json\/wp\/v2\/users\/23611"}],"replies":[{"embeddable":true,"href":"https:\/\/sites.usp.br\/gvr\/wp-json\/wp\/v2\/comments?post=1326"}],"version-history":[{"count":4,"href":"https:\/\/sites.usp.br\/gvr\/wp-json\/wp\/v2\/pages\/1326\/revisions"}],"predecessor-version":[{"id":4939,"href":"https:\/\/sites.usp.br\/gvr\/wp-json\/wp\/v2\/pages\/1326\/revisions\/4939"}],"wp:attachment":[{"href":"https:\/\/sites.usp.br\/gvr\/wp-json\/wp\/v2\/media?parent=1326"}],"curies":[{"name":"wp","href":"https:\/\/api.w.org\/{rel}","templated":true}]}}