{"id":335,"date":"2020-11-17T18:24:38","date_gmt":"2020-11-17T20:24:38","guid":{"rendered":"http:\/\/sites.usp.br\/heid\/?page_id=335"},"modified":"2024-05-24T17:30:32","modified_gmt":"2024-05-24T19:30:32","slug":"membros","status":"publish","type":"page","link":"https:\/\/sites.usp.br\/heid\/membros\/","title":{"rendered":"Membros"},"content":{"rendered":"<p><strong>EUROPA<\/strong><\/p>\n<ul>\n<li><u> Dra. In\u00eas Fronteira<\/u><\/li>\n<\/ul>\n<p>Global Health and Tropical Medicine;<\/p>\n<p>Instituto de Higiene e Medicina Tropical, Universidade Nova De Lisboa, Lisboa,<\/p>\n<p>Portugal.<\/p>\n<p>Lattes:\u00a0<a href=\"http:\/\/lattes.cnpq.br\/9861360338687097\">http:\/\/lattes.cnpq.br\/9861360338687097<\/a><\/p>\n<p><strong>AM\u00c9RICA<\/strong><strong>\u00a0LATINA E CARIBE<\/strong><\/p>\n<ul>\n<li><u> Dr. Evandro Watanabe<\/u><\/li>\n<\/ul>\n<p>NEPECISS (N\u00facleo de Estudos em Preven\u00e7\u00e3o e Controle de Infec\u00e7\u00e3o nos Servi\u00e7os de Sa\u00fade);<\/p>\n<p>Faculdade de Odontologia de Ribeir\u00e3o Preto\/Universidade de S\u00e3o Paulo.<\/p>\n<p>Lattes:\u00a0<a href=\"http:\/\/lattes.cnpq.br\/6142675059689994\">http:\/\/lattes.cnpq.br\/6142675059689994<\/a><\/p>\n<ul>\n<li><u> Dirceu Luiz Hermann<\/u><\/li>\n<\/ul>\n<p>Campus de \u00c1guas Lindas &#8211; Instituto Federal de Educa\u00e7\u00e3o, Ci\u00eancia e Tecnologia de Goi\u00e1s.<\/p>\n<p>Lattes:\u00a0<a href=\"http:\/\/lattes.cnpq.br\/5769528500999392\">http:\/\/lattes.cnpq.br\/5769528500999392<\/a><\/p>\n<ul>\n<li><u> Dra. Maria Eliete Batista Moura<\/u><\/li>\n<\/ul>\n<p>NUPCISS (N\u00facleo de Pesquisas em Preven\u00e7\u00e3o e Controle de Infec\u00e7\u00e3o em Servi\u00e7os de Sa\u00fade);<\/p>\n<p>Universidade Federal do Piau\u00ed.<\/p>\n<p>Lattes: <a href=\"http:\/\/lattes.cnpq.br\/5916287282439644\">http:\/\/lattes.cnpq.br\/5916287282439644<\/a><\/p>\n<ul>\n<li><u> Dr. Adriano Menis Ferreira<\/u><\/li>\n<\/ul>\n<p>N\u00facleo de Estudo, Ensino e Pesquisa no Cuidar em Sa\u00fade (NEEPCS);<\/p>\n<p>Gen\u00e9tica Molecular de Microrganismos e Vegetal\/Biotecnologia (GMMV\/Biotec);<\/p>\n<p>Universidade Federal do Mato Grosso do Sul.<\/p>\n<p>Lattes:\u00a0<a href=\"http:\/\/lattes.cnpq.br\/9642170499819995\">http:\/\/lattes.cnpq.br\/9642170499819995<\/a><\/p>\n<ul>\n<li><u> Dr. Vanderlei Jos\u00e9 Haas<\/u><\/li>\n<\/ul>\n<p>Universidade Federal do Tri\u00e2ngulo Mineiro.<\/p>\n<p>Lattes: <a href=\"http:\/\/lattes.cnpq.br\/1180611879795670\">http:\/\/lattes.cnpq.br\/1180611879795670<\/a><\/p>\n<ul>\n<li><u> Marcela Padilha Facetto Azevedo<\/u><\/li>\n<\/ul>\n<p>Empresa Alko do Brasil Ind. e Com. Ltda.<\/p>\n<p>Lattes: <a href=\"http:\/\/lattes.cnpq.br\/6207459014131232\">http:\/\/lattes.cnpq.br\/6207459014131232<\/a><\/p>\n<p><strong>AM\u00c9RICA DO NORTE<\/strong><\/p>\n<ul>\n<li><u> Camila Henriques Coelho<\/u><\/li>\n<\/ul>\n<p>National Institutes of Health \u2013 USA.<\/p>\n<p>Lattes:\u00a0<a href=\"http:\/\/lattes.cnpq.br\/1386854209183408\">http:\/\/lattes.cnpq.br\/1386854209183408<\/a><\/p>\n","protected":false},"excerpt":{"rendered":"<p>EUROPA Dra. In\u00eas Fronteira Global Health and Tropical Medicine; Instituto de Higiene e Medicina Tropical, [&hellip;]<\/p>\n","protected":false},"author":21826,"featured_media":0,"parent":0,"menu_order":0,"comment_status":"closed","ping_status":"closed","template":"","meta":{"footnotes":"","_links_to":"","_links_to_target":""},"class_list":["post-335","page","type-page","status-publish","hentry"],"_links":{"self":[{"href":"https:\/\/sites.usp.br\/heid\/wp-json\/wp\/v2\/pages\/335","targetHints":{"allow":["GET"]}}],"collection":[{"href":"https:\/\/sites.usp.br\/heid\/wp-json\/wp\/v2\/pages"}],"about":[{"href":"https:\/\/sites.usp.br\/heid\/wp-json\/wp\/v2\/types\/page"}],"author":[{"embeddable":true,"href":"https:\/\/sites.usp.br\/heid\/wp-json\/wp\/v2\/users\/21826"}],"replies":[{"embeddable":true,"href":"https:\/\/sites.usp.br\/heid\/wp-json\/wp\/v2\/comments?post=335"}],"version-history":[{"count":3,"href":"https:\/\/sites.usp.br\/heid\/wp-json\/wp\/v2\/pages\/335\/revisions"}],"predecessor-version":[{"id":339,"href":"https:\/\/sites.usp.br\/heid\/wp-json\/wp\/v2\/pages\/335\/revisions\/339"}],"wp:attachment":[{"href":"https:\/\/sites.usp.br\/heid\/wp-json\/wp\/v2\/media?parent=335"}],"curies":[{"name":"wp","href":"https:\/\/api.w.org\/{rel}","templated":true}]}}