{"id":35,"date":"2023-03-14T17:03:28","date_gmt":"2023-03-14T20:03:28","guid":{"rendered":"https:\/\/sites.usp.br\/hermeseclio\/?page_id=35"},"modified":"2024-03-28T11:29:35","modified_gmt":"2024-03-28T14:29:35","slug":"sobre","status":"publish","type":"page","link":"https:\/\/sites.usp.br\/hermeseclio\/sobre\/","title":{"rendered":"Sobre"},"content":{"rendered":"\t\t<div data-elementor-type=\"wp-page\" data-elementor-id=\"35\" class=\"elementor elementor-35\">\n\t\t\t\t\t\t<section class=\"elementor-section elementor-top-section elementor-element elementor-element-677329c elementor-section-boxed elementor-section-height-default elementor-section-height-default\" data-id=\"677329c\" data-element_type=\"section\">\n\t\t\t\t\t\t<div class=\"elementor-container elementor-column-gap-default\">\n\t\t\t\t\t<div class=\"elementor-column elementor-col-100 elementor-top-column elementor-element elementor-element-71499d6\" data-id=\"71499d6\" data-element_type=\"column\">\n\t\t\t<div class=\"elementor-widget-wrap elementor-element-populated\">\n\t\t\t\t\t\t<div class=\"elementor-element elementor-element-537ce36 elementor-widget elementor-widget-text-editor\" data-id=\"537ce36\" data-element_type=\"widget\" data-widget_type=\"text-editor.default\">\n\t\t\t\t<div class=\"elementor-widget-container\">\n\t\t\t\t\t\t\t<p>Criado em 2007, o Hermes &amp; Clio \u00e9 um grupo de pesquisa formado por docentes, alunos e pesquisadores que tem como objetivo promover o estudo e a pesquisa no campo da hist\u00f3ria econ\u00f4mica. Trata-se de uma rede de pesquisadores formada por docentes do Departamento de Economia da FEA-USP e de outras institui\u00e7\u00f5es como o IEB-USP, a FEA-RP, a UnB, a Unifal, a UFPA e a Northern Illinois University (EUA). Dentre as atividades do grupo, destacam-se o Programa de Semin\u00e1rios de Hist\u00f3ria Econ\u00f4mica, com a participa\u00e7\u00e3o de pesquisadores convidados de outras institui\u00e7\u00f5es, e os Semin\u00e1rios Internos de Pesquisa, com a apresenta\u00e7\u00e3o dos resultados de pesquisas produzidos pelos integrantes do grupo. O grupo tem como inspira\u00e7\u00e3o a trajet\u00f3ria intelectual da professora Alice Piffer Canabrava (1911-2003), primeira mulher a assumir e reger uma c\u00e1tedra na Universidade de S\u00e3o Paulo em 1951, quando conquistou, por concurso, a cadeira X \u2013 Hist\u00f3ria Econ\u00f4mica Geral e do Brasil \u2013 da Faculdade de Ci\u00eancias Econ\u00f4micas e Administrativas (FCEA), posteriormente denominada FEA, com a tese O Desenvolvimento da Cultura do Algod\u00e3o na prov\u00edncia de S\u00e3o Paulo, 1861-1875.<\/p>\t\t\t\t\t\t<\/div>\n\t\t\t\t<\/div>\n\t\t\t\t\t<\/div>\n\t\t<\/div>\n\t\t\t\t\t<\/div>\n\t\t<\/section>\n\t\t\t\t<\/div>\n\t\t","protected":false},"excerpt":{"rendered":"<p>Criado em 2007, o Hermes &amp; Clio \u00e9 um grupo de pesquisa formado por docentes, alunos e pesquisadores que tem como objetivo promover o estudo e a pesquisa no campo da hist\u00f3ria econ\u00f4mica. Trata-se de uma rede de pesquisadores formada por docentes do Departamento de Economia da FEA-USP e de outras institui\u00e7\u00f5es como o IEB-USP, [&hellip;]<\/p>\n","protected":false},"author":23525,"featured_media":0,"parent":0,"menu_order":0,"comment_status":"closed","ping_status":"closed","template":"","meta":{"ocean_post_layout":"","ocean_both_sidebars_style":"","ocean_both_sidebars_content_width":0,"ocean_both_sidebars_sidebars_width":0,"ocean_sidebar":"0","ocean_second_sidebar":"0","ocean_disable_margins":"enable","ocean_add_body_class":"","ocean_shortcode_before_top_bar":"","ocean_shortcode_after_top_bar":"","ocean_shortcode_before_header":"","ocean_shortcode_after_header":"","ocean_has_shortcode":"","ocean_shortcode_after_title":"","ocean_shortcode_before_footer_widgets":"","ocean_shortcode_after_footer_widgets":"","ocean_shortcode_before_footer_bottom":"","ocean_shortcode_after_footer_bottom":"","ocean_display_top_bar":"default","ocean_display_header":"default","ocean_header_style":"","ocean_center_header_left_menu":"0","ocean_custom_header_template":"0","ocean_custom_logo":0,"ocean_custom_retina_logo":0,"ocean_custom_logo_max_width":0,"ocean_custom_logo_tablet_max_width":0,"ocean_custom_logo_mobile_max_width":0,"ocean_custom_logo_max_height":0,"ocean_custom_logo_tablet_max_height":0,"ocean_custom_logo_mobile_max_height":0,"ocean_header_custom_menu":"0","ocean_menu_typo_font_family":"0","ocean_menu_typo_font_subset":"","ocean_menu_typo_font_size":0,"ocean_menu_typo_font_size_tablet":0,"ocean_menu_typo_font_size_mobile":0,"ocean_menu_typo_font_size_unit":"px","ocean_menu_typo_font_weight":"","ocean_menu_typo_font_weight_tablet":"","ocean_menu_typo_font_weight_mobile":"","ocean_menu_typo_transform":"","ocean_menu_typo_transform_tablet":"","ocean_menu_typo_transform_mobile":"","ocean_menu_typo_line_height":0,"ocean_menu_typo_line_height_tablet":0,"ocean_menu_typo_line_height_mobile":0,"ocean_menu_typo_line_height_unit":"","ocean_menu_typo_spacing":0,"ocean_menu_typo_spacing_tablet":0,"ocean_menu_typo_spacing_mobile":0,"ocean_menu_typo_spacing_unit":"","ocean_menu_link_color":"","ocean_menu_link_color_hover":"","ocean_menu_link_color_active":"","ocean_menu_link_background":"","ocean_menu_link_hover_background":"","ocean_menu_link_active_background":"","ocean_menu_social_links_bg":"","ocean_menu_social_hover_links_bg":"","ocean_menu_social_links_color":"","ocean_menu_social_hover_links_color":"","ocean_disable_title":"default","ocean_disable_heading":"default","ocean_post_title":"","ocean_post_subheading":"","ocean_post_title_style":"","ocean_post_title_background_color":"","ocean_post_title_background":0,"ocean_post_title_bg_image_position":"","ocean_post_title_bg_image_attachment":"","ocean_post_title_bg_image_repeat":"","ocean_post_title_bg_image_size":"","ocean_post_title_height":0,"ocean_post_title_bg_overlay":0.5,"ocean_post_title_bg_overlay_color":"","ocean_disable_breadcrumbs":"default","ocean_breadcrumbs_color":"","ocean_breadcrumbs_separator_color":"","ocean_breadcrumbs_links_color":"","ocean_breadcrumbs_links_hover_color":"","ocean_display_footer_widgets":"default","ocean_display_footer_bottom":"default","ocean_custom_footer_template":"0","footnotes":"","_links_to":"","_links_to_target":""},"class_list":["post-35","page","type-page","status-publish","hentry","entry"],"_links":{"self":[{"href":"https:\/\/sites.usp.br\/hermeseclio\/wp-json\/wp\/v2\/pages\/35","targetHints":{"allow":["GET"]}}],"collection":[{"href":"https:\/\/sites.usp.br\/hermeseclio\/wp-json\/wp\/v2\/pages"}],"about":[{"href":"https:\/\/sites.usp.br\/hermeseclio\/wp-json\/wp\/v2\/types\/page"}],"author":[{"embeddable":true,"href":"https:\/\/sites.usp.br\/hermeseclio\/wp-json\/wp\/v2\/users\/23525"}],"replies":[{"embeddable":true,"href":"https:\/\/sites.usp.br\/hermeseclio\/wp-json\/wp\/v2\/comments?post=35"}],"version-history":[{"count":4,"href":"https:\/\/sites.usp.br\/hermeseclio\/wp-json\/wp\/v2\/pages\/35\/revisions"}],"predecessor-version":[{"id":1269,"href":"https:\/\/sites.usp.br\/hermeseclio\/wp-json\/wp\/v2\/pages\/35\/revisions\/1269"}],"wp:attachment":[{"href":"https:\/\/sites.usp.br\/hermeseclio\/wp-json\/wp\/v2\/media?parent=35"}],"curies":[{"name":"wp","href":"https:\/\/api.w.org\/{rel}","templated":true}]}}