{"id":506,"date":"2020-06-19T02:36:52","date_gmt":"2020-06-19T04:36:52","guid":{"rendered":"https:\/\/sites.usp.br\/hoch\/?page_id=506"},"modified":"2025-12-09T09:53:57","modified_gmt":"2025-12-09T11:53:57","slug":"eventos","status":"publish","type":"page","link":"https:\/\/sites.usp.br\/hoch\/eventos\/","title":{"rendered":"Lab Life"},"content":{"rendered":"\t\t<div data-elementor-type=\"wp-page\" data-elementor-id=\"506\" class=\"elementor elementor-506\">\n\t\t\t\t\t\t<section class=\"elementor-section elementor-top-section elementor-element elementor-element-d000c33 elementor-section-full_width elementor-section-height-default elementor-section-height-default\" data-id=\"d000c33\" data-element_type=\"section\">\n\t\t\t\t\t\t<div class=\"elementor-container elementor-column-gap-default\">\n\t\t\t\t\t<div class=\"elementor-column elementor-col-100 elementor-top-column elementor-element elementor-element-a5532aa\" data-id=\"a5532aa\" data-element_type=\"column\">\n\t\t\t<div class=\"elementor-widget-wrap elementor-element-populated\">\n\t\t\t\t\t\t<div class=\"elementor-element elementor-element-8cf8a24 elementor-arrows-position-inside elementor-pagination-position-outside elementor-widget elementor-widget-image-carousel\" data-id=\"8cf8a24\" data-element_type=\"widget\" data-settings=\"{&quot;slides_to_show&quot;:&quot;1&quot;,&quot;navigation&quot;:&quot;both&quot;,&quot;autoplay&quot;:&quot;yes&quot;,&quot;pause_on_hover&quot;:&quot;yes&quot;,&quot;pause_on_interaction&quot;:&quot;yes&quot;,&quot;autoplay_speed&quot;:5000,&quot;infinite&quot;:&quot;yes&quot;,&quot;effect&quot;:&quot;slide&quot;,&quot;speed&quot;:500}\" data-widget_type=\"image-carousel.default\">\n\t\t\t\t<div class=\"elementor-widget-container\">\n\t\t\t\t\t<div class=\"elementor-image-carousel-wrapper swiper\" dir=\"ltr\">\n\t\t\t<div class=\"elementor-image-carousel swiper-wrapper swiper-image-stretch\" aria-live=\"off\">\n\t\t\t\t\t\t\t\t<div class=\"swiper-slide\" role=\"group\" aria-roledescription=\"slide\" aria-label=\"1 de 17\"><figure class=\"swiper-slide-inner\"><img decoding=\"async\" class=\"swiper-slide-image\" src=\"https:\/\/sites.usp.br\/hoch\/wp-content\/uploads\/sites\/725\/2025\/12\/Confra-2025.jpg\" alt=\"Confraterniza\u00e7\u00e3o do laborat\u00f3rio 1020 IQ-USP 2025\" \/><figcaption class=\"elementor-image-carousel-caption\">Confraterniza\u00e7\u00e3o do laborat\u00f3rio 1020 IQ-USP 2025<\/figcaption><\/figure><\/div><div class=\"swiper-slide\" role=\"group\" aria-roledescription=\"slide\" aria-label=\"2 de 17\"><figure class=\"swiper-slide-inner\"><img decoding=\"async\" class=\"swiper-slide-image\" src=\"https:\/\/sites.usp.br\/hoch\/wp-content\/uploads\/sites\/725\/2025\/12\/\ud83e\udd19\ud83e\udd19\ud83c\udffb\ud83e\udd19\ud83c\udffd\ud83e\udd19\ud83c\udffc\ud83e\udd19\ud83c\udffe-scaled.jpg\" alt=\"\ud83e\udd19\ud83e\udd19\ud83c\udffb\ud83e\udd19\ud83c\udffd\ud83e\udd19\ud83c\udffc\ud83e\udd19\ud83c\udffe\" \/><figcaption class=\"elementor-image-carousel-caption\">\ud83e\udd19\ud83e\udd19\ud83c\udffb\ud83e\udd19\ud83c\udffd\ud83e\udd19\ud83c\udffc\ud83e\udd19\ud83c\udffe<\/figcaption><\/figure><\/div><div class=\"swiper-slide\" role=\"group\" aria-roledescription=\"slide\" aria-label=\"3 de 17\"><figure class=\"swiper-slide-inner\"><img decoding=\"async\" class=\"swiper-slide-image\" src=\"https:\/\/sites.usp.br\/hoch\/wp-content\/uploads\/sites\/725\/2025\/12\/Aniversario-Celia-scaled.jpg\" alt=\"Anivers\u00e1rio da C\u00e9lia (2025)\" \/><figcaption class=\"elementor-image-carousel-caption\">Anivers\u00e1rio da C\u00e9lia (2025)<\/figcaption><\/figure><\/div><div class=\"swiper-slide\" role=\"group\" aria-roledescription=\"slide\" aria-label=\"4 de 17\"><figure class=\"swiper-slide-inner\"><img decoding=\"async\" class=\"swiper-slide-image\" src=\"https:\/\/sites.usp.br\/hoch\/wp-content\/uploads\/sites\/725\/2025\/12\/Wellcome-Trust-scaled.jpg\" alt=\"Jantar de comemora\u00e7\u00e3o do Wellcome Trust (2025)\" \/><figcaption class=\"elementor-image-carousel-caption\">Jantar de comemora\u00e7\u00e3o do Wellcome Trust (2025)<\/figcaption><\/figure><\/div><div class=\"swiper-slide\" role=\"group\" aria-roledescription=\"slide\" aria-label=\"5 de 17\"><figure class=\"swiper-slide-inner\"><img decoding=\"async\" class=\"swiper-slide-image\" src=\"https:\/\/sites.usp.br\/hoch\/wp-content\/uploads\/sites\/725\/2024\/08\/IMG-20240711-WA0043.jpg\" alt=\"XXII Brazilian Congress of Cell Biology 2024\" \/><figcaption class=\"elementor-image-carousel-caption\">XXII Brazilian Congress of Cell Biology 2024<\/figcaption><\/figure><\/div><div class=\"swiper-slide\" role=\"group\" aria-roledescription=\"slide\" aria-label=\"6 de 17\"><figure class=\"swiper-slide-inner\"><img decoding=\"async\" class=\"swiper-slide-image\" src=\"https:\/\/sites.usp.br\/hoch\/wp-content\/uploads\/sites\/725\/2024\/08\/IMG-20240615-WA0000.jpg\" alt=\"Festa Junina 2024 (&quot;Niquermesse&quot;) do laborat\u00f3rio 1020\" \/><figcaption class=\"elementor-image-carousel-caption\">Festa Junina 2024 (\"Niquermesse\") do laborat\u00f3rio 1020<\/figcaption><\/figure><\/div><div class=\"swiper-slide\" role=\"group\" aria-roledescription=\"slide\" aria-label=\"7 de 17\"><figure class=\"swiper-slide-inner\"><img decoding=\"async\" class=\"swiper-slide-image\" src=\"https:\/\/sites.usp.br\/hoch\/wp-content\/uploads\/sites\/725\/2024\/08\/IMG-20240511-WA0086.jpg\" alt=\"Projeto HH do laborat\u00f3rio 1020 IQ-USP 2024\" \/><figcaption class=\"elementor-image-carousel-caption\">Projeto HH do laborat\u00f3rio 1020 IQ-USP 2024<\/figcaption><\/figure><\/div><div class=\"swiper-slide\" role=\"group\" aria-roledescription=\"slide\" aria-label=\"8 de 17\"><figure class=\"swiper-slide-inner\"><img decoding=\"async\" class=\"swiper-slide-image\" src=\"https:\/\/sites.usp.br\/hoch\/wp-content\/uploads\/sites\/725\/2023\/10\/Foto-do-grupo-Genetica-2023.jpg\" alt=\"68th Brazilian Congress of Genetics 2023\" \/><figcaption class=\"elementor-image-carousel-caption\">68th Brazilian Congress of Genetics 2023<\/figcaption><\/figure><\/div><div class=\"swiper-slide\" role=\"group\" aria-roledescription=\"slide\" aria-label=\"9 de 17\"><figure class=\"swiper-slide-inner\"><img decoding=\"async\" class=\"swiper-slide-image\" src=\"https:\/\/sites.usp.br\/hoch\/wp-content\/uploads\/sites\/725\/2023\/08\/PARP2023-photo-1-scaled.jpg\" alt=\"FEBS Advanced Lecture Course PARP 2023: Research on the family of poly(ADP-ribose) polymerases Hvar, Croatia 4-8 June 2023\" \/><figcaption class=\"elementor-image-carousel-caption\">FEBS Advanced Lecture Course PARP 2023: Research on the family of poly(ADP-ribose) polymerases  Hvar, Croatia 4-8 June 2023<\/figcaption><\/figure><\/div><div class=\"swiper-slide\" role=\"group\" aria-roledescription=\"slide\" aria-label=\"10 de 17\"><figure class=\"swiper-slide-inner\"><img decoding=\"async\" class=\"swiper-slide-image\" src=\"https:\/\/sites.usp.br\/hoch\/wp-content\/uploads\/sites\/725\/2023\/04\/IMG-20221107-WA0030-01-1.jpeg\" alt=\"IV ReGeneRe - Retreat of Gene Repair Labs\nUbatuba, SP, Brasil \u2013  2022\" \/><figcaption class=\"elementor-image-carousel-caption\">IV ReGeneRe - Retreat of Gene Repair Labs\nUbatuba, SP, Brasil \u2013  2022<\/figcaption><\/figure><\/div><div class=\"swiper-slide\" role=\"group\" aria-roledescription=\"slide\" aria-label=\"11 de 17\"><figure class=\"swiper-slide-inner\"><img decoding=\"async\" class=\"swiper-slide-image\" src=\"https:\/\/sites.usp.br\/hoch\/wp-content\/uploads\/sites\/725\/2023\/04\/IMG-20221108-WA0008-01.jpeg\" alt=\"IV ReGeneRe - Retreat of Gene Repair Labs\nUbatuba, SP, Brasil \u2013  2022\" \/><figcaption class=\"elementor-image-carousel-caption\">IV ReGeneRe - Retreat of Gene Repair Labs\nUbatuba, SP, Brasil \u2013  2022<\/figcaption><\/figure><\/div><div class=\"swiper-slide\" role=\"group\" aria-roledescription=\"slide\" aria-label=\"12 de 17\"><figure class=\"swiper-slide-inner\"><img decoding=\"async\" class=\"swiper-slide-image\" src=\"https:\/\/sites.usp.br\/hoch\/wp-content\/uploads\/sites\/725\/2023\/04\/IMG-20221101-WA0004-e1682605674155.jpg\" alt=\"Pr\u00eamio Excel\u00eancia para Novas Lideran\u00e7as em Pesquisa recebido pelo Professor Dr. Nicolas Hoch (2022)\" \/><figcaption class=\"elementor-image-carousel-caption\">Pr\u00eamio Excel\u00eancia para Novas Lideran\u00e7as em Pesquisa recebido pelo Professor Dr. Nicolas Hoch (2022)<\/figcaption><\/figure><\/div><div class=\"swiper-slide\" role=\"group\" aria-roledescription=\"slide\" aria-label=\"13 de 17\"><figure class=\"swiper-slide-inner\"><img decoding=\"async\" class=\"swiper-slide-image\" src=\"https:\/\/sites.usp.br\/hoch\/wp-content\/uploads\/sites\/725\/2023\/04\/IMG-20221101-WA0003.jpg\" alt=\"Pr\u00eamio Excel\u00eancia para Novas Lideran\u00e7as em Pesquisa recebido pelo Professor Dr. Nicolas Hoch (2022)\" \/><figcaption class=\"elementor-image-carousel-caption\">Pr\u00eamio Excel\u00eancia para Novas Lideran\u00e7as em Pesquisa recebido pelo Professor Dr. Nicolas Hoch (2022)<\/figcaption><\/figure><\/div><div class=\"swiper-slide\" role=\"group\" aria-roledescription=\"slide\" aria-label=\"14 de 17\"><figure class=\"swiper-slide-inner\"><img decoding=\"async\" class=\"swiper-slide-image\" src=\"https:\/\/sites.usp.br\/hoch\/wp-content\/uploads\/sites\/725\/2023\/04\/IMG-20221028-WA0008.jpg\" alt=\"Jantar de comemora\u00e7\u00e3o do Pr\u00eamio Excel\u00eancia para Novas Lideran\u00e7as em Pesquisa recebido pelo Professor Dr. Nicolas Hoch e Professora Dra. Fl\u00e1via Meotti (2022)\" \/><figcaption class=\"elementor-image-carousel-caption\">Jantar de comemora\u00e7\u00e3o do Pr\u00eamio Excel\u00eancia para Novas Lideran\u00e7as em Pesquisa recebido pelo Professor Dr. Nicolas Hoch e Professora Dra. Fl\u00e1via Meotti (2022)<\/figcaption><\/figure><\/div><div class=\"swiper-slide\" role=\"group\" aria-roledescription=\"slide\" aria-label=\"15 de 17\"><figure class=\"swiper-slide-inner\"><img decoding=\"async\" class=\"swiper-slide-image\" src=\"https:\/\/sites.usp.br\/hoch\/wp-content\/uploads\/sites\/725\/2023\/04\/IMG-20221210-WA0026.jpg\" alt=\"Confraterniza\u00e7\u00e3o do laborat\u00f3rio 1020 \nIQ-USP 2022\" \/><figcaption class=\"elementor-image-carousel-caption\">Confraterniza\u00e7\u00e3o do laborat\u00f3rio 1020 \nIQ-USP 2022<\/figcaption><\/figure><\/div><div class=\"swiper-slide\" role=\"group\" aria-roledescription=\"slide\" aria-label=\"16 de 17\"><figure class=\"swiper-slide-inner\"><img decoding=\"async\" class=\"swiper-slide-image\" src=\"https:\/\/sites.usp.br\/hoch\/wp-content\/uploads\/sites\/725\/2023\/04\/Foto-grupo-do-lab.jpg\" alt=\"Genomic Stability Lab Group 2022\" \/><figcaption class=\"elementor-image-carousel-caption\">Genomic Stability Lab Group 2022<\/figcaption><\/figure><\/div><div class=\"swiper-slide\" role=\"group\" aria-roledescription=\"slide\" aria-label=\"17 de 17\"><figure class=\"swiper-slide-inner\"><img decoding=\"async\" class=\"swiper-slide-image\" src=\"https:\/\/sites.usp.br\/hoch\/wp-content\/uploads\/sites\/725\/2023\/04\/IMG-20211204-WA0068.jpg\" alt=\"Confraterniza\u00e7\u00e3o do laborat\u00f3rio 1020 \nIQ-USP 2021\" \/><figcaption class=\"elementor-image-carousel-caption\">Confraterniza\u00e7\u00e3o do laborat\u00f3rio 1020 \nIQ-USP 2021<\/figcaption><\/figure><\/div>\t\t\t<\/div>\n\t\t\t\t\t\t\t\t\t\t\t\t<div class=\"elementor-swiper-button elementor-swiper-button-prev\" role=\"button\" tabindex=\"0\">\n\t\t\t\t\t\t<i aria-hidden=\"true\" class=\"eicon-chevron-left\"><\/i>\t\t\t\t\t<\/div>\n\t\t\t\t\t<div class=\"elementor-swiper-button elementor-swiper-button-next\" role=\"button\" tabindex=\"0\">\n\t\t\t\t\t\t<i aria-hidden=\"true\" class=\"eicon-chevron-right\"><\/i>\t\t\t\t\t<\/div>\n\t\t\t\t\n\t\t\t\t\t\t\t\t\t<div class=\"swiper-pagination\"><\/div>\n\t\t\t\t\t\t\t\t\t<\/div>\n\t\t\t\t<\/div>\n\t\t\t\t<\/div>\n\t\t\t\t\t<\/div>\n\t\t<\/div>\n\t\t\t\t\t<\/div>\n\t\t<\/section>\n\t\t\t\t<\/div>\n\t\t","protected":false},"excerpt":{"rendered":"<p>Confraterniza\u00e7\u00e3o do laborat\u00f3rio 1020 IQ-USP 2025 \ud83e\udd19\ud83e\udd19\ud83c\udffb\ud83e\udd19\ud83c\udffd\ud83e\udd19\ud83c\udffc\ud83e\udd19\ud83c\udffe Anivers\u00e1rio da C\u00e9lia (2025) Jantar de comemora\u00e7\u00e3o do Wellcome Trust (2025) XXII Brazilian Congress of Cell Biology 2024 Festa Junina 2024 (&#8220;Niquermesse&#8221;) do laborat\u00f3rio 1020 Projeto HH do laborat\u00f3rio 1020 IQ-USP 2024 68th Brazilian Congress of Genetics 2023 FEBS Advanced Lecture Course PARP 2023: Research on the family [&hellip;]<\/p>\n","protected":false},"author":1200,"featured_media":0,"parent":0,"menu_order":0,"comment_status":"closed","ping_status":"closed","template":"","meta":{"footnotes":"","_links_to":"","_links_to_target":""},"class_list":["post-506","page","type-page","status-publish","hentry"],"_links":{"self":[{"href":"https:\/\/sites.usp.br\/hoch\/wp-json\/wp\/v2\/pages\/506","targetHints":{"allow":["GET"]}}],"collection":[{"href":"https:\/\/sites.usp.br\/hoch\/wp-json\/wp\/v2\/pages"}],"about":[{"href":"https:\/\/sites.usp.br\/hoch\/wp-json\/wp\/v2\/types\/page"}],"author":[{"embeddable":true,"href":"https:\/\/sites.usp.br\/hoch\/wp-json\/wp\/v2\/users\/1200"}],"replies":[{"embeddable":true,"href":"https:\/\/sites.usp.br\/hoch\/wp-json\/wp\/v2\/comments?post=506"}],"version-history":[{"count":4,"href":"https:\/\/sites.usp.br\/hoch\/wp-json\/wp\/v2\/pages\/506\/revisions"}],"predecessor-version":[{"id":1259,"href":"https:\/\/sites.usp.br\/hoch\/wp-json\/wp\/v2\/pages\/506\/revisions\/1259"}],"wp:attachment":[{"href":"https:\/\/sites.usp.br\/hoch\/wp-json\/wp\/v2\/media?parent=506"}],"curies":[{"name":"wp","href":"https:\/\/api.w.org\/{rel}","templated":true}]}}