{"id":265,"date":"2018-09-04T16:14:18","date_gmt":"2018-09-04T18:14:18","guid":{"rendered":"http:\/\/sites.usp.br\/icht2023\/?page_id=265"},"modified":"2019-01-14T11:42:27","modified_gmt":"2019-01-14T13:42:27","slug":"apresentacao","status":"publish","type":"page","link":"https:\/\/sites.usp.br\/icht2019\/apresentacao\/","title":{"rendered":"Apresenta\u00e7\u00e3o"},"content":{"rendered":"<div id=\"pl-265\" class=\"panel-layout\">\n<div id=\"pg-265-0\" class=\"panel-grid panel-no-style\" data-style=\"{&quot;background_image_attachment&quot;:false,&quot;background_display&quot;:&quot;tile&quot;,&quot;cell_alignment&quot;:&quot;flex-start&quot;}\" data-ratio=\"0.61803398\" data-ratio-direction=\"right\">\n<div id=\"pgc-265-0-0\" class=\"panel-grid-cell panel-grid-cell-mobile-last\" data-weight=\"0.61803399209206\">\n<div id=\"panel-265-0-0-0\" class=\"so-panel widget widget_sow-editor panel-first-child panel-last-child\" data-index=\"0\">\n<div class=\"so-widget-sow-editor so-widget-sow-editor-base\">\n<div class=\"siteorigin-widget-tinymce textwidget\">\n<p>O terceiro col\u00f3quio internacional &#8211; Imagin\u00e1rio: Construir e Habitar a Terra &#8211; ICHT 2019 prossegue em seu intuito de ampliar as fronteiras do pensamento sobre as imagens e os imagin\u00e1rios das cidades no s\u00e9culo XXI.<\/p>\n<p>Para tanto convida pesquisadores dedicados \u00e0s quest\u00f5es urbanas a refletirem sobre o Imagin\u00e1rio em torno do Construir e do Habitar a Terra a partir de seus entendimentos espec\u00edficos quanto \u00e0s Deforma\u00e7\u00f5es, Deslocamentos e Devaneios que interagem com a pluralidade de fen\u00f4menos que constituem e transformam continuamente a p\u00f3lis.<\/p>\n<p>Tais conceitos t\u00eam, evidentemente, uma posi\u00e7\u00e3o central na filosofia bachelardiana relativa \u00e0 imagina\u00e7\u00e3o e \u00e0s imagens, mas devem ser continuamente revisitados, tensionados, atualizados, postos em rela\u00e7\u00e3o com os fen\u00f4menos contempor\u00e2neos, contextualizados no tempo e nas condi\u00e7\u00f5es espec\u00edficas dos lugares, em apreens\u00f5es m\u00faltiplas vindas das mais variadas \u00e1reas de conhecimento.<\/p>\n<p>Como tais conceitos podem auxiliar na compreens\u00e3o das din\u00e2micas intersubjetivas, individuais e coletivas, que produzem imagens e imagin\u00e1rios sobre o passado, o presente e o futuro de nossas cidades?<\/p>\n<p>O ICHT \u00e9 um evento idealizado e organizado por docentes-pesquisadores da <a href=\"http:\/\/www.fau.usp.br\/\" target=\"_blank\" rel=\"noopener noreferrer\">FAUUSP<\/a> em parceria com colegas da <a href=\"https:\/\/www.universite-lyon.fr\/udl-fr-791.kjsp\" target=\"_blank\" rel=\"noopener noreferrer\">Universit\u00e9 de Lyon <\/a>e do <a href=\"http:\/\/www.sp.senac.br\/jsp\/default.jsp?newsID=0\" target=\"_blank\" rel=\"noopener noreferrer\">SENAC\/SP<\/a> que ser\u00e1 composto em sua terceira edi\u00e7\u00e3o, em 2019, por um encontro em S\u00e3o Paulo ICHT2019, entre 16 e 18 de abril, no intuito de aprofundar o debate cient\u00edfico sobre as quest\u00f5es expostas.<\/p>\n<p>Acompanhe a chamada de trabalhos e participe submetendo uma comunica\u00e7\u00e3o.<\/p>\n<\/div>\n<\/div>\n<\/div>\n<\/div>\n<div id=\"pgc-265-0-1\" class=\"panel-grid-cell panel-grid-cell-empty\" data-weight=\"0.38196600790794\"><\/div>\n<\/div>\n<\/div>","protected":false},"excerpt":{"rendered":"<p>O terceiro col\u00f3quio internacional &#8211; Imagin\u00e1rio: Construir e Habitar a Terra &#8211; ICHT 2019 prossegue em seu intuito de ampliar as fronteiras do pensamento sobre as imagens e os imagin\u00e1rios das cidades no s\u00e9culo XXI. Para tanto convida pesquisadores dedicados \u00e0s quest\u00f5es urbanas a refletirem sobre o Imagin\u00e1rio em torno do Construir e do Habitar&hellip;<\/p>\n","protected":false},"author":734,"featured_media":0,"parent":0,"menu_order":0,"comment_status":"closed","ping_status":"closed","template":"","meta":{"footnotes":"","_links_to":"","_links_to_target":""},"class_list":["post-265","page","type-page","status-publish","hentry","post"],"_links":{"self":[{"href":"https:\/\/sites.usp.br\/icht2019\/wp-json\/wp\/v2\/pages\/265","targetHints":{"allow":["GET"]}}],"collection":[{"href":"https:\/\/sites.usp.br\/icht2019\/wp-json\/wp\/v2\/pages"}],"about":[{"href":"https:\/\/sites.usp.br\/icht2019\/wp-json\/wp\/v2\/types\/page"}],"author":[{"embeddable":true,"href":"https:\/\/sites.usp.br\/icht2019\/wp-json\/wp\/v2\/users\/734"}],"replies":[{"embeddable":true,"href":"https:\/\/sites.usp.br\/icht2019\/wp-json\/wp\/v2\/comments?post=265"}],"version-history":[{"count":5,"href":"https:\/\/sites.usp.br\/icht2019\/wp-json\/wp\/v2\/pages\/265\/revisions"}],"predecessor-version":[{"id":480,"href":"https:\/\/sites.usp.br\/icht2019\/wp-json\/wp\/v2\/pages\/265\/revisions\/480"}],"wp:attachment":[{"href":"https:\/\/sites.usp.br\/icht2019\/wp-json\/wp\/v2\/media?parent=265"}],"curies":[{"name":"wp","href":"https:\/\/api.w.org\/{rel}","templated":true}]}}