{"id":580,"date":"2019-04-07T23:18:25","date_gmt":"2019-04-08T01:18:25","guid":{"rendered":"http:\/\/sites.usp.br\/icht2023\/?page_id=580"},"modified":"2019-04-10T22:39:14","modified_gmt":"2019-04-11T00:39:14","slug":"oficinas-icht2019","status":"publish","type":"page","link":"https:\/\/sites.usp.br\/icht2019\/oficinas-icht2019\/","title":{"rendered":"OFICINAS ICHT2019"},"content":{"rendered":"As oficinas ser\u00e3o abertas a participantes do ICHT2019, que far\u00e3o suas inscri\u00e7\u00f5es no site, atrav\u00e9s do sistema SYMPLA, at\u00e9 o limite de vagas informado em cada uma delas. A inscri\u00e7\u00e3o s\u00f3 ser\u00e1 considerada conclu\u00edda, mediante o pagamento da contribui\u00e7\u00e3o para realiza\u00e7\u00e3o da oficina, no valor de 50 reais por pessoa.<\/p>\n<p><strong>Cada participante pode se inscrever em apenas uma oficina.<\/strong><\/p>\n<p>&nbsp;<\/p>\n<p><a href=\"https:\/\/www.sympla.com.br\/oficina-1---cartografias-do-cotidiano-etnografias-possiveis-da-rua-dr-cesario-mota-jr--icht-2019__497280\"><strong>OFICINA 1<\/strong><\/a><\/p>\n<p><a href=\"https:\/\/www.sympla.com.br\/oficina-1---cartografias-do-cotidiano-etnografias-possiveis-da-rua-dr-cesario-mota-jr--icht-2019__497280\"><strong>CARTOGRAFIAS DO COTIDIANO:Etnografias poss\u00edveis da Rua Dr. Ces\u00e1rio Mota Jr.<\/strong><\/a><\/p>\n<p>DATA: 16 e 17 de abril de 2018 \u2013 das 14:00 \u00e0s 18:00<\/p>\n<p><a href=\"https:\/\/www.flickr.com\/photos\/rockartcity\/4512763165\/\"><img loading=\"lazy\" decoding=\"async\" src=\"https:\/\/live.staticflickr.com\/2141\/4512763165_b0b6e9cef2_b.jpg\" alt=\"Santa Casa Placas\" width=\"1024\" height=\"576\" \/><\/a><\/p>\n<p><strong>Organizadores:<\/strong><\/p>\n<p>Prof. Ricardo Luis Silva \u2013 Centro Universit\u00e1rio SENAC SP<\/p>\n<p>Prof. Nelson Jose Urssi \u2013 Centro Universit\u00e1rio SENAC SP<\/p>\n<p>Profa. Valeria Fialho \u2013 Centro Universit\u00e1rio SENAC SP<\/p>\n<p>&nbsp;<\/p>\n<p><strong>Descri\u00e7\u00e3o:<\/strong><\/p>\n<p>A partir de proposta apresentada pelo escritor franc\u00eas Georges Perec, no livro Tentativa de esgotamento de um local parisiense, a oficina pretende estabelecer, com os participantes, uma leitura etnogr\u00e1fica de algumas quadras da Rua Dr. Ces\u00e1rio Mota Junior, na Vila Buarque.<\/p>\n<p>Nela pretende-se explorar a vida cotidiana percebida, anotada e registrada num caderno de campo etnogr\u00e1fico coletivo. E cartografar o cotidiano, a passagem do tempo, o ordin\u00e1rio e insignificante, o espa\u00e7o vivido por meio de: anota\u00e7\u00f5es, fotografias, croquis, decalques, grava\u00e7\u00f5es, mapas psicogeogr\u00e1ficos, cole\u00e7\u00f5es de trapos, etc. Em s\u00edntese, o processo abordar\u00e1 os personagens, portas, esquinas, sons, di\u00e1logos, trabalhos, texturas, deslocamentos, animais, tempos, mem\u00f3rias, restos, rastros do percurso. A oficina ocorrer\u00e1 em dois per\u00edodos:<\/p>\n<ol>\n<li>O processo cartogr\u00e1fico-etnogr\u00e1fico, no dia 16\/04 na pr\u00f3pria rua indicada;<\/li>\n<li>A produ\u00e7\u00e3o da cartografia-caderno de campo coletivo no dia 17\/04 na sede do evento.<\/li>\n<\/ol>\n<p>&nbsp;<\/p>\n<p>Vagas: 20<\/p>\n<p>Material a ser trazido pelos participantes: M\u00e1quina fotogr\u00e1fica, material de desenho, impress\u00e3o de fotografias, etc.<\/p>\n<p>&nbsp;<\/p>\n<p><a href=\"https:\/\/www.sympla.com.br\/oficina-2---corregos-ocultos-desvelamento-do-corrego-das-cobras---icht-2019__497286\"><strong>OFICINA 2<\/strong><\/a><\/p>\n<p><a href=\"https:\/\/www.sympla.com.br\/oficina-2---corregos-ocultos-desvelamento-do-corrego-das-cobras---icht-2019__497286\"><strong>C\u00d3RREGOS OCULTOS: Desvelamento do c\u00f3rrego das Cobras<\/strong><\/a><\/p>\n<p>DATA: 16 e 17 de abril de 2018 \u2013 das 14:00 \u00e0s 18:00<\/p>\n<p><em>Passeio pelo c\u00f3rrego das Cobras para &#8220;tentar encontrar, por tr\u00e1s das imagens que se mostram, as imagens que se ocultam, ir \u00e0 pr\u00f3pria ra\u00edz da for\u00e7a imaginante&#8221;\u00a0<\/em><\/p>\n<p><strong>Organizadores:<\/strong><\/p>\n<p>ProfArthur Sim\u00f5es Caetano Cabral \u00a0&#8211; UFG<\/p>\n<p>ProfVladimir Bartalini &#8211; FAUUSP<\/p>\n<p>&nbsp;<\/p>\n<p>O c\u00f3rrego das Cobras \u00e9 um afluente da margem esquerda do c\u00f3rrego Mandaqui, o qual, por sua vez, \u00e9 afluente da margem direita do rio Tiet\u00ea. O Mandaqui encontra-se canalizado em toda sua extens\u00e3o, estando apenas parcialmente a c\u00e9u aberto. Hoje ele se confunde com as pistas da\u00a0 avenida Caetano \u00c1lvares, importante art\u00e9ria vi\u00e1ria que corta os bairros do Mandaqui, do Imirim e do Lim\u00e3o, na zona norte de S\u00e3o Paulo. N\u00e3o \u00e9 necess\u00e1ria enquete para constatar que a esmagadora maioria das pessoas ignora o nome daquele c\u00f3rrego, embora saiba o nome da avenida que o ocultou.Se isso ocorre com o Mandaqui, o que dizer do Cobras, filete d\u2019\u00e1gua irris\u00f3rio, que nem avenida tem como mortalha? No entanto, em mensagens cifradas, ele manifesta sua presen\u00e7a.O prop\u00f3sito da oficina \u00e9, a partir de uma caminhada ao longo do c\u00f3rrego das Cobras, detectar os seus ind\u00edcios e registr\u00e1-los para, num segundo momento, lan\u00e7ar propostas de interven\u00e7\u00e3o para o seu desvelamento simb\u00f3lico.A oficina ocorrer\u00e1 em dois per\u00edodos:<\/p>\n<p>16 de abril \u2013 caminhada pelo c\u00f3rrego das Cobras (das 14h \u00e0s 18h)<\/p>\n<p>17 de abril \u2013 propostas de interven\u00e7\u00e3o ( na sede do evento &#8211; das 14h \u00e0s 18h)<\/p>\n<p>&nbsp;<\/p>\n<p>Vagas: 20<\/p>\n<p>Material a ser trazido pelos participantes: bloco de anota\u00e7\u00f5es \/ aparelhos para registro de imagens e sons.<\/p>\n<p>&nbsp;<\/p>\n<p><a href=\"https:\/\/www.sympla.com.br\/oficina-3----corpo-e-espaco-em-composicao---icht-2019__497291\"><strong>OFICINA 3<\/strong><\/a><\/p>\n<p><a href=\"https:\/\/www.sympla.com.br\/oficina-3----corpo-e-espaco-em-composicao---icht-2019__497291\"><strong>Corpo e espa\u00e7o em composi\u00e7\u00e3o<\/strong><\/a><\/p>\n<p>&nbsp;<\/p>\n<p><strong>Organizadores:<\/strong><\/p>\n<p>NataliaS\u00e1\u00a0 &#8211; Arquiteta e Atriz<\/p>\n<p>Profa Karina Leit\u00e3o \u2013 FAUUSP<\/p>\n<p>Guilherme Miranda \u2013 Gradua\u00e7\u00e3o FAUUSP<\/p>\n<p>&nbsp;<\/p>\n<p><strong>Descri\u00e7\u00e3o:<\/strong><\/p>\n<p>A oficina tem o objetivo de intensificar os corpos para ativar uma maneira de pensar, sentir e compor o mundo e subverter, ou pelo menos questionar, o modus operandi que subjuga o lugar do corpo nos processos de cria\u00e7\u00e3o e composi\u00e7\u00e3o, colocando-o a servi\u00e7o da mente que teoricamente opera comandos na decis\u00e3o de cada gesto.\u00a0O ato de cria\u00e7\u00e3o, aqui, dialoga com a composi\u00e7\u00e3o, a partir do entendimento de que na rela\u00e7\u00e3o entre o corpo e o espa\u00e7o reside um processo que parte da atualiza\u00e7\u00e3o da presen\u00e7a do corpo que informa, qualifica e manifesta suas intera\u00e7\u00f5es neste espa\u00e7o. Prop\u00f5e-se, assim, um trabalho f\u00edsico para ativar um estado de presen\u00e7a e aten\u00e7\u00e3o e um olhar estrangeiro e antropol\u00f3gico, entendendo que corpo e mente n\u00e3o s\u00e3o divididos e que a presen\u00e7a \u00e9 uma rela\u00e7\u00e3o que s\u00f3 se estabelece na experi\u00eancia espacial. A oficina ser\u00e1 realizada na sede do evento ICHT em duas tardes, dias 16 e 17 de abril, das 14 \u00e0s 18h.<\/p>\n<p>&nbsp;<\/p>\n<p>Vagas: 20<\/p>\n<p>&nbsp;<\/p>\n<p>Observa\u00e7\u00e3o para participantes: Recomenda-se o uso de roupas confort\u00e1veis, adequadas \u00e0 atividade f\u00edsica.<\/p>\n<p>&nbsp;<\/p>\n<p><a href=\"https:\/\/www.sympla.com.br\/oficina-4----arquiteturas-feministas---novas-iconografias---icht-2019__497295\"><strong>OFICINA 4<\/strong><\/a><\/p>\n<p><a href=\"https:\/\/www.sympla.com.br\/oficina-4----arquiteturas-feministas---novas-iconografias---icht-2019__497295\"><strong>Arquiteturas feministas &#8211; novas iconografias<\/strong><\/a><\/p>\n<p>DATA: 16 de abril (das 14 \u00e0s 18h)<\/p>\n<p>&nbsp;<\/p>\n<p><strong>Organizadoras<\/strong>:<\/p>\n<p>V\u00e2nia Medeiros &#8211;<\/p>\n<p>Daniele Queiroz \u2013<\/p>\n<p><span style=\"font-weight: 400;\">Prof Claire Revol \u2013 Universit\u00e9 Grenoble-Alpes<\/span><\/p>\n<p><strong>Descri\u00e7\u00e3o<\/strong>:<\/p>\n<p>A proposta da oficina \u00e9 criar cadernos que reflitam sobre a participa\u00e7\u00e3o da mulher na<\/p>\n<p>arquitetura e onde o feminismo possa servir de base para novas arquiteturas. Investigaremos<\/p>\n<p>uma iconografia das mulheres na hist\u00f3ria da arquitetura e, a partir de desenhos de observa\u00e7\u00e3o<\/p>\n<p>do entorno e da unidade do Senac, pensaremos o que seriam arquiteturas feministas.<\/p>\n<p>&nbsp;<\/p>\n<p>Vagas: 20<\/p>\n<p>Material a ser trazido pelos participantes: Fotografias de mulheres na arquitetura, material de desenho.<\/p>\n<p>&nbsp;<\/p>\n<p>&nbsp;","protected":false},"excerpt":{"rendered":"<p>As oficinas ser\u00e3o abertas a participantes do ICHT2019, que far\u00e3o suas inscri\u00e7\u00f5es no site, atrav\u00e9s do sistema SYMPLA, at\u00e9 o limite de vagas informado em cada uma delas. A inscri\u00e7\u00e3o s\u00f3 ser\u00e1 considerada conclu\u00edda, mediante o pagamento da contribui\u00e7\u00e3o para realiza\u00e7\u00e3o da oficina, no valor de 50 reais por pessoa. Cada participante pode se inscrever&hellip;<\/p>\n","protected":false},"author":734,"featured_media":0,"parent":0,"menu_order":0,"comment_status":"closed","ping_status":"closed","template":"","meta":{"footnotes":"","_links_to":"","_links_to_target":""},"class_list":["post-580","page","type-page","status-publish","hentry","post"],"_links":{"self":[{"href":"https:\/\/sites.usp.br\/icht2019\/wp-json\/wp\/v2\/pages\/580","targetHints":{"allow":["GET"]}}],"collection":[{"href":"https:\/\/sites.usp.br\/icht2019\/wp-json\/wp\/v2\/pages"}],"about":[{"href":"https:\/\/sites.usp.br\/icht2019\/wp-json\/wp\/v2\/types\/page"}],"author":[{"embeddable":true,"href":"https:\/\/sites.usp.br\/icht2019\/wp-json\/wp\/v2\/users\/734"}],"replies":[{"embeddable":true,"href":"https:\/\/sites.usp.br\/icht2019\/wp-json\/wp\/v2\/comments?post=580"}],"version-history":[{"count":4,"href":"https:\/\/sites.usp.br\/icht2019\/wp-json\/wp\/v2\/pages\/580\/revisions"}],"predecessor-version":[{"id":589,"href":"https:\/\/sites.usp.br\/icht2019\/wp-json\/wp\/v2\/pages\/580\/revisions\/589"}],"wp:attachment":[{"href":"https:\/\/sites.usp.br\/icht2019\/wp-json\/wp\/v2\/media?parent=580"}],"curies":[{"name":"wp","href":"https:\/\/api.w.org\/{rel}","templated":true}]}}