{"id":62,"date":"2014-02-12T11:28:30","date_gmt":"2014-02-12T13:28:30","guid":{"rendered":"http:\/\/sites.usp.br\/jacusprp\/?page_id=62"},"modified":"2019-05-01T14:53:03","modified_gmt":"2019-05-01T16:53:03","slug":"perguntas-frequentes","status":"publish","type":"page","link":"https:\/\/sites.usp.br\/jacusprp\/perguntas-frequentes\/","title":{"rendered":"PERGUNTAS FREQUENTES"},"content":{"rendered":"<div id=\"pl-62\"  class=\"panel-layout\" ><div id=\"pg-62-0\"  class=\"panel-grid panel-has-style\" ><div class=\"panel-row-style panel-row-style-for-62-0\" ><div id=\"pgc-62-0-0\"  class=\"panel-grid-cell\" ><div id=\"panel-62-0-0-0\" class=\"so-panel widget widget_sow-headline panel-first-child\" data-index=\"0\" ><div\n\t\t\t\n\t\t\tclass=\"so-widget-sow-headline so-widget-sow-headline-default-7acfa56c0e78-62\"\n\t\t\t\n\t\t><div class=\"sow-headline-container \">\n\t\t\t\t\t\t\t<h3 class=\"sow-headline\">\n\t\t\t\t\t\tQuando se iniciam as inscri\u00e7\u00f5es?\t\t\t\t\t\t<\/h3>\n\t\t\t\t\t\t\t\t\t\t\t\t<h4 class=\"sow-sub-headline\">\n\t\t\t\t\t\tAs inscri\u00e7\u00f5es abriram no dia 04\/02\/2019, mas j\u00e1 est\u00e3o esgotadas. Nos vemos em 2020!\t\t\t\t\t\t<\/h4>\n\t\t\t\t\t\t<\/div>\n<\/div><\/div><div id=\"panel-62-0-0-1\" class=\"so-panel widget widget_sow-headline\" data-index=\"1\" ><div\n\t\t\t\n\t\t\tclass=\"so-widget-sow-headline so-widget-sow-headline-default-7acfa56c0e78-62\"\n\t\t\t\n\t\t><div class=\"sow-headline-container \">\n\t\t\t\t\t\t\t<h3 class=\"sow-headline\">\n\t\t\t\t\t\tQuais os valores para participar?\t\t\t\t\t\t<\/h3>\n\t\t\t\t\t\t\t\t\t\t\t\t<h4 class=\"sow-sub-headline\">\n\t\t\t\t\t\tOs valores dependem dos lotes. Do dia 04\/02\/19 at\u00e9 17\/02\/19, s\u00e3o R$75,00 para estudantes de gradua\u00e7\u00e3o e da p\u00f3s, e R$95,00 para profissionais. Do dia 18\/02\/19 a 17\/03\/19, R$85,00 e R$105,00. Do dia 18\/03\/19 a 21\/04\/19, R$95,00 e R$115,00. Esses valores s\u00e3o referentes \u00e0 II JAC USP Ribeir\u00e3o Preto. Ainda n\u00e3o h\u00e1 previs\u00e3o para os valores da III JAC USP RP.\t\t\t\t\t\t<\/h4>\n\t\t\t\t\t\t<\/div>\n<\/div><\/div><div id=\"panel-62-0-0-2\" class=\"so-panel widget widget_sow-headline\" data-index=\"2\" ><div\n\t\t\t\n\t\t\tclass=\"so-widget-sow-headline so-widget-sow-headline-default-7acfa56c0e78-62\"\n\t\t\t\n\t\t><div class=\"sow-headline-container \">\n\t\t\t\t\t\t\t<h3 class=\"sow-headline\">\n\t\t\t\t\t\tAt\u00e9 quando devo realizar o pagamento da inscri\u00e7\u00e3o?\t\t\t\t\t\t<\/h3>\n\t\t\t\t\t\t\t\t\t\t\t\t<h4 class=\"sow-sub-headline\">\n\t\t\t\t\t\tVoc\u00ea deve fazer o pagamento em at\u00e9 TR\u00caS DIAS \u00daTEIS ap\u00f3s o dia da inscri\u00e7\u00e3o. Os pagamentos da inscri\u00e7\u00e3o ser\u00e3o realizados atrav\u00e9s de dep\u00f3sito\/transfer\u00eancia em conta corrente e poupan\u00e7a no Banco do Brasil ou Santander. Essas informa\u00e7\u00f5es e outras estar\u00e3o dispon\u00edveis no ato da inscri\u00e7\u00e3o.\t\t\t\t\t\t<\/h4>\n\t\t\t\t\t\t<\/div>\n<\/div><\/div><div id=\"panel-62-0-0-3\" class=\"so-panel widget widget_sow-headline\" data-index=\"3\" ><div\n\t\t\t\n\t\t\tclass=\"so-widget-sow-headline so-widget-sow-headline-default-7acfa56c0e78-62\"\n\t\t\t\n\t\t><div class=\"sow-headline-container \">\n\t\t\t\t\t\t\t<h3 class=\"sow-headline\">\n\t\t\t\t\t\tJ\u00e1 paguei e enviei os comprovantes. Quando receberei meu email de confirma\u00e7\u00e3o?\t\t\t\t\t\t<\/h3>\n\t\t\t\t\t\t\t\t\t\t\t\t<h4 class=\"sow-sub-headline\">\n\t\t\t\t\t\tVamos enviar o email de confirma\u00e7\u00e3o da sua inscri\u00e7\u00e3o, indicando o minicurso que voc\u00ea far\u00e1, em at\u00e9 SETE dias \u00fateis.\t\t\t\t\t\t<\/h4>\n\t\t\t\t\t\t<\/div>\n<\/div><\/div><div id=\"panel-62-0-0-4\" class=\"so-panel widget widget_sow-headline\" data-index=\"4\" ><div\n\t\t\t\n\t\t\tclass=\"so-widget-sow-headline so-widget-sow-headline-default-7acfa56c0e78-62\"\n\t\t\t\n\t\t><div class=\"sow-headline-container \">\n\t\t\t\t\t\t\t<h3 class=\"sow-headline\">\n\t\t\t\t\t\tOnde ser\u00e1 realizado o evento?\t\t\t\t\t\t<\/h3>\n\t\t\t\t\t\t\t\t\t\t\t\t<h4 class=\"sow-sub-headline\">\n\t\t\t\t\t\tA 2\u00aa Jornada de An\u00e1lise do Comportamento da USP-RP ser\u00e1 realizada em Ribeir\u00e3o Preto no campus da Universidade de S\u00e3o Paulo. No dia 27\/04\/2019 (S\u00e1bado) as atividades ir\u00e3o ocorrer no Audit\u00f3rio da Faculdade de Direito da USP de Ribeir\u00e3o Preto \"Luciano Auditorium Camargo Penteado\" (Endere\u00e7o: Rua Prof. Aymar Baptista Prado, 835). J\u00e1 no dia 28\/04\/2019 (Domingo), as atividades ser\u00e3o no Bloco Did\u00e1tico da Faculdade de Filosofia, Ci\u00eancias e Letras de Ribeir\u00e3o Preto (FFCLRP - USP), que se encontra na Rua Prof\u00ba Andr\u00e9 Ricciardi Cruz, s\/n\u00ba.\t\t\t\t\t\t<\/h4>\n\t\t\t\t\t\t<\/div>\n<\/div><\/div><div id=\"panel-62-0-0-5\" class=\"so-panel widget widget_sow-headline\" data-index=\"5\" ><div\n\t\t\t\n\t\t\tclass=\"so-widget-sow-headline so-widget-sow-headline-default-7acfa56c0e78-62\"\n\t\t\t\n\t\t><div class=\"sow-headline-container \">\n\t\t\t\t\t\t\t<h3 class=\"sow-headline\">\n\t\t\t\t\t\tO almo\u00e7o est\u00e1 incluso no valor da inscri\u00e7\u00e3o?\t\t\t\t\t\t<\/h3>\n\t\t\t\t\t\t\t\t\t\t\t\t<h4 class=\"sow-sub-headline\">\n\t\t\t\t\t\tN\u00e3o. A inscri\u00e7\u00e3o cobre somente os coffees breaks. Em rela\u00e7\u00e3o ao almo\u00e7o de s\u00e1bado, h\u00e1 tr\u00eas restaurantes dentro do Campus da USP: na Faculdade de Direito (onde ocorrer\u00e1 o evento), na Qu\u00edmica (Cantina do Walter, ao lado do Audit\u00f3rio) e na FEA (pr\u00f3ximo ao local). Tamb\u00e9m h\u00e1 a op\u00e7\u00e3o de entregas por meio de aplicativos, como iFood, Uber eats e Rappi.\t\t\t\t\t\t<\/h4>\n\t\t\t\t\t\t<\/div>\n<\/div><\/div><div id=\"panel-62-0-0-6\" class=\"so-panel widget widget_sow-headline\" data-index=\"6\" ><div\n\t\t\t\n\t\t\tclass=\"so-widget-sow-headline so-widget-sow-headline-default-7acfa56c0e78-62\"\n\t\t\t\n\t\t><div class=\"sow-headline-container \">\n\t\t\t\t\t\t\t<h3 class=\"sow-headline\">\n\t\t\t\t\t\tPosso trocar de minicurso no dia do evento?\t\t\t\t\t\t<\/h3>\n\t\t\t\t\t\t\t\t\t\t\t\t<h4 class=\"sow-sub-headline\">\n\t\t\t\t\t\tN\u00e3o \u00e9 poss\u00edvel realizar a troca de minicurso. No crach\u00e1, ter\u00e1 a op\u00e7\u00e3o de minicurso que enviamos para voc\u00ea no email. Por favor, n\u00e3o insista!\t\t\t\t\t\t<\/h4>\n\t\t\t\t\t\t<\/div>\n<\/div><\/div><div id=\"panel-62-0-0-7\" class=\"so-panel widget widget_sow-headline\" data-index=\"7\" ><div\n\t\t\t\n\t\t\tclass=\"so-widget-sow-headline so-widget-sow-headline-default-7acfa56c0e78-62\"\n\t\t\t\n\t\t><div class=\"sow-headline-container \">\n\t\t\t\t\t\t\t<h3 class=\"sow-headline\">\n\t\t\t\t\t\tExiste isen\u00e7\u00e3o da taxa de inscri\u00e7\u00e3o?\t\t\t\t\t\t<\/h3>\n\t\t\t\t\t\t\t\t\t\t\t\t<h4 class=\"sow-sub-headline\">\n\t\t\t\t\t\tAinda n\u00e3o contamos com isen\u00e7\u00e3o ou redu\u00e7\u00e3o do pre\u00e7o da inscri\u00e7\u00e3o.\t\t\t\t\t\t<\/h4>\n\t\t\t\t\t\t<\/div>\n<\/div><\/div><div id=\"panel-62-0-0-8\" class=\"so-panel widget widget_sow-headline\" data-index=\"8\" ><div\n\t\t\t\n\t\t\tclass=\"so-widget-sow-headline so-widget-sow-headline-default-7acfa56c0e78-62\"\n\t\t\t\n\t\t><div class=\"sow-headline-container \">\n\t\t\t\t\t\t\t<h3 class=\"sow-headline\">\n\t\t\t\t\t\tEu j\u00e1 paguei, mas n\u00e3o poderei mais ir. Posso receber o dinheiro de volta?\t\t\t\t\t\t<\/h3>\n\t\t\t\t\t\t\t\t\t\t\t\t<h4 class=\"sow-sub-headline\">\n\t\t\t\t\t\tVoc\u00ea pode solicitar o reembolso da inscri\u00e7\u00e3o at\u00e9 o dia 25\/03\/2019, recebendo o valor TOTAL. Ap\u00f3s esse dia, n\u00e3o ser\u00e1 poss\u00edvel reembolsar QUALQUER valor.\t\t\t\t\t\t<\/h4>\n\t\t\t\t\t\t<\/div>\n<\/div><\/div><div id=\"panel-62-0-0-9\" class=\"so-panel widget widget_sow-headline\" data-index=\"9\" ><div\n\t\t\t\n\t\t\tclass=\"so-widget-sow-headline so-widget-sow-headline-default-7acfa56c0e78-62\"\n\t\t\t\n\t\t><div class=\"sow-headline-container \">\n\t\t\t\t\t\t\t<h3 class=\"sow-headline\">\n\t\t\t\t\t\tPosso pagar metade da inscri\u00e7\u00e3o e ir somente em um dia?\t\t\t\t\t\t<\/h3>\n\t\t\t\t\t\t\t\t\t\t\t\t<h4 class=\"sow-sub-headline\">\n\t\t\t\t\t\tN\u00e3o \u00e9 poss\u00edvel pagar metade da inscri\u00e7\u00e3o nesse caso. Caso possa ir somente um dia, deve ser pago o valor total da inscri\u00e7\u00e3o. No entanto, voc\u00ea pode receber o certificado do dia que voc\u00ea foi, caso seja cumprido o crit\u00e9rio (75% de presen\u00e7a no s\u00e1bado e 100% no domingo).\t\t\t\t\t\t<\/h4>\n\t\t\t\t\t\t<\/div>\n<\/div><\/div><div id=\"panel-62-0-0-10\" class=\"so-panel widget widget_sow-headline panel-last-child\" data-index=\"10\" ><div\n\t\t\t\n\t\t\tclass=\"so-widget-sow-headline so-widget-sow-headline-default-7acfa56c0e78-62\"\n\t\t\t\n\t\t><div class=\"sow-headline-container \">\n\t\t\t\t\t\t\t<h3 class=\"sow-headline\">\n\t\t\t\t\t\tAinda tenho d\u00favidas. Onde posso me informar?\t\t\t\t\t\t<\/h3>\n\t\t\t\t\t\t\t\t\t\t\t\t<h4 class=\"sow-sub-headline\">\n\t\t\t\t\t\tBasta enviar uma mensagem inbox em nossa p\u00e1gina oficial do Facebook (https:\/\/www.facebook.com\/jacusprp\/) ou em nosso site na aba \"Contato\" (http:\/\/sites.usp.br\/jacusprp\/contato\/).\t\t\t\t\t\t<\/h4>\n\t\t\t\t\t\t<\/div>\n<\/div><\/div><\/div><\/div><\/div><\/div>","protected":false},"excerpt":{"rendered":"<p>Quando se iniciam as inscri\u00e7\u00f5es? As inscri\u00e7\u00f5es abriram no dia 04\/02\/2019, mas j\u00e1 est\u00e3o esgotadas. Nos vemos em 2020! Quais os valores para participar? Os valores dependem dos lotes. Do dia 04\/02\/19 at\u00e9 17\/02\/19, s\u00e3o R$75,00 para estudantes de gradua\u00e7\u00e3o e da p\u00f3s, e R$95,00 para profissionais. Do dia 18\/02\/19 a 17\/03\/19, R$85,00 e R$105,00.<a href=\"https:\/\/sites.usp.br\/jacusprp\/perguntas-frequentes\/\">[&#8230;]<\/a><\/p>\n","protected":false},"author":1,"featured_media":0,"parent":0,"menu_order":8,"comment_status":"closed","ping_status":"closed","template":"","meta":{"footnotes":"","_links_to":"","_links_to_target":""},"class_list":["post-62","page","type-page","status-publish","hentry"],"_links":{"self":[{"href":"https:\/\/sites.usp.br\/jacusprp\/wp-json\/wp\/v2\/pages\/62","targetHints":{"allow":["GET"]}}],"collection":[{"href":"https:\/\/sites.usp.br\/jacusprp\/wp-json\/wp\/v2\/pages"}],"about":[{"href":"https:\/\/sites.usp.br\/jacusprp\/wp-json\/wp\/v2\/types\/page"}],"author":[{"embeddable":true,"href":"https:\/\/sites.usp.br\/jacusprp\/wp-json\/wp\/v2\/users\/1"}],"replies":[{"embeddable":true,"href":"https:\/\/sites.usp.br\/jacusprp\/wp-json\/wp\/v2\/comments?post=62"}],"version-history":[{"count":6,"href":"https:\/\/sites.usp.br\/jacusprp\/wp-json\/wp\/v2\/pages\/62\/revisions"}],"predecessor-version":[{"id":936,"href":"https:\/\/sites.usp.br\/jacusprp\/wp-json\/wp\/v2\/pages\/62\/revisions\/936"}],"wp:attachment":[{"href":"https:\/\/sites.usp.br\/jacusprp\/wp-json\/wp\/v2\/media?parent=62"}],"curies":[{"name":"wp","href":"https:\/\/api.w.org\/{rel}","templated":true}]}}