{"id":684,"date":"2019-01-31T13:30:30","date_gmt":"2019-01-31T15:30:30","guid":{"rendered":"http:\/\/sites.usp.br\/jacusprp\/?page_id=684"},"modified":"2020-03-17T17:14:42","modified_gmt":"2020-03-17T19:14:42","slug":"programacao","status":"publish","type":"page","link":"https:\/\/sites.usp.br\/jacusprp\/programacao\/","title":{"rendered":"PROGRAMA\u00c7\u00c3O"},"content":{"rendered":"<div id=\"pl-684\"  class=\"panel-layout\" ><div id=\"pg-684-0\"  class=\"panel-grid panel-no-style\" ><div id=\"pgc-684-0-0\"  class=\"panel-grid-cell\" ><div id=\"panel-684-0-0-0\" class=\"so-panel widget widget_sow-headline panel-first-child\" data-index=\"0\" ><div\n\t\t\t\n\t\t\tclass=\"so-widget-sow-headline so-widget-sow-headline-default-501268a507a4-684\"\n\t\t\t\n\t\t><div class=\"sow-headline-container \">\n\t\t\t\t\t\t\t<h1 class=\"sow-headline\">\n\t\t\t\t\t\t\t\t\t\t\t\t\t<a href=\"https:\/\/scontent.faqa1-1.fna.fbcdn.net\/v\/t1.0-9\/90141605_2578369832408390_3148060107112185856_n.png?_nc_cat=103&#038;_nc_sid=02d79f&#038;_nc_ohc=MvtXIaZuuIYAX9RQ3dM&#038;_nc_ht=scontent.faqa1-1.fna&#038;oh=7b72f4a39e4115bdd23c02159b509a03&#038;oe=5E94C006\" target=\"_blank\" rel=\"noopener noreferrer\">\n\t\t\t\t\t\t\t\tPROGRAMA\u00c7\u00c3O DA 3\u00aa JAC USP RIBEIR\u00c3O PRETO (2020)<\/a>\t\t\t\t\t\t<\/h1>\n\t\t\t\t\t\t\t\t\t\t\t<div class=\"decoration\">\n\t\t\t\t\t\t<div class=\"decoration-inside\"><\/div>\n\t\t\t\t\t<\/div>\n\t\t\t\t\t<\/div>\n<\/div><\/div><div id=\"panel-684-0-0-1\" class=\"so-panel widget widget_sow-editor\" data-index=\"1\" ><div\n\t\t\t\n\t\t\tclass=\"so-widget-sow-editor so-widget-sow-editor-base\"\n\t\t\t\n\t\t>\n<div class=\"siteorigin-widget-tinymce textwidget\">\n\t<h6 style=\"text-align: center;\">Clique no link acima para conferir como ser\u00e1 a programa\u00e7\u00e3o do evento de 2020!<\/h6>\n<\/div>\n<\/div><\/div><div id=\"panel-684-0-0-2\" class=\"so-panel widget widget_sow-headline\" data-index=\"2\" ><div\n\t\t\t\n\t\t\tclass=\"so-widget-sow-headline so-widget-sow-headline-default-501268a507a4-684\"\n\t\t\t\n\t\t><div class=\"sow-headline-container \">\n\t\t\t\t\t\t\t<h1 class=\"sow-headline\">\n\t\t\t\t\t\t\t\t\t\t\t\t\t<a href=\"http:\/\/sites.usp.br\/jacusprp\/programacao-2019\/\" target=\"_blank\" rel=\"noopener noreferrer\">\n\t\t\t\t\t\t\t\tPROGRAMA\u00c7\u00c3O DA 2\u00aa JAC USP RIBEIR\u00c3O PRETO (2019)<\/a>\t\t\t\t\t\t<\/h1>\n\t\t\t\t\t\t\t\t\t\t\t<div class=\"decoration\">\n\t\t\t\t\t\t<div class=\"decoration-inside\"><\/div>\n\t\t\t\t\t<\/div>\n\t\t\t\t\t<\/div>\n<\/div><\/div><div id=\"panel-684-0-0-3\" class=\"so-panel widget widget_sow-editor\" data-index=\"3\" ><div\n\t\t\t\n\t\t\tclass=\"so-widget-sow-editor so-widget-sow-editor-base\"\n\t\t\t\n\t\t>\n<div class=\"siteorigin-widget-tinymce textwidget\">\n\t<h6 style=\"text-align: center;\">Clique no link acima para conferir como foi a programa\u00e7\u00e3o do evento de 2019!<\/h6>\n<\/div>\n<\/div><\/div><div id=\"panel-684-0-0-4\" class=\"so-panel widget widget_sow-editor\" data-index=\"4\" ><div\n\t\t\t\n\t\t\tclass=\"so-widget-sow-editor so-widget-sow-editor-base\"\n\t\t\t\n\t\t>\n<div class=\"siteorigin-widget-tinymce textwidget\">\n\t<\/div>\n<\/div><\/div><div id=\"panel-684-0-0-5\" class=\"so-panel widget widget_sow-headline\" data-index=\"5\" ><div\n\t\t\t\n\t\t\tclass=\"so-widget-sow-headline so-widget-sow-headline-default-501268a507a4-684\"\n\t\t\t\n\t\t><div class=\"sow-headline-container \">\n\t\t\t\t\t\t\t<h1 class=\"sow-headline\">\n\t\t\t\t\t\t\t\t\t\t\t\t\t<a href=\"http:\/\/sites.usp.br\/jacusprp\/programacao-2018\/\" target=\"_blank\" rel=\"noopener noreferrer\">\n\t\t\t\t\t\t\t\tPROGRAMA\u00c7\u00c3O DA 1\u00aa JAC USP RIBEIR\u00c3O PRETO (2018)<\/a>\t\t\t\t\t\t<\/h1>\n\t\t\t\t\t\t\t\t\t\t\t<div class=\"decoration\">\n\t\t\t\t\t\t<div class=\"decoration-inside\"><\/div>\n\t\t\t\t\t<\/div>\n\t\t\t\t\t<\/div>\n<\/div><\/div><div id=\"panel-684-0-0-6\" class=\"so-panel widget widget_sow-editor panel-last-child\" data-index=\"6\" ><div\n\t\t\t\n\t\t\tclass=\"so-widget-sow-editor so-widget-sow-editor-base\"\n\t\t\t\n\t\t>\n<div class=\"siteorigin-widget-tinymce textwidget\">\n\t<h6 style=\"text-align: center;\">Clique no link acima para conferir como foi a programa\u00e7\u00e3o do evento de 2018!<\/h6>\n<\/div>\n<\/div><\/div><\/div><\/div><\/div>","protected":false},"excerpt":{"rendered":"<p>Clique no link acima para conferir como ser\u00e1 a programa\u00e7\u00e3o do evento de 2020! Clique no link acima para conferir como foi a programa\u00e7\u00e3o do evento de 2019! Clique no link acima para conferir como foi a programa\u00e7\u00e3o do evento de 2018!<\/p>\n","protected":false},"author":844,"featured_media":0,"parent":0,"menu_order":0,"comment_status":"closed","ping_status":"closed","template":"","meta":{"footnotes":"","_links_to":"","_links_to_target":""},"class_list":["post-684","page","type-page","status-publish","hentry"],"_links":{"self":[{"href":"https:\/\/sites.usp.br\/jacusprp\/wp-json\/wp\/v2\/pages\/684","targetHints":{"allow":["GET"]}}],"collection":[{"href":"https:\/\/sites.usp.br\/jacusprp\/wp-json\/wp\/v2\/pages"}],"about":[{"href":"https:\/\/sites.usp.br\/jacusprp\/wp-json\/wp\/v2\/types\/page"}],"author":[{"embeddable":true,"href":"https:\/\/sites.usp.br\/jacusprp\/wp-json\/wp\/v2\/users\/844"}],"replies":[{"embeddable":true,"href":"https:\/\/sites.usp.br\/jacusprp\/wp-json\/wp\/v2\/comments?post=684"}],"version-history":[{"count":6,"href":"https:\/\/sites.usp.br\/jacusprp\/wp-json\/wp\/v2\/pages\/684\/revisions"}],"predecessor-version":[{"id":970,"href":"https:\/\/sites.usp.br\/jacusprp\/wp-json\/wp\/v2\/pages\/684\/revisions\/970"}],"wp:attachment":[{"href":"https:\/\/sites.usp.br\/jacusprp\/wp-json\/wp\/v2\/media?parent=684"}],"curies":[{"name":"wp","href":"https:\/\/api.w.org\/{rel}","templated":true}]}}