{"id":1010,"date":"2024-05-17T19:17:13","date_gmt":"2024-05-17T21:17:13","guid":{"rendered":"https:\/\/sites.usp.br\/keml\/?page_id=1010"},"modified":"2024-08-09T12:50:50","modified_gmt":"2024-08-09T14:50:50","slug":"programas-logicos-probabilisticos-neurais","status":"publish","type":"page","link":"https:\/\/sites.usp.br\/keml\/programas-logicos-probabilisticos-neurais\/","title":{"rendered":"Programas l\u00f3gicos-probabil\u00edsticos-neurosimb\u00f3licos"},"content":{"rendered":"<h6 style=\"text-align: right;\"><\/h6>\n<div id=\"attachment_1011\" style=\"width: 310px\" class=\"wp-caption alignleft\"><img loading=\"lazy\" decoding=\"async\" aria-describedby=\"caption-attachment-1011\" class=\"wp-image-1011 size-medium\" src=\"https:\/\/sites.usp.br\/keml\/wp-content\/uploads\/sites\/1460\/2024\/05\/Probabilistic-Neural-Logic-Programs-300x300.jpeg\" alt=\"\" width=\"300\" height=\"300\" srcset=\"https:\/\/sites.usp.br\/keml\/wp-content\/uploads\/sites\/1460\/2024\/05\/Probabilistic-Neural-Logic-Programs-300x300.jpeg 300w, https:\/\/sites.usp.br\/keml\/wp-content\/uploads\/sites\/1460\/2024\/05\/Probabilistic-Neural-Logic-Programs-150x150.jpeg 150w, https:\/\/sites.usp.br\/keml\/wp-content\/uploads\/sites\/1460\/2024\/05\/Probabilistic-Neural-Logic-Programs-768x768.jpeg 768w, https:\/\/sites.usp.br\/keml\/wp-content\/uploads\/sites\/1460\/2024\/05\/Probabilistic-Neural-Logic-Programs-250x250.jpeg 250w, https:\/\/sites.usp.br\/keml\/wp-content\/uploads\/sites\/1460\/2024\/05\/Probabilistic-Neural-Logic-Programs-174x174.jpeg 174w, https:\/\/sites.usp.br\/keml\/wp-content\/uploads\/sites\/1460\/2024\/05\/Probabilistic-Neural-Logic-Programs-45x45.jpeg 45w, https:\/\/sites.usp.br\/keml\/wp-content\/uploads\/sites\/1460\/2024\/05\/Probabilistic-Neural-Logic-Programs-200x200.jpeg 200w, https:\/\/sites.usp.br\/keml\/wp-content\/uploads\/sites\/1460\/2024\/05\/Probabilistic-Neural-Logic-Programs-400x400.jpeg 400w, https:\/\/sites.usp.br\/keml\/wp-content\/uploads\/sites\/1460\/2024\/05\/Probabilistic-Neural-Logic-Programs.jpeg 1024w\" sizes=\"auto, (max-width: 300px) 100vw, 300px\" \/><p id=\"caption-attachment-1011\" class=\"wp-caption-text\">Imagem gerada por IA (Copilot)<\/p><\/div>\n<p>Nas \u00faltimas d\u00e9cadas, temos sido repetidamente surpreendidos pelo desempenho dos sistemas de aprendizado profundo em tarefas desafiadoras de processamento de imagem, texto e fala. No entanto, desenvolver solu\u00e7\u00f5es eficazes de aprendizado profundo \u00e9 notoriamente desafiador, pois tais solu\u00e7\u00f5es exigem grandes quantidades de dados e processamento computacional (muitas vezes al\u00e9m dos or\u00e7amentos limitados dos usu\u00e1rios t\u00edpicos), s\u00e3o muito sens\u00edveis a mudan\u00e7as de dom\u00ednio e a correla\u00e7\u00f5es esp\u00farias nos dados e, ocasionalmente, produzem resultados indesej\u00e1veis que prejudicam o desempenho final e a confian\u00e7a do usu\u00e1rio no sistema. As boas e antigas t\u00e9cnicas de intelig\u00eancia artificial, baseadas na representa\u00e7\u00e3o do conhecimento e na manipula\u00e7\u00e3o de s\u00edmbolos, s\u00e3o eficientes em termos de uso de dados, s\u00e3o generaliz\u00e1veis e principalmente, produzem comportamento verific\u00e1vel; no entanto, elas n\u00e3o s\u00e3o escalon\u00e1veis, exigem procedimentos caros de aquisi\u00e7\u00e3o de conhecimento e t\u00eam dificuldade em lidar com o ru\u00eddo e a incerteza que s\u00e3o onipresentes nas tarefas cognitivas (resposta a perguntas, reconhecimento de objetos, argumenta\u00e7\u00e3o, etc.). As abordagens neurossimb\u00f3licas ressurgiram recentemente como um meio de aproveitar o melhor de ambas as abordagens e fornecer sistemas que sejam tanto expressivos e escal\u00e1veis, quanto interpret\u00e1veis, generaliz\u00e1veis, eficientes em termos de uso de dados e confi\u00e1veis.<\/p>\n<p>Um grupo de pesquisadores do KEML est\u00e1 desenvolvendo ativamente uma estrutura computacional que permitir\u00e1 o r\u00e1pido desenvolvimento de solu\u00e7\u00f5es neurossimb\u00f3licas especificadas usando ferramentas modernas de aprendizado profundo (por exemplo, PyTorch) e linguagem especializada de dom\u00ednio espec\u00edfico para representa\u00e7\u00e3o de conhecimento (por exemplo, Answer Set Programming). A estrutura dever\u00e1 facilitar a constru\u00e7\u00e3o de sistemas que combinem rotinas de aprendizagem profunda e conhecimento especializado\/de senso comum, integra\u00e7\u00e3o de sistemas de classifica\u00e7\u00e3o (por exemplo, diferentes classificadores neurais treinados para diferentes prop\u00f3sitos) e v\u00e1rias novas formas de aprendizado que combinem dados e conhecimento, como aprendizado \u00e0 dist\u00e2ncia e aprendizado com restri\u00e7\u00f5es l\u00f3gicas. O grupo tamb\u00e9m se compromete a criar casos de estudo para mostrar as funcionalidades do sistema, em tarefas desafiadoras como argumenta\u00e7\u00e3o probabil\u00edstica, anota\u00e7\u00e3o autom\u00e1tica de reda\u00e7\u00f5es e resposta a perguntas.<\/p>\n<p>Conhe\u00e7a um pouco mais \u2026.<\/p>\n<ul>\n<li>Silveira, I.C., Barbosa, B., Mau\u00e1, D. D. <strong>A New Benchmark for Automatic Essay Scoring in Portuguese<\/strong>. Proceedings of the 16th International Conference on Computational Processing of Portuguese, 2024.<\/li>\n<li>Mau\u00e1, D. D., Cozman, F. G. <strong>Specifying credal sets with probabilistic answer set programming.<\/strong>\u00a0Proceedings of the Thirteenth International Symposium on Imprecise Probability: Theories and Applications, 2023.<\/li>\n<li>Outras publica\u00e7\u00f5es\u00a0<a href=\"https:\/\/sites.usp.br\/keml\/publicacoes\/\" target=\"_blank\" rel=\"noopener\">aqui<\/a>!<\/li>\n<\/ul>\n","protected":false},"excerpt":{"rendered":"<p>Nas \u00faltimas d\u00e9cadas, temos sido repetidamente surpreendidos pelo desempenho dos sistemas de aprendizado profundo em tarefas desafiadoras de processamento de imagem, texto e fala. No entanto, desenvolver solu\u00e7\u00f5es eficazes de aprendizado profundo \u00e9 notoriamente desafiador, pois tais solu\u00e7\u00f5es exigem grandes quantidades de dados e processamento computacional (muitas vezes al\u00e9m dos or\u00e7amentos limitados dos usu\u00e1rios t\u00edpicos),<a href=\"https:\/\/sites.usp.br\/keml\/programas-logicos-probabilisticos-neurais\/\">[&#8230;]<\/a><\/p>\n","protected":false},"author":24022,"featured_media":0,"parent":0,"menu_order":0,"comment_status":"closed","ping_status":"closed","template":"","meta":{"inline_featured_image":false,"_monsterinsights_skip_tracking":false,"_monsterinsights_sitenote_active":false,"_monsterinsights_sitenote_note":"","_monsterinsights_sitenote_category":0,"footnotes":"","_links_to":"","_links_to_target":""},"class_list":["post-1010","page","type-page","status-publish","hentry"],"_links":{"self":[{"href":"https:\/\/sites.usp.br\/keml\/wp-json\/wp\/v2\/pages\/1010","targetHints":{"allow":["GET"]}}],"collection":[{"href":"https:\/\/sites.usp.br\/keml\/wp-json\/wp\/v2\/pages"}],"about":[{"href":"https:\/\/sites.usp.br\/keml\/wp-json\/wp\/v2\/types\/page"}],"author":[{"embeddable":true,"href":"https:\/\/sites.usp.br\/keml\/wp-json\/wp\/v2\/users\/24022"}],"replies":[{"embeddable":true,"href":"https:\/\/sites.usp.br\/keml\/wp-json\/wp\/v2\/comments?post=1010"}],"version-history":[{"count":5,"href":"https:\/\/sites.usp.br\/keml\/wp-json\/wp\/v2\/pages\/1010\/revisions"}],"predecessor-version":[{"id":1449,"href":"https:\/\/sites.usp.br\/keml\/wp-json\/wp\/v2\/pages\/1010\/revisions\/1449"}],"wp:attachment":[{"href":"https:\/\/sites.usp.br\/keml\/wp-json\/wp\/v2\/media?parent=1010"}],"curies":[{"name":"wp","href":"https:\/\/api.w.org\/{rel}","templated":true}]}}