{"id":1722,"date":"2025-02-28T16:39:07","date_gmt":"2025-02-28T18:39:07","guid":{"rendered":"https:\/\/sites.usp.br\/keml\/?page_id=1722"},"modified":"2025-05-13T19:17:05","modified_gmt":"2025-05-13T21:17:05","slug":"harpia","status":"publish","type":"page","link":"https:\/\/sites.usp.br\/keml\/harpia\/","title":{"rendered":"HarpIA"},"content":{"rendered":"<style><span data-mce-type=\"bookmark\" style=\"display: inline-block; width: 0px; overflow: hidden; line-height: 0;\" class=\"mce_SELRES_start\">\ufeff<\/span><br \/>\n  @media (max-width: 720px) {<br \/>    .responsive-logo {<br \/>      display: flex;<br \/>      justify-content: center;<br \/>      align-items: center;<br \/>      width: 100%;<br \/>    }<br \/>    .responsive-btn {<br \/>      width: 300px!important;<br \/>    }<br \/>  }<br \/><\/style>\n<div style=\"display: flex; flex-wrap: wrap; align-items: flex-start; gap: 16px; margin-bottom: 24px;\">\n<p>&nbsp;<\/p>\n<div class=\"responsive-logo\"><img loading=\"lazy\" decoding=\"async\" style=\"max-width: 100%; height: auto;\" src=\"https:\/\/sites.usp.br\/keml\/wp-content\/uploads\/sites\/1460\/2025\/05\/mascote_colorido.svg\" alt=\"\" width=\"218\" height=\"295\" \/><\/div>\n<p>&nbsp;<\/p>\n<div style=\"flex: 1; min-width: 250px;\">\n<p style=\"margin: 0; text-align: justify;\"><strong>HarpIA<\/strong> \u00e9 uma plataforma de apoio \u00e0 avalia\u00e7\u00e3o de grandes modelos de linguagem (LLMs). Esses modelos est\u00e3o em um processo acelerado de evolu\u00e7\u00e3o e a pr\u00e1tica de avali\u00e1-los precisa acompanhar esse ritmo. A plataforma HarpIA busca contribuir para esse objetivo promovendo a produtividade, a reprodutibilidade, a padroniza\u00e7\u00e3o e a transpar\u00eancia do processo de avalia\u00e7\u00e3o.<\/p>\n<p style=\"text-align: justify; margin-top: 16px;\">A plataforma \u00e9 composta de m\u00f3dulos que operam de forma independente. Cada m\u00f3dulo oferece um conjunto ferramentas que podem ser funcionalmente concatenadas para satisfazer diferentes requisitos de avalia\u00e7\u00e3o. Isso se deve ao fato de as ferramentas compartilharem interfaces de entrada e sa\u00edda. Por exemplo, a sa\u00edda da ferramenta de m\u00e9tricas do m\u00f3dulo HarpIA Lab servir\u00e1 como a entrada da ferramenta de an\u00e1lise estat\u00edstica ou da ferramenta para an\u00e1lise gr\u00e1fica, tamb\u00e9m oferecidas pelo m\u00f3dulo HarpIA Lab. Por fim, todos os m\u00f3dulos da plataforma s\u00e3o desenvolvidos segundo uma pol\u00edtica de c\u00f3digo aberto, de forma que a plataforma pode ser estendida e adaptada \u00e0s necessidades particulares de cada usu\u00e1rio.<\/p>\n<\/div>\n<\/div>\n<p>Conhe\u00e7a as ferramentas oferecidas por cada m\u00f3dulo da plataforma e acompanhe o seu est\u00e1gio de desenvolvimento:<\/p>\n<div style=\"display: flex; flex-wrap: wrap; gap: 12px; margin-bottom: 24px; margin-top: 16px; width: 100%;\"><a class=\"responsive-btn\" style=\"background-color: #ffffff; display: inline !important;\" href=\"https:\/\/sites.usp.br\/keml\/harpia-survey\/\" target=\"_blank\" rel=\"noopener\"><img loading=\"lazy\" decoding=\"async\" class=\"responsive-btn alignnone\" src=\"https:\/\/sites.usp.br\/keml\/wp-content\/uploads\/sites\/1460\/2025\/03\/botao-survey.svg\" alt=\"\" width=\"180\" height=\"53\" \/><\/a><br \/>\n<a class=\"responsive-btn\" href=\"https:\/\/sites.usp.br\/keml\/harpia-lab\/\" target=\"_blank\" rel=\"noopener\"><img loading=\"lazy\" decoding=\"async\" class=\"responsive-btn\" style=\"max-width: 100%; height: auto;\" src=\"https:\/\/sites.usp.br\/keml\/wp-content\/uploads\/sites\/1460\/2025\/03\/botao-lab.svg\" alt=\"\" width=\"180\" height=\"53\" \/><br \/>\n<\/a><br \/>\n<a class=\"responsive-btn\" href=\"https:\/\/sites.usp.br\/keml\/harpia-twin\/\" target=\"_blank\" rel=\"noopener\"><img loading=\"lazy\" decoding=\"async\" class=\"responsive-btn\" style=\"max-width: 100%; height: auto;\" src=\"https:\/\/sites.usp.br\/keml\/wp-content\/uploads\/sites\/1460\/2025\/05\/botao-twin-SMP.svg\" alt=\"\" width=\"180\" height=\"53\" \/><br \/>\n<\/a><br \/>\n<a class=\"responsive-btn\" href=\"https:\/\/sites.usp.br\/keml\/harpia-modelos-e-conjuntos-de-dados\/\" target=\"_blank\" rel=\"noopener\"><img loading=\"lazy\" decoding=\"async\" class=\"responsive-btn\" style=\"max-width: 100%; height: auto;\" src=\"https:\/\/sites.usp.br\/keml\/wp-content\/uploads\/sites\/1460\/2025\/03\/botao-resources.svg\" alt=\"\" width=\"180\" height=\"53\" \/><br \/>\n<\/a><\/div>\n<div style=\"margin-top: 8px;\">\n<hr \/>\n<p style=\"text-align: right; color: #294a29;\"><em>&#8220;Talvez mais do que uma plataforma, o HarpIA pode ser visto como um ecossistema para avalia\u00e7\u00e3o de grandes modelos de linguagem.&#8221;<\/em><\/p>\n<p style=\"text-align: right; color: #808080;\">Equipe, 2025<\/p>\n<hr \/>\n<\/div>\n<div style=\"display: flex; flex-wrap: wrap; align-items: flex-start; gap: 16px; margin-top: 24px;\"><a style=\"flex-shrink: 0;\" href=\"https:\/\/sites.usp.br\/keml\/wp-content\/uploads\/sites\/1460\/2025\/02\/harpia-tool.png\"><img loading=\"lazy\" decoding=\"async\" class=\"alignnone\" style=\"max-width: 100%; height: 136px;\" src=\"https:\/\/sites.usp.br\/keml\/wp-content\/uploads\/sites\/1460\/2025\/02\/harpia-tool-300x169.png\" alt=\"Imagem de uma HarpIA voando entre \u00e1rvores, gerada por Intelig\u00eancia Artificial\" width=\"241\" height=\"136\" \/><br \/>\n<\/a><\/p>\n<div style=\"flex: 1; min-width: 250px;\">\n<p style=\"margin: 0; text-align: justify;\"><em>O nome HarpIA faz alus\u00e3o \u00e0 ave <strong>harpia<\/strong>, o mais forte predador entre as aves. Presente no Brasil, em especial na Amaz\u00f4nia e na Mata Atl\u00e2ntica, tamb\u00e9m \u00e9 encontrada em outras regi\u00f5es na Am\u00e9rica do Sul. Trata-se de uma ave muito perspicaz e forte, esperta e observadora. Uma de suas caracter\u00edsticas \u00e9 escanear suas presas, <strong>avaliando suas caracter\u00edsticas<\/strong> para ent\u00e3o tomar a decis\u00e3o de captur\u00e1-las.<\/em><\/p>\n<\/div>\n<\/div>\n<hr \/>\n<p>&nbsp;<\/p>\n","protected":false},"excerpt":{"rendered":"<p>&nbsp; &nbsp; HarpIA \u00e9 uma plataforma de apoio \u00e0 avalia\u00e7\u00e3o de grandes modelos de linguagem (LLMs). Esses modelos est\u00e3o em um processo acelerado de evolu\u00e7\u00e3o e a pr\u00e1tica de avali\u00e1-los precisa acompanhar esse ritmo. A plataforma HarpIA busca contribuir para esse objetivo promovendo a produtividade, a reprodutibilidade, a padroniza\u00e7\u00e3o e a transpar\u00eancia do processo de<a href=\"https:\/\/sites.usp.br\/keml\/harpia\/\">[&#8230;]<\/a><\/p>\n","protected":false},"author":24022,"featured_media":0,"parent":0,"menu_order":0,"comment_status":"closed","ping_status":"closed","template":"","meta":{"inline_featured_image":false,"_monsterinsights_skip_tracking":false,"_monsterinsights_sitenote_active":false,"_monsterinsights_sitenote_note":"","_monsterinsights_sitenote_category":0,"footnotes":"","_links_to":"","_links_to_target":""},"class_list":["post-1722","page","type-page","status-publish","hentry"],"_links":{"self":[{"href":"https:\/\/sites.usp.br\/keml\/wp-json\/wp\/v2\/pages\/1722","targetHints":{"allow":["GET"]}}],"collection":[{"href":"https:\/\/sites.usp.br\/keml\/wp-json\/wp\/v2\/pages"}],"about":[{"href":"https:\/\/sites.usp.br\/keml\/wp-json\/wp\/v2\/types\/page"}],"author":[{"embeddable":true,"href":"https:\/\/sites.usp.br\/keml\/wp-json\/wp\/v2\/users\/24022"}],"replies":[{"embeddable":true,"href":"https:\/\/sites.usp.br\/keml\/wp-json\/wp\/v2\/comments?post=1722"}],"version-history":[{"count":6,"href":"https:\/\/sites.usp.br\/keml\/wp-json\/wp\/v2\/pages\/1722\/revisions"}],"predecessor-version":[{"id":2280,"href":"https:\/\/sites.usp.br\/keml\/wp-json\/wp\/v2\/pages\/1722\/revisions\/2280"}],"wp:attachment":[{"href":"https:\/\/sites.usp.br\/keml\/wp-json\/wp\/v2\/media?parent=1722"}],"curies":[{"name":"wp","href":"https:\/\/api.w.org\/{rel}","templated":true}]}}