{"id":1820,"date":"2020-12-20T15:14:56","date_gmt":"2020-12-20T17:14:56","guid":{"rendered":"http:\/\/sites.usp.br\/maxplanck\/?page_id=1820"},"modified":"2020-12-22T16:40:19","modified_gmt":"2020-12-22T18:40:19","slug":"acervo-arqueologico-lapa-do-santo","status":"publish","type":"page","link":"https:\/\/sites.usp.br\/laaae\/es\/acervo\/acervo-arqueologico-lapa-do-santo\/","title":{"rendered":"Acervo arqueol\u00f3gico &#8211; Lapa do Santo &#8211; MG"},"content":{"rendered":"\t\t<div data-elementor-type=\"wp-page\" data-elementor-id=\"1820\" class=\"elementor elementor-1820\" data-elementor-post-type=\"page\">\n\t\t\t\t\t\t<section class=\"elementor-section elementor-top-section elementor-element elementor-element-fa8f0e7 elementor-section-boxed elementor-section-height-default elementor-section-height-default\" data-id=\"fa8f0e7\" data-element_type=\"section\">\n\t\t\t\t\t\t<div class=\"elementor-container elementor-column-gap-default\">\n\t\t\t\t\t<div class=\"elementor-column elementor-col-100 elementor-top-column elementor-element elementor-element-8e7fb91\" data-id=\"8e7fb91\" data-element_type=\"column\">\n\t\t\t<div class=\"elementor-widget-wrap elementor-element-populated\">\n\t\t\t\t\t\t<div class=\"elementor-element elementor-element-c68e235 elementor-widget elementor-widget-image\" data-id=\"c68e235\" data-element_type=\"widget\" data-widget_type=\"image.default\">\n\t\t\t\t<div class=\"elementor-widget-container\">\n\t\t\t\t\t\t\t\t\t\t<figure class=\"wp-caption\">\n\t\t\t\t\t\t\t\t\t\t<img fetchpriority=\"high\" decoding=\"async\" width=\"1024\" height=\"576\" src=\"https:\/\/sites.usp.br\/laaae\/wp-content\/uploads\/sites\/746\/2020\/12\/Design-sem-nome-29-1024x576.png\" class=\"attachment-large size-large wp-image-1825\" alt=\"\" srcset=\"https:\/\/sites.usp.br\/laaae\/wp-content\/uploads\/sites\/746\/2020\/12\/Design-sem-nome-29-1024x576.png 1024w, https:\/\/sites.usp.br\/laaae\/wp-content\/uploads\/sites\/746\/2020\/12\/Design-sem-nome-29-300x169.png 300w, https:\/\/sites.usp.br\/laaae\/wp-content\/uploads\/sites\/746\/2020\/12\/Design-sem-nome-29-768x432.png 768w, https:\/\/sites.usp.br\/laaae\/wp-content\/uploads\/sites\/746\/2020\/12\/Design-sem-nome-29-1536x864.png 1536w, https:\/\/sites.usp.br\/laaae\/wp-content\/uploads\/sites\/746\/2020\/12\/Design-sem-nome-29-310x174.png 310w, https:\/\/sites.usp.br\/laaae\/wp-content\/uploads\/sites\/746\/2020\/12\/Design-sem-nome-29-400x225.png 400w, https:\/\/sites.usp.br\/laaae\/wp-content\/uploads\/sites\/746\/2020\/12\/Design-sem-nome-29.png 1920w\" sizes=\"(max-width: 1024px) 100vw, 1024px\" \/>\t\t\t\t\t\t\t\t\t\t\t<figcaption class=\"widget-image-caption wp-caption-text\">Foto: Mauricio de Paiva<\/figcaption>\n\t\t\t\t\t\t\t\t\t\t<\/figure>\n\t\t\t\t\t\t\t<\/div>\n\t\t\t\t<\/div>\n\t\t\t\t<div class=\"elementor-element elementor-element-9d0941d elementor-widget elementor-widget-heading\" data-id=\"9d0941d\" data-element_type=\"widget\" data-widget_type=\"heading.default\">\n\t\t\t\t<div class=\"elementor-widget-container\">\n\t\t\t<h2 class=\"elementor-heading-title elementor-size-xxl\">Acervo Arqueol\u00f3gico<\/h2>\t\t<\/div>\n\t\t\t\t<\/div>\n\t\t\t\t\t<\/div>\n\t\t<\/div>\n\t\t\t\t\t<\/div>\n\t\t<\/section>\n\t\t\t\t<section class=\"elementor-section elementor-top-section elementor-element elementor-element-fc146c0 elementor-section-boxed elementor-section-height-default elementor-section-height-default\" data-id=\"fc146c0\" data-element_type=\"section\">\n\t\t\t\t\t\t<div class=\"elementor-container elementor-column-gap-default\">\n\t\t\t\t\t<div class=\"elementor-column elementor-col-100 elementor-top-column elementor-element elementor-element-91ee80b\" data-id=\"91ee80b\" data-element_type=\"column\">\n\t\t\t<div class=\"elementor-widget-wrap elementor-element-populated\">\n\t\t\t\t\t\t<div class=\"elementor-element elementor-element-b0fff3b elementor-widget-divider--view-line elementor-widget elementor-widget-divider\" data-id=\"b0fff3b\" data-element_type=\"widget\" data-widget_type=\"divider.default\">\n\t\t\t\t<div class=\"elementor-widget-container\">\n\t\t\t\t\t<div class=\"elementor-divider\">\n\t\t\t<span class=\"elementor-divider-separator\">\n\t\t\t\t\t\t<\/span>\n\t\t<\/div>\n\t\t\t\t<\/div>\n\t\t\t\t<\/div>\n\t\t\t\t\t<\/div>\n\t\t<\/div>\n\t\t\t\t\t<\/div>\n\t\t<\/section>\n\t\t\t\t<section class=\"elementor-section elementor-top-section elementor-element elementor-element-91e7063 elementor-section-boxed elementor-section-height-default elementor-section-height-default\" data-id=\"91e7063\" data-element_type=\"section\">\n\t\t\t\t\t\t<div class=\"elementor-container elementor-column-gap-default\">\n\t\t\t\t\t<div class=\"elementor-column elementor-col-100 elementor-top-column elementor-element elementor-element-e9b829a\" data-id=\"e9b829a\" data-element_type=\"column\">\n\t\t\t<div class=\"elementor-widget-wrap elementor-element-populated\">\n\t\t\t\t\t\t<div class=\"elementor-element elementor-element-436fe2a elementor-widget elementor-widget-text-editor\" data-id=\"436fe2a\" data-element_type=\"widget\" data-widget_type=\"text-editor.default\">\n\t\t\t\t<div class=\"elementor-widget-container\">\n\t\t\t\t\t\t\t<p><strong>LAPA DO SANTO &#8211; Carste de Lagoa Santa (MG)<\/strong><\/p><p style=\"text-align: justify;\"><span style=\"font-variant-ligatures: normal; font-variant-caps: normal; font-family: Montserrat, sans-serif; font-size: 14px; font-style: normal; font-weight: 400; text-align: start;\">Todo o material arqueol\u00f3gico escavado do s\u00edtio Lapa do Santo desde 2011 encontra-se guardado no LAAAE. Este acervo conta com 16 sepultamentos humanos do Holoceno Inicial al\u00e9m de milhares de ossos de fauna, artefatos l\u00edticos, conchas, carv\u00e3o, sementes e amostras de sedimento. Esse material \u00e9 utilizado para fomentar a pesquisa sobre o modo de vida nos primeiros brasileiros,\u00a0 gerando anualmente in\u00fameras oportunidades de projetos para alunos de mestrado e doutorado.<\/span><\/p><p style=\"text-align: justify;\"><span style=\"font-variant-ligatures: normal; font-variant-caps: normal; font-family: Montserrat, sans-serif; font-size: 14px; font-style: normal; font-weight: 400; text-align: start;\">Uma descri\u00e7\u00e3o detalhada deste acervo est\u00e1 dispon\u00edvel no site da\u00a0<\/span><a style=\"font-variant-ligatures: normal; font-variant-caps: normal; font-family: Montserrat, sans-serif; font-size: 14px; font-style: normal; font-weight: 400; background-color: #ffffff; text-align: start;\" href=\"http:\/\/sites.usp.br\/lapadosanto\"><i style=\"font-size: 14px;\"><span style=\"font-size: 14px; font-weight: 400;\">Lapa do Santo<\/span><\/i><\/a><span style=\"font-variant-ligatures: normal; font-variant-caps: normal; font-family: Montserrat, sans-serif; font-size: 14px; font-style: normal; font-weight: 400; text-align: start;\">\u00a0bem como no respectivo verbete na\u00a0<\/span><i style=\"font-variant-ligatures: normal; font-variant-caps: normal; font-family: Montserrat, sans-serif; font-size: 14px; font-style: normal; font-weight: 400; background-color: #ffffff; text-align: start;\"><span style=\"font-size: 14px; font-weight: 400;\"><a style=\"font-variant-ligatures: normal; font-variant-caps: normal; font-family: Montserrat, sans-serif; font-size: 14px; font-style: normal; font-weight: 400; background-color: #ffffff; text-align: start;\" href=\"https:\/\/pt.wikipedia.org\/wiki\/Lapa_do_Santo\">Wikipedia<\/a>.<\/span><\/i><\/p>\t\t\t\t\t\t<\/div>\n\t\t\t\t<\/div>\n\t\t\t\t\t<\/div>\n\t\t<\/div>\n\t\t\t\t\t<\/div>\n\t\t<\/section>\n\t\t\t\t<section class=\"elementor-section elementor-top-section elementor-element elementor-element-d5b321e elementor-section-boxed elementor-section-height-default elementor-section-height-default\" data-id=\"d5b321e\" data-element_type=\"section\">\n\t\t\t\t\t\t<div class=\"elementor-container elementor-column-gap-default\">\n\t\t\t\t\t<div class=\"elementor-column elementor-col-100 elementor-top-column elementor-element elementor-element-3501a86\" data-id=\"3501a86\" data-element_type=\"column\">\n\t\t\t<div class=\"elementor-widget-wrap elementor-element-populated\">\n\t\t\t\t\t\t<div class=\"elementor-element elementor-element-267de78 gallery-spacing-custom elementor-widget elementor-widget-image-gallery\" data-id=\"267de78\" data-element_type=\"widget\" data-widget_type=\"image-gallery.default\">\n\t\t\t\t<div class=\"elementor-widget-container\">\n\t\t\t\t\t<div class=\"elementor-image-gallery\">\n\t\t\t<div id='gallery-1' class='gallery galleryid-1820 gallery-columns-3 gallery-size-large'><figure class='gallery-item'>\n\t\t\t<div class='gallery-icon landscape'>\n\t\t\t\t<a data-elementor-open-lightbox=\"yes\" data-elementor-lightbox-slideshow=\"267de78\" data-elementor-lightbox-title=\"Vista noturna do maci\u00e7o c\u00e1rstico - Lapa do Santo\" data-e-action-hash=\"#elementor-action%3Aaction%3Dlightbox%26settings%3DeyJpZCI6MTc3NiwidXJsIjoiaHR0cHM6XC9cL3NpdGVzLnVzcC5iclwvbGFhYWVcL3dwLWNvbnRlbnRcL3VwbG9hZHNcL3NpdGVzXC83NDZcLzIwMjBcLzEyXC9JTUdfMDU0Ni1DcmVkaXRvLU1hdXJpY2lvLWRlLVBhaXZhLTEuanBnIiwic2xpZGVzaG93IjoiMjY3ZGU3OCJ9\" href='https:\/\/sites.usp.br\/laaae\/wp-content\/uploads\/sites\/746\/2020\/12\/IMG_0546-Credito-Mauricio-de-Paiva-1.jpg'><img decoding=\"async\" width=\"1024\" height=\"680\" src=\"https:\/\/sites.usp.br\/laaae\/wp-content\/uploads\/sites\/746\/2020\/12\/IMG_0546-Credito-Mauricio-de-Paiva-1-1024x680.jpg\" class=\"attachment-large size-large\" alt=\"\" aria-describedby=\"gallery-1-1776\" srcset=\"https:\/\/sites.usp.br\/laaae\/wp-content\/uploads\/sites\/746\/2020\/12\/IMG_0546-Credito-Mauricio-de-Paiva-1-1024x680.jpg 1024w, https:\/\/sites.usp.br\/laaae\/wp-content\/uploads\/sites\/746\/2020\/12\/IMG_0546-Credito-Mauricio-de-Paiva-1-300x199.jpg 300w, https:\/\/sites.usp.br\/laaae\/wp-content\/uploads\/sites\/746\/2020\/12\/IMG_0546-Credito-Mauricio-de-Paiva-1-768x510.jpg 768w, https:\/\/sites.usp.br\/laaae\/wp-content\/uploads\/sites\/746\/2020\/12\/IMG_0546-Credito-Mauricio-de-Paiva-1-1536x1020.jpg 1536w, https:\/\/sites.usp.br\/laaae\/wp-content\/uploads\/sites\/746\/2020\/12\/IMG_0546-Credito-Mauricio-de-Paiva-1-272x182.jpg 272w, https:\/\/sites.usp.br\/laaae\/wp-content\/uploads\/sites\/746\/2020\/12\/IMG_0546-Credito-Mauricio-de-Paiva-1-400x266.jpg 400w, https:\/\/sites.usp.br\/laaae\/wp-content\/uploads\/sites\/746\/2020\/12\/IMG_0546-Credito-Mauricio-de-Paiva-1.jpg 2008w\" sizes=\"(max-width: 1024px) 100vw, 1024px\" \/><\/a>\n\t\t\t<\/div>\n\t\t\t\t<figcaption class='wp-caption-text gallery-caption' id='gallery-1-1776'>\n\t\t\t\tVista noturna do maci\u00e7o c\u00e1rstico &#8211; Lapa do Santo. Foto: Mauricio de Paiva\n\t\t\t\t<\/figcaption><\/figure><figure class='gallery-item'>\n\t\t\t<div class='gallery-icon landscape'>\n\t\t\t\t<a data-elementor-open-lightbox=\"yes\" data-elementor-lightbox-slideshow=\"267de78\" data-elementor-lightbox-title=\"Escava\u00e7\u00e3o na Lapa do Santo\" data-e-action-hash=\"#elementor-action%3Aaction%3Dlightbox%26settings%3DeyJpZCI6MTc3OSwidXJsIjoiaHR0cHM6XC9cL3NpdGVzLnVzcC5iclwvbGFhYWVcL3dwLWNvbnRlbnRcL3VwbG9hZHNcL3NpdGVzXC83NDZcLzIwMjBcLzEyXC9JTUdfMDE2OC0xLmpwZyIsInNsaWRlc2hvdyI6IjI2N2RlNzgifQ%3D%3D\" href='https:\/\/sites.usp.br\/laaae\/wp-content\/uploads\/sites\/746\/2020\/12\/IMG_0168-1.jpg'><img decoding=\"async\" width=\"1024\" height=\"683\" src=\"https:\/\/sites.usp.br\/laaae\/wp-content\/uploads\/sites\/746\/2020\/12\/IMG_0168-1-1024x683.jpg\" class=\"attachment-large size-large\" alt=\"\" aria-describedby=\"gallery-1-1779\" srcset=\"https:\/\/sites.usp.br\/laaae\/wp-content\/uploads\/sites\/746\/2020\/12\/IMG_0168-1-1024x683.jpg 1024w, https:\/\/sites.usp.br\/laaae\/wp-content\/uploads\/sites\/746\/2020\/12\/IMG_0168-1-300x200.jpg 300w, https:\/\/sites.usp.br\/laaae\/wp-content\/uploads\/sites\/746\/2020\/12\/IMG_0168-1-768x512.jpg 768w, https:\/\/sites.usp.br\/laaae\/wp-content\/uploads\/sites\/746\/2020\/12\/IMG_0168-1-272x182.jpg 272w, https:\/\/sites.usp.br\/laaae\/wp-content\/uploads\/sites\/746\/2020\/12\/IMG_0168-1-400x267.jpg 400w, https:\/\/sites.usp.br\/laaae\/wp-content\/uploads\/sites\/746\/2020\/12\/IMG_0168-1.jpg 1516w\" sizes=\"(max-width: 1024px) 100vw, 1024px\" \/><\/a>\n\t\t\t<\/div>\n\t\t\t\t<figcaption class='wp-caption-text gallery-caption' id='gallery-1-1779'>\n\t\t\t\tPesquisadoras Me. Mariana Inglez e Me. Eliane Chim em Escava\u00e7\u00e3o na Lapa do Santo. Foto: Mauricio de Paiva\n\t\t\t\t<\/figcaption><\/figure><figure class='gallery-item'>\n\t\t\t<div class='gallery-icon landscape'>\n\t\t\t\t<a data-elementor-open-lightbox=\"yes\" data-elementor-lightbox-slideshow=\"267de78\" data-elementor-lightbox-title=\"Pesquisadoras Me. Mariana Inglez e Me. Eliane Chim em Escava\u00e7\u00e3o na Lapa do Santo\" data-e-action-hash=\"#elementor-action%3Aaction%3Dlightbox%26settings%3DeyJpZCI6MTYyNiwidXJsIjoiaHR0cHM6XC9cL3NpdGVzLnVzcC5iclwvbGFhYWVcL3dwLWNvbnRlbnRcL3VwbG9hZHNcL3NpdGVzXC83NDZcLzIwMjBcLzEyXC9JTUdfNjc2OS0xLXNjYWxlZC5qcGciLCJzbGlkZXNob3ciOiIyNjdkZTc4In0%3D\" data-elementor-lightbox-description=\"Foto: Acervo LAAAE\" href='https:\/\/sites.usp.br\/laaae\/wp-content\/uploads\/sites\/746\/2020\/12\/IMG_6769-1-scaled.jpg'><img loading=\"lazy\" decoding=\"async\" width=\"1024\" height=\"683\" src=\"https:\/\/sites.usp.br\/laaae\/wp-content\/uploads\/sites\/746\/2020\/12\/IMG_6769-1-1024x683.jpg\" class=\"attachment-large size-large\" alt=\"\" aria-describedby=\"gallery-1-1626\" srcset=\"https:\/\/sites.usp.br\/laaae\/wp-content\/uploads\/sites\/746\/2020\/12\/IMG_6769-1-1024x683.jpg 1024w, https:\/\/sites.usp.br\/laaae\/wp-content\/uploads\/sites\/746\/2020\/12\/IMG_6769-1-300x200.jpg 300w, https:\/\/sites.usp.br\/laaae\/wp-content\/uploads\/sites\/746\/2020\/12\/IMG_6769-1-768x512.jpg 768w, https:\/\/sites.usp.br\/laaae\/wp-content\/uploads\/sites\/746\/2020\/12\/IMG_6769-1-1536x1024.jpg 1536w, https:\/\/sites.usp.br\/laaae\/wp-content\/uploads\/sites\/746\/2020\/12\/IMG_6769-1-2048x1365.jpg 2048w, https:\/\/sites.usp.br\/laaae\/wp-content\/uploads\/sites\/746\/2020\/12\/IMG_6769-1-272x182.jpg 272w, https:\/\/sites.usp.br\/laaae\/wp-content\/uploads\/sites\/746\/2020\/12\/IMG_6769-1-400x267.jpg 400w\" sizes=\"(max-width: 1024px) 100vw, 1024px\" \/><\/a>\n\t\t\t<\/div>\n\t\t\t\t<figcaption class='wp-caption-text gallery-caption' id='gallery-1-1626'>\n\t\t\t\tEtapa de Campo &#8211; Lapa do Santo. Foto: Acervo LAAAE\n\t\t\t\t<\/figcaption><\/figure>\n\t\t<\/div>\n\t\t<\/div>\n\t\t\t\t<\/div>\n\t\t\t\t<\/div>\n\t\t\t\t\t<\/div>\n\t\t<\/div>\n\t\t\t\t\t<\/div>\n\t\t<\/section>\n\t\t\t\t<\/div>\n\t\t","protected":false},"excerpt":{"rendered":"<p>Foto: Mauricio de Paiva Acervo Arqueol\u00f3gico LAPA DO SANTO &#8211; Carste de Lagoa Santa (MG) Todo o material arqueol\u00f3gico escavado do s\u00edtio Lapa do Santo desde 2011 encontra-se guardado no LAAAE. Este acervo conta com 16 sepultamentos humanos do Holoceno Inicial al\u00e9m de milhares de ossos de fauna, artefatos l\u00edticos, conchas, carv\u00e3o, sementes e amostras [&hellip;]<\/p>\n","protected":false},"author":22221,"featured_media":0,"parent":1038,"menu_order":0,"comment_status":"closed","ping_status":"closed","template":"","meta":{"_monsterinsights_skip_tracking":false,"_monsterinsights_sitenote_active":false,"_monsterinsights_sitenote_note":"","_monsterinsights_sitenote_category":0,"footnotes":"","_links_to":"","_links_to_target":""},"class_list":["post-1820","page","type-page","status-publish","hentry","entry"],"_links":{"self":[{"href":"https:\/\/sites.usp.br\/laaae\/es\/wp-json\/wp\/v2\/pages\/1820","targetHints":{"allow":["GET"]}}],"collection":[{"href":"https:\/\/sites.usp.br\/laaae\/es\/wp-json\/wp\/v2\/pages"}],"about":[{"href":"https:\/\/sites.usp.br\/laaae\/es\/wp-json\/wp\/v2\/types\/page"}],"author":[{"embeddable":true,"href":"https:\/\/sites.usp.br\/laaae\/es\/wp-json\/wp\/v2\/users\/22221"}],"replies":[{"embeddable":true,"href":"https:\/\/sites.usp.br\/laaae\/es\/wp-json\/wp\/v2\/comments?post=1820"}],"version-history":[{"count":4,"href":"https:\/\/sites.usp.br\/laaae\/es\/wp-json\/wp\/v2\/pages\/1820\/revisions"}],"predecessor-version":[{"id":2080,"href":"https:\/\/sites.usp.br\/laaae\/es\/wp-json\/wp\/v2\/pages\/1820\/revisions\/2080"}],"up":[{"embeddable":true,"href":"https:\/\/sites.usp.br\/laaae\/es\/wp-json\/wp\/v2\/pages\/1038"}],"wp:attachment":[{"href":"https:\/\/sites.usp.br\/laaae\/es\/wp-json\/wp\/v2\/media?parent=1820"}],"curies":[{"name":"wp","href":"https:\/\/api.w.org\/{rel}","templated":true}]}}