{"id":1750,"date":"2020-09-14T16:58:42","date_gmt":"2020-09-14T19:58:42","guid":{"rendered":"http:\/\/sites.usp.br\/labartemidia\/?page_id=1750"},"modified":"2024-02-21T21:18:59","modified_gmt":"2024-02-22T00:18:59","slug":"yan-tibet","status":"publish","type":"page","link":"https:\/\/sites.usp.br\/labartemidia\/equipe\/yan-tibet\/","title":{"rendered":"Jo\u00e3o Pedro de Azevedo Machado Mota (aka Yan Tibet)"},"content":{"rendered":"\t\t<div data-elementor-type=\"wp-page\" data-elementor-id=\"1750\" class=\"elementor elementor-1750\" data-elementor-post-type=\"page\">\n\t\t\t\t\t\t<section class=\"elementor-section elementor-top-section elementor-element elementor-element-c3f0324 elementor-section-boxed elementor-section-height-default elementor-section-height-default\" data-id=\"c3f0324\" data-element_type=\"section\">\n\t\t\t\t\t\t<div class=\"elementor-container elementor-column-gap-default\">\n\t\t\t\t\t<div class=\"elementor-column elementor-col-100 elementor-top-column elementor-element elementor-element-c1f2519\" data-id=\"c1f2519\" data-element_type=\"column\">\n\t\t\t<div class=\"elementor-widget-wrap elementor-element-populated\">\n\t\t\t\t\t\t<div class=\"elementor-element elementor-element-61d5ac1 elementor-widget elementor-widget-heading\" data-id=\"61d5ac1\" data-element_type=\"widget\" data-widget_type=\"heading.default\">\n\t\t\t\t<div class=\"elementor-widget-container\">\n\t\t\t<h2 class=\"elementor-heading-title elementor-size-default\">Jo\u00e3o Pedro de Azevedo Machado Mota (aka Yan Tibet)<\/h2>\t\t<\/div>\n\t\t\t\t<\/div>\n\t\t\t\t<div class=\"elementor-element elementor-element-6b780df elementor-widget elementor-widget-text-editor\" data-id=\"6b780df\" data-element_type=\"widget\" data-widget_type=\"text-editor.default\">\n\t\t\t\t<div class=\"elementor-widget-container\">\n\t\t\t\t\t\t\t<p>Jovem Professor \ud83d\udc68\ud83c\udffb\u200d\ud83c\udfeb | Cineasta \ud83d\udcfd | Narrative Designer \ud83c\udf44<br \/>Pesquisador e Estudante de doutorado na Universidade de S\u00e3o Paulo, Brasil \ud83c\udf93<br \/>Pesquisador visitante no Cologne Game Lab &#8211; TH K\u00f6ln, Alemanha \ud83c\udfae<br \/><br \/>Doutorando na Faculdade de Filosofia, Letras e Ci\u00eancias Humanas (FFLCH) \u2014 Universidade de S\u00e3o Paulo (USP), Brasil (2019- ). Pesquisa no Programa de Doutorado Cooperativo em game design no Cologne Game Lab (CGL)\/TH K\u00f6ln (2023-2024) e na Mediadesign Hochschule Berlin MD.H (2022-2023), ambos na Alemanha, com bolsas de estudo internacionais CAPES PrInt e DAAD. Mestre em Meios e Processos Audiovisuais (ECA\/USP), Brasil (2015-2017). Bacharel em Cinema e Audiovisual (UFF), Brasil (2009-2014), com interc\u00e2mbio na Escola Superior de Teatro e Cinema de Lisboa (ESTC\/IPL), Portugal (2012-2013).<br \/><br \/>Tem ampla experi\u00eancia em pesquisa, ensino e extens\u00e3o desde 2005. Foi professor de P\u00f3s-Gradua\u00e7\u00e3o do Centro Universit\u00e1rio SENAC Lapa Scipi\u00e3o\/SP em 2018, nas disciplinas Narrativas e M\u00eddias Digitais, oferecida pelo curso de Especializa\u00e7\u00e3o em Roteiro de Fic\u00e7\u00e3o Audiovisual; e em Governan\u00e7a da Internet, oferecida pelo curso de P\u00f3s-Gradua\u00e7\u00e3o em Gest\u00e3o da Comunica\u00e7\u00e3o em M\u00eddias Digitais.<br \/><br \/>Academicamente produtivo, tem publica\u00e7\u00e3o consistente de artigos e cap\u00edtulos de livros no Brasil, apresentou diversos artigos em congressos acad\u00eamicos no Brasil, Suecia, Espanha, Reino Unido, etc. Foi membro do corpo editorial e revisor parecerista do peri\u00f3dico cient\u00edfico Revista Movimento, do PPGMPA \/ ECA \/ USP, de 2015 a 2018. Foi membro do grupo de pesquisa franc\u00eas Soci\u00e9t\u00e9 pour l&#8217;Enseignement et la Recherche du Cin\u00e9ma Anglophone &#8211; SERCIA. \u00c9 membro ativo do Grupo de Pesquisa no Laborat\u00f3rio de Arte, M\u00eddia e Tecnologias Digitais (LabArteMidia) da ECA\/USP, sob lideran\u00e7a do Prof. Dr. Almir Almas, desde 2017. Ele tamb\u00e9m \u00e9 membro do projeto acad\u00eamico UAIFAI (Universidade Aberta \u00e0 Imagina\u00e7\u00e3o, \u00e0 Fantasia e \u00e0s Artes da Inven\u00e7\u00e3o), sob a agenda de um dos orientadores de doutorado, Prof. Dr. Gilson Schwartz, veiculado \u00e0 ECA\/USP e \u00e0 FFLCH\/USP. <br \/><br \/>Como profissional de Cinema\/TV e Audiovisual, trabalhou em produ\u00e7\u00f5es internacionais em colabora\u00e7\u00e3o com a IBM, CBS Broadcasting, IFAD\/FAO (ONU), Art of Living, Disney Media Network Latin America, Games for Change, e em produ\u00e7\u00f5es brasileiras para o Col\u00e9gio S\u00e3o Lu\u00eds, EMATER-RIO, SEAPEC-RJ, USP, UFF. Profissionalmente, assina com o pseud\u00f4nimo profissional Yan Tibet desde 2009, atuando como Produtor, Diretor, Editor, Roteirista e Produtor Executivo, com foco na abordagem transm\u00eddia e na produ\u00e7\u00e3o de conte\u00fados em v\u00eddeo para a Internet.<br \/><br \/>Tem experi\u00eancia na produ\u00e7\u00e3o de exposi\u00e7\u00f5es, festivais, shows e eventos em geral. Comunicativo e organizado, tem ampla experi\u00eancia na coordena\u00e7\u00e3o e lideran\u00e7a de equipes com foco na otimiza\u00e7\u00e3o de processos. Sua experi\u00eancia se concentra na concep\u00e7\u00e3o de projetos audiovisuais, desde a concep\u00e7\u00e3o at\u00e9 a produ\u00e7\u00e3o e finaliza\u00e7\u00e3o. Din\u00e2mico e aberto a aprender novas habilidades e compet\u00eancias, seu estilo de trabalho \u00e9 Orientado a Objetivos.<br \/><br \/>&#8211; Suas habilidades profissionais espec\u00edficas incluem:<br \/>1. Coordena\u00e7\u00e3o e assist\u00eancia de produ\u00e7\u00e3o em projetos nos campos de Cinema, TV e V\u00eddeo;<br \/>2. Dire\u00e7\u00e3o e assist\u00eancia de dire\u00e7\u00e3o de projetos audiovisuais;<br \/>3. Planejamento e elabora\u00e7\u00e3o de argumentos, sinopses e roteiros;<br \/>4. Opera\u00e7\u00e3o de c\u00e2mera digital e equipamentos de \u00e1udio e v\u00eddeo;<br \/>5. Edi\u00e7\u00e3o em Final Cut Studio, AVID, Pro Tools, Adobe Premiere, Audition, After Effects;<br \/>6. Computa\u00e7\u00e3o\/Gr\u00e1ficos: Microsoft Excel, PowerPoint, Word, Adobe Photoshop, Lightroom, Illustrator.<br \/><br \/>Experi\u00eancia profissional com tr\u00e2nsito entre a universidade e o mercado desde 2009. Seu projeto de pesquisa de doutorado atual ganhou quatro diferentes editais de bolsas de estudos financiando sua pesquisa no Brasil e na Alemanha. Trata-se de um projeto te\u00f3rico-pr\u00e1tico que visa formular uma teoria semi\u00f3tica interdisciplinar visando embasar o desenvolvimento de um prot\u00f3tipo digital de mapa narrativo interativo para compreens\u00e3o de hist\u00f3rias complexas, a partir de metodologias de game design.<br \/><br \/>Sua tese de doutorado working in progress \u00e9 intitulada:<br \/>&#8220;SEMIOPHAGIAS RHIZOLUDENS: Fronteiras Semi\u00f3ticas de Ecossistemas Narrativos em Rizomas Colaborativos&#8221;<br \/><br \/>Palavras-chave: Semiophagias Rhizoludens; Narrativas Ergosemi\u00f3ticas; Narratologia, Semi\u00f3tica, Cibercultura, S\u00e9rie Dark (Netflix), Interdisciplinaridade; Teoria da M\u00eddia; Estudos de Cinema; Estudos de TV; Audiovisual; Filosofia; Sociologia; Transm\u00eddia; Interm\u00eddia; Rizoma; Narrative Design; Game Design<br \/><br \/>Desde 2013, Yan Tibet realiza trabalho volunt\u00e1rio na Arte de Viver, ONG indiana internacional voltada para causas humanit\u00e1rias presente em mais de 180 pa\u00edses.<br \/><br \/>&#8211; Contato: yantibet@usp.br; yantibet@gmail.com<br \/>&#8211; Site: https:\/\/sites.usp.br\/labartemidia\/equipe\/yan-tibet\/<br \/>&#8211; CV brasileiro: https:\/\/lattes.cnpq.br\/4956419069896673<br \/>&#8211; ORCID: https:\/\/orcid.org\/0000-0002-2390-9116<br \/><br \/>\u00daltima atualiza\u00e7\u00e3o: 18\/12\/2023<\/p>\t\t\t\t\t\t<\/div>\n\t\t\t\t<\/div>\n\t\t\t\t\t<\/div>\n\t\t<\/div>\n\t\t\t\t\t<\/div>\n\t\t<\/section>\n\t\t\t\t<\/div>\n\t\t","protected":false},"excerpt":{"rendered":"<p>Jo\u00e3o Pedro de Azevedo Machado Mota (aka Yan Tibet) Jovem Professor \ud83d\udc68\ud83c\udffb\u200d\ud83c\udfeb | Cineasta \ud83d\udcfd | Narrative Designer \ud83c\udf44 Pesquisador e Estudante de doutorado na Universidade de S\u00e3o Paulo, Brasil \ud83c\udf93 Pesquisador visitante no Cologne Game Lab &#8211; TH K\u00f6ln, Alemanha \ud83c\udfae Doutorando na Faculdade de Filosofia, Letras e Ci\u00eancias Humanas (FFLCH) \u2014 Universidade de<a href=\"https:\/\/sites.usp.br\/labartemidia\/equipe\/yan-tibet\/\">[&#8230;]<\/a><\/p>\n","protected":false},"author":856,"featured_media":1754,"parent":114,"menu_order":32,"comment_status":"closed","ping_status":"closed","template":"","meta":{"_monsterinsights_skip_tracking":false,"_monsterinsights_sitenote_active":false,"_monsterinsights_sitenote_note":"","_monsterinsights_sitenote_category":0,"footnotes":"","_links_to":"","_links_to_target":""},"class_list":["post-1750","page","type-page","status-publish","has-post-thumbnail","hentry"],"_links":{"self":[{"href":"https:\/\/sites.usp.br\/labartemidia\/wp-json\/wp\/v2\/pages\/1750","targetHints":{"allow":["GET"]}}],"collection":[{"href":"https:\/\/sites.usp.br\/labartemidia\/wp-json\/wp\/v2\/pages"}],"about":[{"href":"https:\/\/sites.usp.br\/labartemidia\/wp-json\/wp\/v2\/types\/page"}],"author":[{"embeddable":true,"href":"https:\/\/sites.usp.br\/labartemidia\/wp-json\/wp\/v2\/users\/856"}],"replies":[{"embeddable":true,"href":"https:\/\/sites.usp.br\/labartemidia\/wp-json\/wp\/v2\/comments?post=1750"}],"version-history":[{"count":5,"href":"https:\/\/sites.usp.br\/labartemidia\/wp-json\/wp\/v2\/pages\/1750\/revisions"}],"predecessor-version":[{"id":3965,"href":"https:\/\/sites.usp.br\/labartemidia\/wp-json\/wp\/v2\/pages\/1750\/revisions\/3965"}],"up":[{"embeddable":true,"href":"https:\/\/sites.usp.br\/labartemidia\/wp-json\/wp\/v2\/pages\/114"}],"wp:featuredmedia":[{"embeddable":true,"href":"https:\/\/sites.usp.br\/labartemidia\/wp-json\/wp\/v2\/media\/1754"}],"wp:attachment":[{"href":"https:\/\/sites.usp.br\/labartemidia\/wp-json\/wp\/v2\/media?parent=1750"}],"curies":[{"name":"wp","href":"https:\/\/api.w.org\/{rel}","templated":true}]}}