{"id":256,"date":"2019-05-19T19:26:47","date_gmt":"2019-05-19T21:26:47","guid":{"rendered":"http:\/\/sites.usp.br\/labartemidia\/?page_id=256"},"modified":"2019-06-27T12:04:49","modified_gmt":"2019-06-27T15:04:49","slug":"obted","status":"publish","type":"page","link":"https:\/\/sites.usp.br\/labartemidia\/obted\/","title":{"rendered":"OBTED"},"content":{"rendered":"\t\t<div data-elementor-type=\"wp-post\" data-elementor-id=\"256\" class=\"elementor elementor-256\" data-elementor-post-type=\"page\">\n\t\t\t\t\t\t<section class=\"elementor-section elementor-top-section elementor-element elementor-element-d9fab28 elementor-section-boxed elementor-section-height-default elementor-section-height-default\" data-id=\"d9fab28\" data-element_type=\"section\">\n\t\t\t\t\t\t<div class=\"elementor-container elementor-column-gap-default\">\n\t\t\t\t\t<div class=\"elementor-column elementor-col-100 elementor-top-column elementor-element elementor-element-8a1eb2c\" data-id=\"8a1eb2c\" data-element_type=\"column\">\n\t\t\t<div class=\"elementor-widget-wrap elementor-element-populated\">\n\t\t\t\t\t\t<div class=\"elementor-element elementor-element-20c173a elementor-widget elementor-widget-image\" data-id=\"20c173a\" data-element_type=\"widget\" data-widget_type=\"image.default\">\n\t\t\t\t<div class=\"elementor-widget-container\">\n\t\t\t\t\t\t\t\t\t\t\t\t\t<img fetchpriority=\"high\" decoding=\"async\" width=\"640\" height=\"271\" src=\"https:\/\/sites.usp.br\/labartemidia\/wp-content\/uploads\/sites\/472\/2019\/06\/obted-pdf-1-aberto-e1560631344171-1024x433.png\" class=\"attachment-large size-large wp-image-804\" alt=\"\" srcset=\"https:\/\/sites.usp.br\/labartemidia\/wp-content\/uploads\/sites\/472\/2019\/06\/obted-pdf-1-aberto-e1560631344171-1024x433.png 1024w, https:\/\/sites.usp.br\/labartemidia\/wp-content\/uploads\/sites\/472\/2019\/06\/obted-pdf-1-aberto-e1560631344171-300x127.png 300w, https:\/\/sites.usp.br\/labartemidia\/wp-content\/uploads\/sites\/472\/2019\/06\/obted-pdf-1-aberto-e1560631344171-768x324.png 768w, https:\/\/sites.usp.br\/labartemidia\/wp-content\/uploads\/sites\/472\/2019\/06\/obted-pdf-1-aberto-e1560631344171-400x169.png 400w\" sizes=\"(max-width: 640px) 100vw, 640px\" \/>\t\t\t\t\t\t\t\t\t\t\t\t\t<\/div>\n\t\t\t\t<\/div>\n\t\t\t\t<section class=\"elementor-section elementor-inner-section elementor-element elementor-element-72c4624 elementor-section-boxed elementor-section-height-default elementor-section-height-default\" data-id=\"72c4624\" data-element_type=\"section\">\n\t\t\t\t\t\t<div class=\"elementor-container elementor-column-gap-default\">\n\t\t\t\t\t<div class=\"elementor-column elementor-col-50 elementor-inner-column elementor-element elementor-element-f97da1f\" data-id=\"f97da1f\" data-element_type=\"column\">\n\t\t\t<div class=\"elementor-widget-wrap elementor-element-populated\">\n\t\t\t\t\t\t<div class=\"elementor-element elementor-element-a32ad0a elementor-widget elementor-widget-text-editor\" data-id=\"a32ad0a\" data-element_type=\"widget\" data-widget_type=\"text-editor.default\">\n\t\t\t\t<div class=\"elementor-widget-container\">\n\t\t\t\t\t\t\t<p><span style=\"color: #000000;\"><strong>Observat\u00f3rio Brasileiro de Televis\u00e3o Digital e Converg\u00eancia Tecnol\u00f3gica<\/strong><\/span><\/p><p style=\"text-align: justify;\"><span style=\"color: #000000;\">O Observat\u00f3rio Brasileiro de Televis\u00e3o Digital e Converg\u00eancia Tecnol\u00f3gica (Obted) \u00e9 um projeto do Laborat\u00f3rio de Arte M\u00eddia e Tecnologias Digitais (LabArteM\u00eddia ECA-USP) que se dedica a acompanhar o cen\u00e1rio de migra\u00e7\u00e3o do sinal anal\u00f3gico para o sinal digital de TV e o <i>switch off<\/i> brasileiro, que deve ser conclu\u00eddo em 2023 \u2013 e, ao mesmo tempo, refletir sobre a televis\u00e3o ambientada na era de produ\u00e7\u00e3o digital em massa, com foco na identifica\u00e7\u00e3o de aprimoramentos tecnol\u00f3gicos, nas novas possibilidades de frui\u00e7\u00e3o de conte\u00fados e em implica\u00e7\u00f5es sociais trazidas pelo sistema digital a esse ve\u00edculo de comunica\u00e7\u00e3o, que ainda \u00e9 o mais presente nos domic\u00edlios e o mais acompanhado por fam\u00edlias brasileiras.<\/span><\/p><p style=\"text-align: justify;\"><span style=\"color: #000000;\">O observat\u00f3rio n\u00e3o se restringe a apenas olhar criticamente para a TV digital ou para os processos que a permeiam, mas ele nasce com uma natureza colaborativa, para tamb\u00e9m propor solu\u00e7\u00f5es, experimentar tecnologias e construir conhecimento em conjunto. Por isso, as nossas pesquisas e a\u00e7\u00f5es s\u00e3o realizadas em conjunto com universidades, governos, fabricantes de equipamentos audiovisuais, radiodifusores e empresas de conte\u00fados sob demanda e de telecomunica\u00e7\u00f5es.<\/span><\/p><p><span style=\"color: #000000;\"><b>Pesquisas<\/b><\/span><\/p><p><span style=\"color: #000000;\">Atualmente o Obted desenvolve pesquisas em quatro linhas distintas: TV Digital, Televis\u00e3o e Conte\u00fado, Televis\u00e3o Social, Comunit\u00e1ria e Educativa e Televis\u00e3o, Recep\u00e7\u00e3o e Neg\u00f3cios. Elas abarcam o processo de implementa\u00e7\u00e3o, tecnologias e conte\u00fados da TV Digital, as possibilidades sociais, comunit\u00e1rias e educativas da TV, especialmente experi\u00eancias comunit\u00e1rias, e as formas de consumo e frui\u00e7\u00e3o ligados ao dispositivo e neg\u00f3cio televisivo.\u00a0<\/span><\/p><p><span style=\"color: #000000;\"><strong>Corpo T\u00e9cnico-Cient\u00edfico<\/strong><\/span><\/p><p><span style=\"color: #000000;\">O Obted \u00e9 coordenado por Almir Almas (CTR-USP) e Deisy Fernanda Feitosa (Senac e FFLCH-USP) e conta com os pesquisadores associados Alexandre Shirmer Kieling (UCB), Eduardo Acquarone (Globo e ISCTE-IUL), Fernanda Castilho (CEETEPS\/FATEC), Fernando Carlos Moura (SET e Centro de Linguagem), Francisco Machado Filho (Unesp) e Jos\u00e9 Salustiano Fagundes de Souza (USP HXD), Leire Mara Bevilaqua (TV Unesp), M\u00f4nica Pinheiro (InForma\u00e7\u00e3o) e Rosane Baptista (InForma\u00e7\u00e3o).<\/span><\/p><p style=\"text-align: justify;\">\u00a0<\/p>\t\t\t\t\t\t<\/div>\n\t\t\t\t<\/div>\n\t\t\t\t\t<\/div>\n\t\t<\/div>\n\t\t\t\t<div class=\"elementor-column elementor-col-50 elementor-inner-column elementor-element elementor-element-9a4bd3b\" data-id=\"9a4bd3b\" data-element_type=\"column\">\n\t\t\t<div class=\"elementor-widget-wrap elementor-element-populated\">\n\t\t\t\t\t\t<div class=\"elementor-element elementor-element-6762e3a elementor-widget elementor-widget-text-editor\" data-id=\"6762e3a\" data-element_type=\"widget\" data-widget_type=\"text-editor.default\">\n\t\t\t\t<div class=\"elementor-widget-container\">\n\t\t\t\t\t\t\t<p><span style=\"color: #000000;\"><b>Museu da Mem\u00f3ria Oral da Televis\u00e3o<\/b><\/span><\/p><p><iframe title=\"Mem\u00f3ria e Oralidades sobre a TV - S\u00e3o Miguel Paulista (SP)\" width=\"640\" height=\"360\" src=\"https:\/\/www.youtube.com\/embed\/wVjMP1p84HY?feature=oembed\" frameborder=\"0\" allow=\"accelerometer; autoplay; clipboard-write; encrypted-media; gyroscope; picture-in-picture; web-share\" referrerpolicy=\"strict-origin-when-cross-origin\" allowfullscreen><\/iframe><\/p><p><span style=\"color: #000000;\">Atualmente o Obted desenvolve a plataforma online <a style=\"color: #000000;\" href=\"http:\/\/memorytvmuseum.com\/\">Museu da Mem\u00f3ria Oral da Televis\u00e3o<\/a> como parte da pesquisa de p\u00f3s-doutorado da pesquisadora Deisy Fernanda Feitosa. O Museu re\u00fane testemunhos de telespectadores e trata da rela\u00e7\u00e3o deles com essa m\u00eddia.\u00a0<\/span><\/p><p><span style=\"color: #000000;\">O Museu re\u00fane depoimentos de telespectadores sobre a rela\u00e7\u00e3o dele com a TV. Tratam tamb\u00e9m da influ\u00eancia que ela tem em seu cotidiano, considerando seus aspectos positivos e negativos. S\u00e3o mem\u00f3rias de um encontro entre a vida do espectador e o que a TV retrata na tela. Com o projeto, gostar\u00edamos de construir um ambiente colaborativo que tamb\u00e9m funcione como um reposit\u00f3rio de documentos acad\u00eamicos e audiovisuais sobre a hist\u00f3ria da televis\u00e3o.<\/span><\/p><p style=\"text-align: justify;\">\u00a0<\/p>\t\t\t\t\t\t<\/div>\n\t\t\t\t<\/div>\n\t\t\t\t\t<\/div>\n\t\t<\/div>\n\t\t\t\t\t<\/div>\n\t\t<\/section>\n\t\t\t\t\t<\/div>\n\t\t<\/div>\n\t\t\t\t\t<\/div>\n\t\t<\/section>\n\t\t\t\t<\/div>\n\t\t","protected":false},"excerpt":{"rendered":"<p>Observat\u00f3rio Brasileiro de Televis\u00e3o Digital e Converg\u00eancia Tecnol\u00f3gica O Observat\u00f3rio Brasileiro de Televis\u00e3o Digital e Converg\u00eancia Tecnol\u00f3gica (Obted) \u00e9 um projeto do Laborat\u00f3rio de Arte M\u00eddia e Tecnologias Digitais (LabArteM\u00eddia ECA-USP) que se dedica a acompanhar o cen\u00e1rio de migra\u00e7\u00e3o do sinal anal\u00f3gico para o sinal digital de TV e o switch off brasileiro, que<a href=\"https:\/\/sites.usp.br\/labartemidia\/obted\/\">[&#8230;]<\/a><\/p>\n","protected":false},"author":856,"featured_media":0,"parent":0,"menu_order":2,"comment_status":"closed","ping_status":"closed","template":"","meta":{"_monsterinsights_skip_tracking":false,"_monsterinsights_sitenote_active":false,"_monsterinsights_sitenote_note":"","_monsterinsights_sitenote_category":0,"footnotes":"","_links_to":"","_links_to_target":""},"class_list":["post-256","page","type-page","status-publish","hentry"],"_links":{"self":[{"href":"https:\/\/sites.usp.br\/labartemidia\/wp-json\/wp\/v2\/pages\/256","targetHints":{"allow":["GET"]}}],"collection":[{"href":"https:\/\/sites.usp.br\/labartemidia\/wp-json\/wp\/v2\/pages"}],"about":[{"href":"https:\/\/sites.usp.br\/labartemidia\/wp-json\/wp\/v2\/types\/page"}],"author":[{"embeddable":true,"href":"https:\/\/sites.usp.br\/labartemidia\/wp-json\/wp\/v2\/users\/856"}],"replies":[{"embeddable":true,"href":"https:\/\/sites.usp.br\/labartemidia\/wp-json\/wp\/v2\/comments?post=256"}],"version-history":[{"count":4,"href":"https:\/\/sites.usp.br\/labartemidia\/wp-json\/wp\/v2\/pages\/256\/revisions"}],"predecessor-version":[{"id":1188,"href":"https:\/\/sites.usp.br\/labartemidia\/wp-json\/wp\/v2\/pages\/256\/revisions\/1188"}],"wp:attachment":[{"href":"https:\/\/sites.usp.br\/labartemidia\/wp-json\/wp\/v2\/media?parent=256"}],"curies":[{"name":"wp","href":"https:\/\/api.w.org\/{rel}","templated":true}]}}