{"id":3330,"date":"2022-03-21T14:10:19","date_gmt":"2022-03-21T17:10:19","guid":{"rendered":"https:\/\/sites.usp.br\/labartemidia\/?page_id=3330"},"modified":"2022-03-21T14:10:19","modified_gmt":"2022-03-21T17:10:19","slug":"gilberto-ataide","status":"publish","type":"page","link":"https:\/\/sites.usp.br\/labartemidia\/equipe\/gilberto-ataide\/","title":{"rendered":"Gilberto Ataide"},"content":{"rendered":"\t\t<div data-elementor-type=\"wp-post\" data-elementor-id=\"3330\" class=\"elementor elementor-3330\" data-elementor-post-type=\"page\">\n\t\t\t\t\t\t<section class=\"elementor-section elementor-top-section elementor-element elementor-element-2e667eaa elementor-section-boxed elementor-section-height-default elementor-section-height-default\" data-id=\"2e667eaa\" data-element_type=\"section\">\n\t\t\t\t\t\t<div class=\"elementor-container elementor-column-gap-default\">\n\t\t\t\t\t<div class=\"elementor-column elementor-col-100 elementor-top-column elementor-element elementor-element-2ee0e0a5\" data-id=\"2ee0e0a5\" data-element_type=\"column\">\n\t\t\t<div class=\"elementor-widget-wrap elementor-element-populated\">\n\t\t\t\t\t\t<div class=\"elementor-element elementor-element-9d02d94 elementor-widget elementor-widget-heading\" data-id=\"9d02d94\" data-element_type=\"widget\" data-widget_type=\"heading.default\">\n\t\t\t\t<div class=\"elementor-widget-container\">\n\t\t\t<h2 class=\"elementor-heading-title elementor-size-default\">Gustavo Bucker<\/h2>\t\t<\/div>\n\t\t\t\t<\/div>\n\t\t\t\t<div class=\"elementor-element elementor-element-11751ca2 elementor-widget elementor-widget-text-editor\" data-id=\"11751ca2\" data-element_type=\"widget\" data-widget_type=\"text-editor.default\">\n\t\t\t\t<div class=\"elementor-widget-container\">\n\t\t\t\t\t\t\t<div><div><div data-weight=\"1\"><div data-index=\"0\" data-style=\"{\"><a href=\"https:\/\/www.linkedin.com\/in\/gustavo-bucker\/\"><img decoding=\"async\" src=\"https:\/\/sites.usp.br\/labartemidia\/wp-content\/uploads\/sites\/472\/2019\/06\/portfolio.png\" alt=\"\" width=\"40\" height=\"40\" data-id=\"1063\" \/><\/a><\/div><div data-index=\"0\" data-style=\"{\">\u00a0<\/div><div data-index=\"0\" data-style=\"{\"><span data-sheets-value=\"{\" data-sheets-userformat=\"{\">Graduado no Curso Superior do Audiovisual na Escola de Comunica\u00e7\u00f5es e Artes da Universidade de S\u00e3o Paulo. Graduando em Artes C\u00eanicas na Escola Superior de Artes C\u00e9lia Helena. Atua no mercado audiovisual nas fun\u00e7\u00f5es de produ\u00e7\u00e3o e fotografia<\/span><span data-sheets-value=\"{\" data-sheets-userformat=\"{\">, com foco em produ\u00e7\u00f5es digitais. Entre 2014 e 2017 fez parte do Coletivo Cultural CANiL Espa\u00e7o Fluxus de Cultura. Realizou entre 2018 e 2019 um projeto de pesquisa de Inicia\u00e7\u00e3o Cient\u00edfica sobre a linguagem dos video blogs (vlogs) na Escola Superior de Artes C\u00e9lia Helena, orientado pelo Prof. Dr. Marcos Barbosa.<\/span><\/div><div data-index=\"1\" data-style=\"{\"><div><p><span data-sheets-value=\"{\" data-sheets-userformat=\"{\">Pesquisa televis\u00e3o digital e a linguagem do audiovisual diante das novas tecnologias. Na sua monografia, pesquisou o tema da idolatria contempor\u00e2nea em sua rela\u00e7\u00e3o com o audiovisual.<br \/><\/span><\/p><p><span data-sheets-value=\"{\" data-sheets-userformat=\"{\">Processos criativos; audiovisual; teatro; artes do corpo; performance; televis\u00e3o digital; converg\u00eancia transm\u00eddia; cinema expandido; semi\u00f3tica da cultura.<\/span><\/p><p><span data-sheets-value=\"{\" data-sheets-userformat=\"{\"><a href=\"mailto:gb.bucker@gmail.com\">gb.bucker@gmail.com<\/a><br \/><\/span><\/p><\/div><\/div><\/div><\/div><\/div>\t\t\t\t\t\t<\/div>\n\t\t\t\t<\/div>\n\t\t\t\t\t<\/div>\n\t\t<\/div>\n\t\t\t\t\t<\/div>\n\t\t<\/section>\n\t\t\t\t<\/div>\n\t\t","protected":false},"excerpt":{"rendered":"<p>Gustavo Bucker \u00a0Graduado no Curso Superior do Audiovisual na Escola de Comunica\u00e7\u00f5es e Artes da Universidade de S\u00e3o Paulo. Graduando em Artes C\u00eanicas na Escola Superior de Artes C\u00e9lia Helena. Atua no mercado audiovisual nas fun\u00e7\u00f5es de produ\u00e7\u00e3o e fotografia, com foco em produ\u00e7\u00f5es digitais. Entre 2014 e 2017 fez parte do Coletivo Cultural CANiL<a href=\"https:\/\/sites.usp.br\/labartemidia\/equipe\/gilberto-ataide\/\">[&#8230;]<\/a><\/p>\n","protected":false},"author":856,"featured_media":3331,"parent":114,"menu_order":15,"comment_status":"closed","ping_status":"closed","template":"","meta":{"_monsterinsights_skip_tracking":false,"_monsterinsights_sitenote_active":false,"_monsterinsights_sitenote_note":"","_monsterinsights_sitenote_category":0,"footnotes":"","_links_to":"","_links_to_target":""},"class_list":["post-3330","page","type-page","status-publish","has-post-thumbnail","hentry"],"_links":{"self":[{"href":"https:\/\/sites.usp.br\/labartemidia\/wp-json\/wp\/v2\/pages\/3330","targetHints":{"allow":["GET"]}}],"collection":[{"href":"https:\/\/sites.usp.br\/labartemidia\/wp-json\/wp\/v2\/pages"}],"about":[{"href":"https:\/\/sites.usp.br\/labartemidia\/wp-json\/wp\/v2\/types\/page"}],"author":[{"embeddable":true,"href":"https:\/\/sites.usp.br\/labartemidia\/wp-json\/wp\/v2\/users\/856"}],"replies":[{"embeddable":true,"href":"https:\/\/sites.usp.br\/labartemidia\/wp-json\/wp\/v2\/comments?post=3330"}],"version-history":[{"count":1,"href":"https:\/\/sites.usp.br\/labartemidia\/wp-json\/wp\/v2\/pages\/3330\/revisions"}],"predecessor-version":[{"id":3332,"href":"https:\/\/sites.usp.br\/labartemidia\/wp-json\/wp\/v2\/pages\/3330\/revisions\/3332"}],"up":[{"embeddable":true,"href":"https:\/\/sites.usp.br\/labartemidia\/wp-json\/wp\/v2\/pages\/114"}],"wp:featuredmedia":[{"embeddable":true,"href":"https:\/\/sites.usp.br\/labartemidia\/wp-json\/wp\/v2\/media\/3331"}],"wp:attachment":[{"href":"https:\/\/sites.usp.br\/labartemidia\/wp-json\/wp\/v2\/media?parent=3330"}],"curies":[{"name":"wp","href":"https:\/\/api.w.org\/{rel}","templated":true}]}}