{"id":369,"date":"2019-06-10T17:24:47","date_gmt":"2019-06-10T20:24:47","guid":{"rendered":"http:\/\/sites.usp.br\/labartemidia\/?page_id=369"},"modified":"2024-01-29T17:14:56","modified_gmt":"2024-01-29T20:14:56","slug":"luis-angerami","status":"publish","type":"page","link":"https:\/\/sites.usp.br\/labartemidia\/equipe\/luis-angerami\/","title":{"rendered":"Luis Fernando Angerami Ramos"},"content":{"rendered":"\t\t<div data-elementor-type=\"wp-post\" data-elementor-id=\"369\" class=\"elementor elementor-369\" data-elementor-post-type=\"page\">\n\t\t\t\t\t\t<section class=\"elementor-section elementor-top-section elementor-element elementor-element-6c775713 elementor-section-boxed elementor-section-height-default elementor-section-height-default\" data-id=\"6c775713\" data-element_type=\"section\">\n\t\t\t\t\t\t<div class=\"elementor-container elementor-column-gap-default\">\n\t\t\t\t\t<div class=\"elementor-column elementor-col-100 elementor-top-column elementor-element elementor-element-47ba2f35\" data-id=\"47ba2f35\" data-element_type=\"column\">\n\t\t\t<div class=\"elementor-widget-wrap elementor-element-populated\">\n\t\t\t\t\t\t<div class=\"elementor-element elementor-element-3904e64 elementor-widget elementor-widget-heading\" data-id=\"3904e64\" data-element_type=\"widget\" data-widget_type=\"heading.default\">\n\t\t\t\t<div class=\"elementor-widget-container\">\n\t\t\t<h2 class=\"elementor-heading-title elementor-size-default\">Lu\u00eds Fernando Angerami Ramos<\/h2>\t\t<\/div>\n\t\t\t\t<\/div>\n\t\t\t\t<div class=\"elementor-element elementor-element-9ed3ba5 elementor-widget elementor-widget-text-editor\" data-id=\"9ed3ba5\" data-element_type=\"widget\" data-widget_type=\"text-editor.default\">\n\t\t\t\t<div class=\"elementor-widget-container\">\n\t\t\t\t\t\t\t<div id=\"pl-369\" class=\"panel-layout\"><div id=\"pg-369-0\" class=\"panel-grid panel-no-style\"><div id=\"pgc-369-0-0\" class=\"panel-grid-cell\" data-weight=\"1\"><div id=\"panel-369-0-0-0\" class=\"so-panel widget widget_custom_html panel-first-child\" data-index=\"0\" data-style=\"{\"><div id=\"panel-369-0-0-1\" class=\"so-panel widget widget_text panel-last-child\" data-index=\"1\" data-style=\"{\"><div class=\"textwidget\"><p><a href=\"http:\/\/lattes.cnpq.br\/1333343086556798\"><img decoding=\"async\" class=\"alignnone size-full wp-image-1062\" src=\"https:\/\/sites.usp.br\/labartemidia\/wp-content\/uploads\/sites\/472\/2019\/06\/lattes.png\" alt=\"\" width=\"41\" height=\"41\" data-id=\"1062\" \/><\/a><\/p><span data-sheets-root=\"1\" data-sheets-value=\"{&quot;1&quot;:2,&quot;2&quot;:&quot;Professor Associado da Universidade de S\u00e3o Paulo, atuando no Departamento de Cinema, R\u00e1dio e TV (CTR) da Escola de Comunica\u00e7\u00f5es e Artes da USP, desde 1997. Foi Vice-chefe (2008-2010) e Chefe do Departamento de Cinema, R\u00e1dio e TV (2010-2013), coordenador do Curso Superior do Audiovisual (2021-2023) e membro de diversas comiss\u00f5es da universidade. \\nPesquisador nas \u00e1reas de Audiovisual (cinema, TV e v\u00eddeo) e Comunica\u00e7\u00e3o Ambiental. Doutor em Ci\u00eancias da Comunica\u00e7\u00e3o e Mestre em Ci\u00eancia Ambiental pela USP, bacharel em Cinema pela USP e em Engenharia Sanit\u00e1ria pelo Instituto Mau\u00e1 de Tecnologia. \\nNo campo da realiza\u00e7\u00e3o audiovisual atuou em atividades de cria\u00e7\u00e3o, produ\u00e7\u00e3o, roteiriza\u00e7\u00e3o e dire\u00e7\u00e3o de programas em v\u00eddeo, TV e cinema, com \u00eanfase em projetos educativos, document\u00e1rios, divulga\u00e7\u00e3o institucional e videoarte.\\nDesenvolve o projeto de pesquisa \u2018Fluxos Criativos Audiovisuais: intera\u00e7\u00f5es entre texto, imagem e som no processo de elabora\u00e7\u00e3o de uma obra audiovisual\u2019, que tem como objetivo pesquisar processos de realiza\u00e7\u00e3o audiovisual partindo de diferentes est\u00edmulos capazes de operar como catalisadores na cria\u00e7\u00e3o de uma narrativa audiovisual.\\nlfangerami@usp.br&quot;}\" data-sheets-userformat=\"{&quot;2&quot;:897,&quot;3&quot;:{&quot;1&quot;:0},&quot;10&quot;:1,&quot;11&quot;:3,&quot;12&quot;:0}\">Professor Associado da Universidade de S\u00e3o Paulo, atuando no Departamento de Cinema, R\u00e1dio e TV (CTR) da Escola de Comunica\u00e7\u00f5es e Artes da USP, desde 1997. Foi Vice-chefe (2008-2010) e Chefe do Departamento de Cinema, R\u00e1dio e TV (2010-2013), coordenador do Curso Superior do Audiovisual (2021-2023) e membro de diversas comiss\u00f5es da universidade. <\/span><\/div><div class=\"textwidget\"><span data-sheets-root=\"1\" data-sheets-value=\"{&quot;1&quot;:2,&quot;2&quot;:&quot;Professor Associado da Universidade de S\u00e3o Paulo, atuando no Departamento de Cinema, R\u00e1dio e TV (CTR) da Escola de Comunica\u00e7\u00f5es e Artes da USP, desde 1997. Foi Vice-chefe (2008-2010) e Chefe do Departamento de Cinema, R\u00e1dio e TV (2010-2013), coordenador do Curso Superior do Audiovisual (2021-2023) e membro de diversas comiss\u00f5es da universidade. \\nPesquisador nas \u00e1reas de Audiovisual (cinema, TV e v\u00eddeo) e Comunica\u00e7\u00e3o Ambiental. Doutor em Ci\u00eancias da Comunica\u00e7\u00e3o e Mestre em Ci\u00eancia Ambiental pela USP, bacharel em Cinema pela USP e em Engenharia Sanit\u00e1ria pelo Instituto Mau\u00e1 de Tecnologia. \\nNo campo da realiza\u00e7\u00e3o audiovisual atuou em atividades de cria\u00e7\u00e3o, produ\u00e7\u00e3o, roteiriza\u00e7\u00e3o e dire\u00e7\u00e3o de programas em v\u00eddeo, TV e cinema, com \u00eanfase em projetos educativos, document\u00e1rios, divulga\u00e7\u00e3o institucional e videoarte.\\nDesenvolve o projeto de pesquisa \u2018Fluxos Criativos Audiovisuais: intera\u00e7\u00f5es entre texto, imagem e som no processo de elabora\u00e7\u00e3o de uma obra audiovisual\u2019, que tem como objetivo pesquisar processos de realiza\u00e7\u00e3o audiovisual partindo de diferentes est\u00edmulos capazes de operar como catalisadores na cria\u00e7\u00e3o de uma narrativa audiovisual.\\nlfangerami@usp.br&quot;}\" data-sheets-userformat=\"{&quot;2&quot;:897,&quot;3&quot;:{&quot;1&quot;:0},&quot;10&quot;:1,&quot;11&quot;:3,&quot;12&quot;:0}\"><br \/>Pesquisador nas \u00e1reas de Audiovisual (cinema, TV e v\u00eddeo) e Comunica\u00e7\u00e3o Ambiental. Doutor em Ci\u00eancias da Comunica\u00e7\u00e3o e Mestre em Ci\u00eancia Ambiental pela USP, bacharel em Cinema pela USP e em Engenharia Sanit\u00e1ria pelo Instituto Mau\u00e1 de Tecnologia. <\/span><\/div><div class=\"textwidget\"><span data-sheets-root=\"1\" data-sheets-value=\"{&quot;1&quot;:2,&quot;2&quot;:&quot;Professor Associado da Universidade de S\u00e3o Paulo, atuando no Departamento de Cinema, R\u00e1dio e TV (CTR) da Escola de Comunica\u00e7\u00f5es e Artes da USP, desde 1997. Foi Vice-chefe (2008-2010) e Chefe do Departamento de Cinema, R\u00e1dio e TV (2010-2013), coordenador do Curso Superior do Audiovisual (2021-2023) e membro de diversas comiss\u00f5es da universidade. \\nPesquisador nas \u00e1reas de Audiovisual (cinema, TV e v\u00eddeo) e Comunica\u00e7\u00e3o Ambiental. Doutor em Ci\u00eancias da Comunica\u00e7\u00e3o e Mestre em Ci\u00eancia Ambiental pela USP, bacharel em Cinema pela USP e em Engenharia Sanit\u00e1ria pelo Instituto Mau\u00e1 de Tecnologia. \\nNo campo da realiza\u00e7\u00e3o audiovisual atuou em atividades de cria\u00e7\u00e3o, produ\u00e7\u00e3o, roteiriza\u00e7\u00e3o e dire\u00e7\u00e3o de programas em v\u00eddeo, TV e cinema, com \u00eanfase em projetos educativos, document\u00e1rios, divulga\u00e7\u00e3o institucional e videoarte.\\nDesenvolve o projeto de pesquisa \u2018Fluxos Criativos Audiovisuais: intera\u00e7\u00f5es entre texto, imagem e som no processo de elabora\u00e7\u00e3o de uma obra audiovisual\u2019, que tem como objetivo pesquisar processos de realiza\u00e7\u00e3o audiovisual partindo de diferentes est\u00edmulos capazes de operar como catalisadores na cria\u00e7\u00e3o de uma narrativa audiovisual.\\nlfangerami@usp.br&quot;}\" data-sheets-userformat=\"{&quot;2&quot;:897,&quot;3&quot;:{&quot;1&quot;:0},&quot;10&quot;:1,&quot;11&quot;:3,&quot;12&quot;:0}\"><br \/>No campo da realiza\u00e7\u00e3o audiovisual atuou em atividades de cria\u00e7\u00e3o, produ\u00e7\u00e3o, roteiriza\u00e7\u00e3o e dire\u00e7\u00e3o de programas em v\u00eddeo, TV e cinema, com \u00eanfase em projetos educativos, document\u00e1rios, divulga\u00e7\u00e3o institucional e videoarte.<\/span><\/div><div class=\"textwidget\"><span data-sheets-root=\"1\" data-sheets-value=\"{&quot;1&quot;:2,&quot;2&quot;:&quot;Professor Associado da Universidade de S\u00e3o Paulo, atuando no Departamento de Cinema, R\u00e1dio e TV (CTR) da Escola de Comunica\u00e7\u00f5es e Artes da USP, desde 1997. Foi Vice-chefe (2008-2010) e Chefe do Departamento de Cinema, R\u00e1dio e TV (2010-2013), coordenador do Curso Superior do Audiovisual (2021-2023) e membro de diversas comiss\u00f5es da universidade. \\nPesquisador nas \u00e1reas de Audiovisual (cinema, TV e v\u00eddeo) e Comunica\u00e7\u00e3o Ambiental. Doutor em Ci\u00eancias da Comunica\u00e7\u00e3o e Mestre em Ci\u00eancia Ambiental pela USP, bacharel em Cinema pela USP e em Engenharia Sanit\u00e1ria pelo Instituto Mau\u00e1 de Tecnologia. \\nNo campo da realiza\u00e7\u00e3o audiovisual atuou em atividades de cria\u00e7\u00e3o, produ\u00e7\u00e3o, roteiriza\u00e7\u00e3o e dire\u00e7\u00e3o de programas em v\u00eddeo, TV e cinema, com \u00eanfase em projetos educativos, document\u00e1rios, divulga\u00e7\u00e3o institucional e videoarte.\\nDesenvolve o projeto de pesquisa \u2018Fluxos Criativos Audiovisuais: intera\u00e7\u00f5es entre texto, imagem e som no processo de elabora\u00e7\u00e3o de uma obra audiovisual\u2019, que tem como objetivo pesquisar processos de realiza\u00e7\u00e3o audiovisual partindo de diferentes est\u00edmulos capazes de operar como catalisadores na cria\u00e7\u00e3o de uma narrativa audiovisual.\\nlfangerami@usp.br&quot;}\" data-sheets-userformat=\"{&quot;2&quot;:897,&quot;3&quot;:{&quot;1&quot;:0},&quot;10&quot;:1,&quot;11&quot;:3,&quot;12&quot;:0}\"><br \/>Desenvolve o projeto de pesquisa \u2018Fluxos Criativos Audiovisuais: intera\u00e7\u00f5es entre texto, imagem e som no processo de elabora\u00e7\u00e3o de uma obra audiovisual\u2019, que tem como objetivo pesquisar processos de realiza\u00e7\u00e3o audiovisual partindo de diferentes est\u00edmulos capazes de operar como catalisadores na cria\u00e7\u00e3o de uma narrativa audiovisual.<\/span><\/div><div class=\"textwidget\"><p><span data-sheets-value=\"{\" data-sheets-userformat=\"{\"><a href=\"mailto:lfangerami@usp.br\">lfangerami@usp.br<\/a><br \/><\/span><\/p><\/div><\/div><\/div><\/div><\/div><\/div>\t\t\t\t\t\t<\/div>\n\t\t\t\t<\/div>\n\t\t\t\t\t<\/div>\n\t\t<\/div>\n\t\t\t\t\t<\/div>\n\t\t<\/section>\n\t\t\t\t<\/div>\n\t\t","protected":false},"excerpt":{"rendered":"<p>Lu\u00eds Fernando Angerami Ramos Professor Associado da Universidade de S\u00e3o Paulo, atuando no Departamento de Cinema, R\u00e1dio e TV (CTR) da Escola de Comunica\u00e7\u00f5es e Artes da USP, desde 1997. Foi Vice-chefe (2008-2010) e Chefe do Departamento de Cinema, R\u00e1dio e TV (2010-2013), coordenador do Curso Superior do Audiovisual (2021-2023) e membro de diversas comiss\u00f5es<a href=\"https:\/\/sites.usp.br\/labartemidia\/equipe\/luis-angerami\/\">[&#8230;]<\/a><\/p>\n","protected":false},"author":856,"featured_media":370,"parent":114,"menu_order":2,"comment_status":"closed","ping_status":"closed","template":"","meta":{"_monsterinsights_skip_tracking":false,"_monsterinsights_sitenote_active":false,"_monsterinsights_sitenote_note":"","_monsterinsights_sitenote_category":0,"footnotes":"","_links_to":"","_links_to_target":""},"class_list":["post-369","page","type-page","status-publish","has-post-thumbnail","hentry"],"_links":{"self":[{"href":"https:\/\/sites.usp.br\/labartemidia\/wp-json\/wp\/v2\/pages\/369","targetHints":{"allow":["GET"]}}],"collection":[{"href":"https:\/\/sites.usp.br\/labartemidia\/wp-json\/wp\/v2\/pages"}],"about":[{"href":"https:\/\/sites.usp.br\/labartemidia\/wp-json\/wp\/v2\/types\/page"}],"author":[{"embeddable":true,"href":"https:\/\/sites.usp.br\/labartemidia\/wp-json\/wp\/v2\/users\/856"}],"replies":[{"embeddable":true,"href":"https:\/\/sites.usp.br\/labartemidia\/wp-json\/wp\/v2\/comments?post=369"}],"version-history":[{"count":4,"href":"https:\/\/sites.usp.br\/labartemidia\/wp-json\/wp\/v2\/pages\/369\/revisions"}],"predecessor-version":[{"id":3934,"href":"https:\/\/sites.usp.br\/labartemidia\/wp-json\/wp\/v2\/pages\/369\/revisions\/3934"}],"up":[{"embeddable":true,"href":"https:\/\/sites.usp.br\/labartemidia\/wp-json\/wp\/v2\/pages\/114"}],"wp:featuredmedia":[{"embeddable":true,"href":"https:\/\/sites.usp.br\/labartemidia\/wp-json\/wp\/v2\/media\/370"}],"wp:attachment":[{"href":"https:\/\/sites.usp.br\/labartemidia\/wp-json\/wp\/v2\/media?parent=369"}],"curies":[{"name":"wp","href":"https:\/\/api.w.org\/{rel}","templated":true}]}}