{"id":3692,"date":"2023-07-25T17:48:45","date_gmt":"2023-07-25T20:48:45","guid":{"rendered":"https:\/\/sites.usp.br\/labartemidia\/?page_id=3692"},"modified":"2023-07-25T17:57:38","modified_gmt":"2023-07-25T20:57:38","slug":"soraya-maria-ferreira-vieira","status":"publish","type":"page","link":"https:\/\/sites.usp.br\/labartemidia\/equipe\/soraya-maria-ferreira-vieira\/","title":{"rendered":"Soraya Maria Ferreira Vieira"},"content":{"rendered":"\t\t<div data-elementor-type=\"wp-page\" data-elementor-id=\"3692\" class=\"elementor elementor-3692\" data-elementor-post-type=\"page\">\n\t\t\t\t\t\t<section class=\"elementor-section elementor-top-section elementor-element elementor-element-3a8e10b2 elementor-section-boxed elementor-section-height-default elementor-section-height-default\" data-id=\"3a8e10b2\" data-element_type=\"section\">\n\t\t\t\t\t\t<div class=\"elementor-container elementor-column-gap-default\">\n\t\t\t\t\t<div class=\"elementor-column elementor-col-100 elementor-top-column elementor-element elementor-element-250dd137\" data-id=\"250dd137\" data-element_type=\"column\">\n\t\t\t<div class=\"elementor-widget-wrap elementor-element-populated\">\n\t\t\t\t\t\t<div class=\"elementor-element elementor-element-24bb7256 elementor-widget elementor-widget-heading\" data-id=\"24bb7256\" data-element_type=\"widget\" data-widget_type=\"heading.default\">\n\t\t\t\t<div class=\"elementor-widget-container\">\n\t\t\t<h2 class=\"elementor-heading-title elementor-size-default\">Soraya Maria Ferreira Vieira<\/h2>\t\t<\/div>\n\t\t\t\t<\/div>\n\t\t\t\t<div class=\"elementor-element elementor-element-3d2f5ef6 elementor-widget elementor-widget-text-editor\" data-id=\"3d2f5ef6\" data-element_type=\"widget\" data-widget_type=\"text-editor.default\">\n\t\t\t\t<div class=\"elementor-widget-container\">\n\t\t\t\t\t\t\t<p><a href=\"http:\/\/lattes.cnpq.br\/3142292285628321\"><img decoding=\"async\" src=\"https:\/\/sites.usp.br\/labartemidia\/wp-content\/uploads\/sites\/472\/2019\/06\/lattes.png\" alt=\"\" width=\"41\" height=\"41\" data-id=\"1062\" \/><\/a><\/p><p>Professora Titular da Universidade Federal de Juiz de Fora UFJF na Faculdade de Comunica\u00e7\u00e3o UFJF-FACOM. \u00c9 docente permanente do programa de p\u00f3s-gradua\u00e7\u00e3o Comunica\u00e7\u00e3o e Sociedade. \u00c9 comunicadora social formada na Universidade Federal de Juiz de Fora (1985). Atuou na \u00e1rea como jornalista em diferentes meios, assessora de imprensa em diferentes \u00f3rg\u00e3os em Juiz de Fora\/MG e em S\u00e3o Paulo\/SP, Tv independente. Fez mestrado e doutorado na Pontif\u00edcia Universidade Cat\u00f3lica de S\u00e3o Paulo PUC-SP no Programa de P\u00f3s Gradua\u00e7\u00e3o em Comunica\u00e7\u00e3o e Semi\u00f3tica e P\u00f3s-Doutoramento no TIDD &#8211; Tecnologias da Intelig\u00eancia e do Design Digital PUCSP. Lidera o grupo de pesquisas Redes, Ambientes Imersivos e Linguagem, na linha de pesquisa 2 do grupo: Conex\u00f5es Expandidas. Vem colaborando com o grupo de pesquisa Extremidades da PUC-SP .Membro do\u00a0Grupo de Pesquisa LabArteM\u00eddia e OBTED do CTR-USP, onde faz parte do programa de est\u00e1gio p\u00f3s-doutoral supervisionado pelo Prof. Dr. Almir Almas. Suas pesquisas dizem respeito \u00e0s linguagens contempor\u00e2neas em ambientes conectivos, aos estudos de televis\u00e3o e as audiovisuais, as redes sociais digitais, a transm\u00eddia, a semi\u00f3tica, a cibercultura, a v\u00eddeo-arte, a realidade virtual.\u00a0<\/p>\t\t\t\t\t\t<\/div>\n\t\t\t\t<\/div>\n\t\t\t\t\t<\/div>\n\t\t<\/div>\n\t\t\t\t\t<\/div>\n\t\t<\/section>\n\t\t\t\t<\/div>\n\t\t","protected":false},"excerpt":{"rendered":"<p>Soraya Maria Ferreira Vieira Professora Titular da Universidade Federal de Juiz de Fora UFJF na Faculdade de Comunica\u00e7\u00e3o UFJF-FACOM. \u00c9 docente permanente do programa de p\u00f3s-gradua\u00e7\u00e3o Comunica\u00e7\u00e3o e Sociedade. \u00c9 comunicadora social formada na Universidade Federal de Juiz de Fora (1985). Atuou na \u00e1rea como jornalista em diferentes meios, assessora de imprensa em diferentes \u00f3rg\u00e3os<a href=\"https:\/\/sites.usp.br\/labartemidia\/equipe\/soraya-maria-ferreira-vieira\/\">[&#8230;]<\/a><\/p>\n","protected":false},"author":23534,"featured_media":3693,"parent":114,"menu_order":41,"comment_status":"closed","ping_status":"closed","template":"","meta":{"_monsterinsights_skip_tracking":false,"_monsterinsights_sitenote_active":false,"_monsterinsights_sitenote_note":"","_monsterinsights_sitenote_category":0,"footnotes":"","_links_to":"","_links_to_target":""},"class_list":["post-3692","page","type-page","status-publish","has-post-thumbnail","hentry"],"_links":{"self":[{"href":"https:\/\/sites.usp.br\/labartemidia\/wp-json\/wp\/v2\/pages\/3692","targetHints":{"allow":["GET"]}}],"collection":[{"href":"https:\/\/sites.usp.br\/labartemidia\/wp-json\/wp\/v2\/pages"}],"about":[{"href":"https:\/\/sites.usp.br\/labartemidia\/wp-json\/wp\/v2\/types\/page"}],"author":[{"embeddable":true,"href":"https:\/\/sites.usp.br\/labartemidia\/wp-json\/wp\/v2\/users\/23534"}],"replies":[{"embeddable":true,"href":"https:\/\/sites.usp.br\/labartemidia\/wp-json\/wp\/v2\/comments?post=3692"}],"version-history":[{"count":4,"href":"https:\/\/sites.usp.br\/labartemidia\/wp-json\/wp\/v2\/pages\/3692\/revisions"}],"predecessor-version":[{"id":3716,"href":"https:\/\/sites.usp.br\/labartemidia\/wp-json\/wp\/v2\/pages\/3692\/revisions\/3716"}],"up":[{"embeddable":true,"href":"https:\/\/sites.usp.br\/labartemidia\/wp-json\/wp\/v2\/pages\/114"}],"wp:featuredmedia":[{"embeddable":true,"href":"https:\/\/sites.usp.br\/labartemidia\/wp-json\/wp\/v2\/media\/3693"}],"wp:attachment":[{"href":"https:\/\/sites.usp.br\/labartemidia\/wp-json\/wp\/v2\/media?parent=3692"}],"curies":[{"name":"wp","href":"https:\/\/api.w.org\/{rel}","templated":true}]}}

<div data-elementor-type="wp-page" data-elementor-id="3692" class="elementor elementor-3692" data-elementor-post-type="page">
						<section class="elementor-section elementor-top-section elementor-element elementor-element-3a8e10b2 elementor-section-boxed elementor-section-height-default elementor-section-height-default" data-id="3a8e10b2" data-element_type="section">
						<div class="elementor-container elementor-column-gap-default">
					<div class="elementor-column elementor-col-100 elementor-top-column elementor-element elementor-element-250dd137" data-id="250dd137" data-element_type="column">
			<div class="elementor-widget-wrap elementor-element-populated">
						<div class="elementor-element elementor-element-24bb7256 elementor-widget elementor-widget-heading" data-id="24bb7256" data-element_type="widget" data-widget_type="heading.default">
				<div class="elementor-widget-container">
			<h2 class="elementor-heading-title elementor-size-default">Soraya Maria Ferreira Vieira</h2>		</div>
				</div>
				<div class="elementor-element elementor-element-3d2f5ef6 elementor-widget elementor-widget-text-editor" data-id="3d2f5ef6" data-element_type="widget" data-widget_type="text-editor.default">
				<div class="elementor-widget-container">
							<p><a href="http://lattes.cnpq.br/3142292285628321"><img decoding="async" src="https://sites.usp.br/labartemidia/wp-content/uploads/sites/472/2019/06/lattes.png" alt="" width="41" height="41" data-id="1062" /></a></p><p>Professora Titular da Universidade Federal de Juiz de Fora UFJF na Faculdade de Comunicação UFJF-FACOM. É docente permanente do programa de pós-graduação Comunicação e Sociedade. É comunicadora social formada na Universidade Federal de Juiz de Fora (1985). Atuou na área como jornalista em diferentes meios, assessora de imprensa em diferentes órgãos em Juiz de Fora/MG e em São Paulo/SP, Tv independente. Fez mestrado e doutorado na Pontifícia Universidade Católica de São Paulo PUC-SP no Programa de Pós Graduação em Comunicação e Semiótica e Pós-Doutoramento no TIDD &#8211; Tecnologias da Inteligência e do Design Digital PUCSP. Lidera o grupo de pesquisas Redes, Ambientes Imersivos e Linguagem, na linha de pesquisa 2 do grupo: Conexões Expandidas. Vem colaborando com o grupo de pesquisa Extremidades da PUC-SP .Membro do Grupo de Pesquisa LabArteMídia e OBTED do CTR-USP, onde faz parte do programa de estágio pós-doutoral supervisionado pelo Prof. Dr. Almir Almas. Suas pesquisas dizem respeito às linguagens contemporâneas em ambientes conectivos, aos estudos de televisão e as audiovisuais, as redes sociais digitais, a transmídia, a semiótica, a cibercultura, a vídeo-arte, a realidade virtual. </p>						</div>
				</div>
					</div>
		</div>
					</div>
		</section>
				</div>

<p>Soraya Maria Ferreira Vieira Professora Titular da Universidade Federal de Juiz de Fora UFJF na Faculdade de Comunicação UFJF-FACOM. É docente permanente do programa de pós-graduação Comunicação e Sociedade. É comunicadora social formada na Universidade Federal de Juiz de Fora (1985). Atuou na área como jornalista em diferentes meios, assessora de imprensa em diferentes órgãos<a href="https://sites.usp.br/labartemidia/equipe/soraya-maria-ferreira-vieira/">[&#8230;]</a></p>
