{"id":378,"date":"2019-06-10T17:28:06","date_gmt":"2019-06-10T20:28:06","guid":{"rendered":"http:\/\/sites.usp.br\/labartemidia\/?page_id=378"},"modified":"2020-07-20T12:08:06","modified_gmt":"2020-07-20T15:08:06","slug":"fernanda-castilho","status":"publish","type":"page","link":"https:\/\/sites.usp.br\/labartemidia\/equipe\/fernanda-castilho\/","title":{"rendered":"Fernanda Castilho"},"content":{"rendered":"\t\t<div data-elementor-type=\"wp-page\" data-elementor-id=\"378\" class=\"elementor elementor-378\" data-elementor-post-type=\"page\">\n\t\t\t\t\t\t<section class=\"elementor-section elementor-top-section elementor-element elementor-element-19ebaf3a elementor-section-boxed elementor-section-height-default elementor-section-height-default\" data-id=\"19ebaf3a\" data-element_type=\"section\">\n\t\t\t\t\t\t<div class=\"elementor-container elementor-column-gap-default\">\n\t\t\t\t\t<div class=\"elementor-column elementor-col-100 elementor-top-column elementor-element elementor-element-4c9737d6\" data-id=\"4c9737d6\" data-element_type=\"column\">\n\t\t\t<div class=\"elementor-widget-wrap elementor-element-populated\">\n\t\t\t\t\t\t<div class=\"elementor-element elementor-element-95d987d elementor-widget elementor-widget-heading\" data-id=\"95d987d\" data-element_type=\"widget\" data-widget_type=\"heading.default\">\n\t\t\t\t<div class=\"elementor-widget-container\">\n\t\t\t<h2 class=\"elementor-heading-title elementor-size-default\">Fernanda Castilho<\/h2>\t\t<\/div>\n\t\t\t\t<\/div>\n\t\t\t\t<div class=\"elementor-element elementor-element-1c6f6f08 elementor-widget elementor-widget-text-editor\" data-id=\"1c6f6f08\" data-element_type=\"widget\" data-widget_type=\"text-editor.default\">\n\t\t\t\t<div class=\"elementor-widget-container\">\n\t\t\t\t\t\t\t<div id=\"pl-378\" class=\"panel-layout\"><div id=\"pg-378-0\" class=\"panel-grid panel-no-style\"><div id=\"pgc-378-0-0\" class=\"panel-grid-cell\" data-weight=\"1\"><div id=\"panel-378-0-0-0\" class=\"so-panel widget widget_custom_html panel-first-child\" data-index=\"0\" data-style=\"{\"><div id=\"\\&quot;panel-378-0-0-0\\&quot;\" class=\"\\&quot;so-panel\" data-index=\"\\&quot;0\\&quot;\" data-style=\"\\&quot;{&quot;background_image_attachment&quot;:false,&quot;background_display&quot;:&quot;tile&quot;}\\&quot;\"><h3 class=\"\\&quot;widget-title\\&quot;\"><a href=\"http:\/\/lattes.cnpq.br\/6930826232431610\"><img decoding=\"async\" class=\"alignnone size-full wp-image-1062\" src=\"https:\/\/sites.usp.br\/labartemidia\/wp-content\/uploads\/sites\/472\/2019\/06\/lattes.png\" alt=\"\" width=\"41\" height=\"41\" data-id=\"1062\" \/><\/a><\/h3><\/div><div id=\"panel-378-0-0-1\" class=\"so-panel widget widget_text panel-last-child\" data-index=\"1\" data-style=\"{\"><div class=\"textwidget\"><p><span data-sheets-value=\"{\" data-sheets-userformat=\"{\">P\u00f3s-doutora pela Escola de Comunica\u00e7\u00f5es e Artes da Universidade de S\u00e3o Paulo (ECA\/USP). Doutora e Mestre pela Universidade de Coimbra (Portugal). Professora do Centro Estadual de Educa\u00e7\u00e3o Tecnol\u00f3gica Paula Souza (Fatec). Foi professora convidada do curso Especializa\u00e7\u00e3o em Produ\u00e7\u00e3o de Conte\u00fado Audiovisual para Multiplataformas da UFSCar. Ex-coordenadora do Grupo de Pesquisa Fic\u00e7\u00e3o Seriada da Intercom. Entre 2008 e 2018 foi pesquisadora do Observat\u00f3rio Ibero-Americano de Fic\u00e7\u00e3o Televisiva (Obitel internacional).<\/span><\/p><p><span data-sheets-value=\"{\" data-sheets-userformat=\"{\">Pesquisa ativismos digitais, organiza\u00e7\u00e3o e mobiliza\u00e7\u00e3o transm\u00eddia.<\/span><\/p><p><span data-sheets-value=\"{\" data-sheets-userformat=\"{\">Transm\u00eddia, audiovisual, novas tecnologias, identidades, g\u00eanero e m\u00eddia.<\/span><\/p><p><a href=\"mailto:fernandacasty@gmail.com\"><span data-sheets-value=\"{&quot;1&quot;:2,&quot;2&quot;:&quot;fernandacasty@gmail.com&quot;}\" data-sheets-userformat=\"{&quot;2&quot;:15233,&quot;3&quot;:{&quot;1&quot;:0},&quot;10&quot;:0,&quot;11&quot;:4,&quot;12&quot;:0,&quot;14&quot;:[null,2,0],&quot;15&quot;:&quot;Calibri&quot;,&quot;16&quot;:11}\">fernandacasty@gmail.com<\/span><\/a><\/p><\/div><\/div><\/div><\/div><\/div><\/div>\t\t\t\t\t\t<\/div>\n\t\t\t\t<\/div>\n\t\t\t\t\t<\/div>\n\t\t<\/div>\n\t\t\t\t\t<\/div>\n\t\t<\/section>\n\t\t\t\t<\/div>\n\t\t","protected":false},"excerpt":{"rendered":"<p>Fernanda Castilho P\u00f3s-doutora pela Escola de Comunica\u00e7\u00f5es e Artes da Universidade de S\u00e3o Paulo (ECA\/USP). Doutora e Mestre pela Universidade de Coimbra (Portugal). Professora do Centro Estadual de Educa\u00e7\u00e3o Tecnol\u00f3gica Paula Souza (Fatec). Foi professora convidada do curso Especializa\u00e7\u00e3o em Produ\u00e7\u00e3o de Conte\u00fado Audiovisual para Multiplataformas da UFSCar. Ex-coordenadora do Grupo de Pesquisa Fic\u00e7\u00e3o Seriada<a href=\"https:\/\/sites.usp.br\/labartemidia\/equipe\/fernanda-castilho\/\">[&#8230;]<\/a><\/p>\n","protected":false},"author":856,"featured_media":379,"parent":114,"menu_order":12,"comment_status":"closed","ping_status":"closed","template":"","meta":{"_monsterinsights_skip_tracking":false,"_monsterinsights_sitenote_active":false,"_monsterinsights_sitenote_note":"","_monsterinsights_sitenote_category":0,"footnotes":"","_links_to":"","_links_to_target":""},"class_list":["post-378","page","type-page","status-publish","has-post-thumbnail","hentry"],"_links":{"self":[{"href":"https:\/\/sites.usp.br\/labartemidia\/wp-json\/wp\/v2\/pages\/378","targetHints":{"allow":["GET"]}}],"collection":[{"href":"https:\/\/sites.usp.br\/labartemidia\/wp-json\/wp\/v2\/pages"}],"about":[{"href":"https:\/\/sites.usp.br\/labartemidia\/wp-json\/wp\/v2\/types\/page"}],"author":[{"embeddable":true,"href":"https:\/\/sites.usp.br\/labartemidia\/wp-json\/wp\/v2\/users\/856"}],"replies":[{"embeddable":true,"href":"https:\/\/sites.usp.br\/labartemidia\/wp-json\/wp\/v2\/comments?post=378"}],"version-history":[{"count":4,"href":"https:\/\/sites.usp.br\/labartemidia\/wp-json\/wp\/v2\/pages\/378\/revisions"}],"predecessor-version":[{"id":1364,"href":"https:\/\/sites.usp.br\/labartemidia\/wp-json\/wp\/v2\/pages\/378\/revisions\/1364"}],"up":[{"embeddable":true,"href":"https:\/\/sites.usp.br\/labartemidia\/wp-json\/wp\/v2\/pages\/114"}],"wp:featuredmedia":[{"embeddable":true,"href":"https:\/\/sites.usp.br\/labartemidia\/wp-json\/wp\/v2\/media\/379"}],"wp:attachment":[{"href":"https:\/\/sites.usp.br\/labartemidia\/wp-json\/wp\/v2\/media?parent=378"}],"curies":[{"name":"wp","href":"https:\/\/api.w.org\/{rel}","templated":true}]}}