{"id":559,"date":"2019-06-14T17:17:18","date_gmt":"2019-06-14T20:17:18","guid":{"rendered":"http:\/\/sites.usp.br\/labartemidia\/?page_id=559"},"modified":"2022-03-21T14:27:26","modified_gmt":"2022-03-21T17:27:26","slug":"bruno-machado","status":"publish","type":"page","link":"https:\/\/sites.usp.br\/labartemidia\/equipe\/bruno-machado\/","title":{"rendered":"Bruno Machado"},"content":{"rendered":"\t\t<div data-elementor-type=\"wp-page\" data-elementor-id=\"559\" class=\"elementor elementor-559\" data-elementor-post-type=\"page\">\n\t\t\t\t\t\t<section class=\"elementor-section elementor-top-section elementor-element elementor-element-6b5c01b1 elementor-section-boxed elementor-section-height-default elementor-section-height-default\" data-id=\"6b5c01b1\" data-element_type=\"section\">\n\t\t\t\t\t\t<div class=\"elementor-container elementor-column-gap-default\">\n\t\t\t\t\t<div class=\"elementor-column elementor-col-100 elementor-top-column elementor-element elementor-element-2dd9d90c\" data-id=\"2dd9d90c\" data-element_type=\"column\">\n\t\t\t<div class=\"elementor-widget-wrap elementor-element-populated\">\n\t\t\t\t\t\t<div class=\"elementor-element elementor-element-65fbbfa elementor-widget elementor-widget-heading\" data-id=\"65fbbfa\" data-element_type=\"widget\" data-widget_type=\"heading.default\">\n\t\t\t\t<div class=\"elementor-widget-container\">\n\t\t\t<h2 class=\"elementor-heading-title elementor-size-default\">Bruno Machado<\/h2>\t\t<\/div>\n\t\t\t\t<\/div>\n\t\t\t\t<div class=\"elementor-element elementor-element-3133a7af elementor-widget elementor-widget-text-editor\" data-id=\"3133a7af\" data-element_type=\"widget\" data-widget_type=\"text-editor.default\">\n\t\t\t\t<div class=\"elementor-widget-container\">\n\t\t\t\t\t\t\t<div><div><div data-weight=\"1\"><div data-index=\"0\" data-style=\"{\"><div data-index=\"\\&quot;0\\&quot;\" data-style=\"\\&quot;{&quot;background_image_attachment&quot;:false,&quot;background_display&quot;:&quot;tile&quot;}\\&quot;\"><h3><a href=\"http:\/\/lattes.cnpq.br\/6825059039748738\"><img decoding=\"async\" src=\"https:\/\/sites.usp.br\/labartemidia\/wp-content\/uploads\/sites\/472\/2019\/06\/lattes.png\" alt=\"\" width=\"41\" height=\"41\" data-id=\"1062\" \/><\/a><\/h3><\/div><div data-index=\"1\" data-style=\"{\"><div><p><span data-sheets-value=\"{\" data-sheets-userformat=\"{\">Mestrando pela Universidade de S\u00e3o Paulo (USP) no Programa de P\u00f3s-Gradua\u00e7\u00e3o em Meios e Processos Audiovisuais, na linha Po\u00e9ticas e T\u00e9cnicas. Graduado em Cinema e Audiovisual pela Universidade Federal do Rec\u00f4ncavo da Bahia (UFRB), com interc\u00e2mbio na gradua\u00e7\u00e3o em Artes Visuais no Instituto Polit\u00e9cnico de Bragan\u00e7a (IPB), atrav\u00e9s do Programa de Bolsas da UFRB, em 2013. Durante a gradua\u00e7\u00e3o, foi bolsista do Programa de Educa\u00e7\u00e3o Tutorial MEC\/SESu (PET Cinema da UFRB) durante dois anos, onde desenvolveu atividades de pesquisa, ensino e extens\u00e3o no projeto \u201cCinema Expandido, experimenta\u00e7\u00e3o e novas formas de cinema: um di\u00e1logo com o rec\u00f4ncavo baiano\u201d. No Instituto Polit\u00e9cnico de Bragan\u00e7a em Portugal, pesquisou sobre document\u00e1rios interativos e perform\u00e1ticos. <\/span><\/p><p><span data-sheets-value=\"{\" data-sheets-userformat=\"{\">Linguagem das m\u00eddias digitais, espa\u00e7os naveg\u00e1veis, interatividade e realidade virtual.<\/span><\/p><p><a href=\"mailto:bruno.rpm@gmail.com\"><span data-sheets-value=\"{\" data-sheets-userformat=\"{\">bruno.rpm@gmail.com<\/span><\/a><\/p><p>\u00a0<\/p><\/div><\/div><\/div><\/div><\/div><\/div>\t\t\t\t\t\t<\/div>\n\t\t\t\t<\/div>\n\t\t\t\t\t<\/div>\n\t\t<\/div>\n\t\t\t\t\t<\/div>\n\t\t<\/section>\n\t\t\t\t<\/div>\n\t\t","protected":false},"excerpt":{"rendered":"<p>Bruno Machado Mestrando pela Universidade de S\u00e3o Paulo (USP) no Programa de P\u00f3s-Gradua\u00e7\u00e3o em Meios e Processos Audiovisuais, na linha Po\u00e9ticas e T\u00e9cnicas. Graduado em Cinema e Audiovisual pela Universidade Federal do Rec\u00f4ncavo da Bahia (UFRB), com interc\u00e2mbio na gradua\u00e7\u00e3o em Artes Visuais no Instituto Polit\u00e9cnico de Bragan\u00e7a (IPB), atrav\u00e9s do Programa de Bolsas da<a href=\"https:\/\/sites.usp.br\/labartemidia\/equipe\/bruno-machado\/\">[&#8230;]<\/a><\/p>\n","protected":false},"author":856,"featured_media":856,"parent":114,"menu_order":5,"comment_status":"closed","ping_status":"closed","template":"","meta":{"_monsterinsights_skip_tracking":false,"_monsterinsights_sitenote_active":false,"_monsterinsights_sitenote_note":"","_monsterinsights_sitenote_category":0,"footnotes":"","_links_to":"","_links_to_target":""},"class_list":["post-559","page","type-page","status-publish","has-post-thumbnail","hentry"],"_links":{"self":[{"href":"https:\/\/sites.usp.br\/labartemidia\/wp-json\/wp\/v2\/pages\/559","targetHints":{"allow":["GET"]}}],"collection":[{"href":"https:\/\/sites.usp.br\/labartemidia\/wp-json\/wp\/v2\/pages"}],"about":[{"href":"https:\/\/sites.usp.br\/labartemidia\/wp-json\/wp\/v2\/types\/page"}],"author":[{"embeddable":true,"href":"https:\/\/sites.usp.br\/labartemidia\/wp-json\/wp\/v2\/users\/856"}],"replies":[{"embeddable":true,"href":"https:\/\/sites.usp.br\/labartemidia\/wp-json\/wp\/v2\/comments?post=559"}],"version-history":[{"count":4,"href":"https:\/\/sites.usp.br\/labartemidia\/wp-json\/wp\/v2\/pages\/559\/revisions"}],"predecessor-version":[{"id":1342,"href":"https:\/\/sites.usp.br\/labartemidia\/wp-json\/wp\/v2\/pages\/559\/revisions\/1342"}],"up":[{"embeddable":true,"href":"https:\/\/sites.usp.br\/labartemidia\/wp-json\/wp\/v2\/pages\/114"}],"wp:featuredmedia":[{"embeddable":true,"href":"https:\/\/sites.usp.br\/labartemidia\/wp-json\/wp\/v2\/media\/856"}],"wp:attachment":[{"href":"https:\/\/sites.usp.br\/labartemidia\/wp-json\/wp\/v2\/media?parent=559"}],"curies":[{"name":"wp","href":"https:\/\/api.w.org\/{rel}","templated":true}]}}