{"id":575,"date":"2019-06-14T17:17:18","date_gmt":"2019-06-14T20:17:18","guid":{"rendered":"http:\/\/sites.usp.br\/labartemidia\/?page_id=575"},"modified":"2020-03-05T10:43:52","modified_gmt":"2020-03-05T13:43:52","slug":"mauricio-taveira","status":"publish","type":"page","link":"https:\/\/sites.usp.br\/labartemidia\/equipe\/mauricio-taveira\/","title":{"rendered":"Maur\u00edcio Taveira"},"content":{"rendered":"\t\t<div data-elementor-type=\"wp-page\" data-elementor-id=\"575\" class=\"elementor elementor-575\" data-elementor-post-type=\"page\">\n\t\t\t\t\t\t<section class=\"elementor-section elementor-top-section elementor-element elementor-element-4045d97b elementor-section-boxed elementor-section-height-default elementor-section-height-default\" data-id=\"4045d97b\" data-element_type=\"section\">\n\t\t\t\t\t\t<div class=\"elementor-container elementor-column-gap-default\">\n\t\t\t\t\t<div class=\"elementor-column elementor-col-100 elementor-top-column elementor-element elementor-element-21079ce0\" data-id=\"21079ce0\" data-element_type=\"column\">\n\t\t\t<div class=\"elementor-widget-wrap elementor-element-populated\">\n\t\t\t\t\t\t<div class=\"elementor-element elementor-element-8c0ad34 elementor-widget elementor-widget-heading\" data-id=\"8c0ad34\" data-element_type=\"widget\" data-widget_type=\"heading.default\">\n\t\t\t\t<div class=\"elementor-widget-container\">\n\t\t\t<h2 class=\"elementor-heading-title elementor-size-default\">Maur\u00edcio Taveira<\/h2>\t\t<\/div>\n\t\t\t\t<\/div>\n\t\t\t\t<div class=\"elementor-element elementor-element-5ed8ccb5 elementor-widget elementor-widget-text-editor\" data-id=\"5ed8ccb5\" data-element_type=\"widget\" data-widget_type=\"text-editor.default\">\n\t\t\t\t<div class=\"elementor-widget-container\">\n\t\t\t\t\t\t\t<div id=\"pl-575\" class=\"panel-layout\"><div id=\"pg-575-0\" class=\"panel-grid panel-no-style\"><div id=\"pgc-575-0-0\" class=\"panel-grid-cell\" data-weight=\"1\"><div id=\"panel-575-0-0-0\" class=\"so-panel widget widget_custom_html panel-first-child\" data-index=\"0\" data-style=\"{\"><div id=\"\\\" class=\"\\\" data-index=\"\\\" data-style=\"\\\"><h3 class=\"\\\"><a href=\"http:\/\/vmd9.com.br\"><img decoding=\"async\" class=\"alignnone size-full wp-image-1063\" src=\"https:\/\/sites.usp.br\/labartemidia\/wp-content\/uploads\/sites\/472\/2019\/06\/portfolio.png\" alt=\"\" width=\"40\" height=\"40\" data-id=\"1063\" \/><\/a><\/h3><\/div><div id=\"panel-575-0-0-1\" class=\"so-panel widget widget_text panel-last-child\" data-index=\"1\" data-style=\"{\"><div class=\"textwidget\"><p><span data-sheets-value=\"{\" data-sheets-userformat=\"{\">Graduado \u2013 NDDM em Marketing Digital, pela Udacity. Curso com foco em projetos, abordagem te\u00f3rica e profissionalizante a partir da realiza\u00e7\u00e3o de 8 projetos pr\u00e1ticos.<\/span><\/p><p><span data-sheets-value=\"{\" data-sheets-userformat=\"{\">1. Planejamento de marketing digital;<\/span><br \/><span data-sheets-value=\"{\" data-sheets-userformat=\"{\">2. Planejamento, cria\u00e7\u00e3o e gest\u00e3o de conte\u00fado;<br \/>3. Planejamento e estrat\u00e9gia de campanha de marketing para m\u00eddias sociais;<br \/>4. Planejamento, auditoria e estrategias de SEO;<br \/>5. Planejamento e estrat\u00e9gia de SEM \u2013 criar, executar e otimizar campanhas de an\u00fancios eficiente, usando o AdWords da Google;<br \/>6. Cria\u00e7\u00e3o e promo\u00e7\u00e3o de an\u00fancios display \u2013 v\u00eddeo, bumper;<br \/>7. Cria\u00e7\u00e3o, execu\u00e7\u00e3o e avalia\u00e7\u00e3o de estrat\u00e9gias de email marketing;<br \/>8. Planejamento, avalia\u00e7\u00e3o e otimiza\u00e7\u00e3o de or\u00e7amentos de marketing com o Google Analytics.<\/span><\/p><p><span data-sheets-value=\"{\" data-sheets-userformat=\"{\">P\u00f3s-doutorado em Artes Visuais pela ECA-USP e parte do trabalho foi realizado na UPV \u2013 Universidade polit\u00e9cnica de Val\u00e8ncia \u2013 Espanha.<\/span><\/p><\/div><\/div><\/div><\/div><\/div><\/div>\t\t\t\t\t\t<\/div>\n\t\t\t\t<\/div>\n\t\t\t\t\t<\/div>\n\t\t<\/div>\n\t\t\t\t\t<\/div>\n\t\t<\/section>\n\t\t\t\t<\/div>\n\t\t","protected":false},"excerpt":{"rendered":"<p>Maur\u00edcio Taveira Graduado \u2013 NDDM em Marketing Digital, pela Udacity. Curso com foco em projetos, abordagem te\u00f3rica e profissionalizante a partir da realiza\u00e7\u00e3o de 8 projetos pr\u00e1ticos. 1. Planejamento de marketing digital; 2. Planejamento, cria\u00e7\u00e3o e gest\u00e3o de conte\u00fado; 3. Planejamento e estrat\u00e9gia de campanha de marketing para m\u00eddias sociais; 4. Planejamento, auditoria e estrategias<a href=\"https:\/\/sites.usp.br\/labartemidia\/equipe\/mauricio-taveira\/\">[&#8230;]<\/a><\/p>\n","protected":false},"author":856,"featured_media":1638,"parent":114,"menu_order":25,"comment_status":"closed","ping_status":"closed","template":"","meta":{"_monsterinsights_skip_tracking":false,"_monsterinsights_sitenote_active":false,"_monsterinsights_sitenote_note":"","_monsterinsights_sitenote_category":0,"footnotes":"","_links_to":"","_links_to_target":""},"class_list":["post-575","page","type-page","status-publish","has-post-thumbnail","hentry"],"_links":{"self":[{"href":"https:\/\/sites.usp.br\/labartemidia\/wp-json\/wp\/v2\/pages\/575","targetHints":{"allow":["GET"]}}],"collection":[{"href":"https:\/\/sites.usp.br\/labartemidia\/wp-json\/wp\/v2\/pages"}],"about":[{"href":"https:\/\/sites.usp.br\/labartemidia\/wp-json\/wp\/v2\/types\/page"}],"author":[{"embeddable":true,"href":"https:\/\/sites.usp.br\/labartemidia\/wp-json\/wp\/v2\/users\/856"}],"replies":[{"embeddable":true,"href":"https:\/\/sites.usp.br\/labartemidia\/wp-json\/wp\/v2\/comments?post=575"}],"version-history":[{"count":4,"href":"https:\/\/sites.usp.br\/labartemidia\/wp-json\/wp\/v2\/pages\/575\/revisions"}],"predecessor-version":[{"id":1420,"href":"https:\/\/sites.usp.br\/labartemidia\/wp-json\/wp\/v2\/pages\/575\/revisions\/1420"}],"up":[{"embeddable":true,"href":"https:\/\/sites.usp.br\/labartemidia\/wp-json\/wp\/v2\/pages\/114"}],"wp:featuredmedia":[{"embeddable":true,"href":"https:\/\/sites.usp.br\/labartemidia\/wp-json\/wp\/v2\/media\/1638"}],"wp:attachment":[{"href":"https:\/\/sites.usp.br\/labartemidia\/wp-json\/wp\/v2\/media?parent=575"}],"curies":[{"name":"wp","href":"https:\/\/api.w.org\/{rel}","templated":true}]}}