{"id":79,"date":"2014-02-24T16:51:20","date_gmt":"2014-02-24T18:51:20","guid":{"rendered":"http:\/\/sites.usp.br\/labi-ipusp\/?page_id=79"},"modified":"2024-09-04T19:30:08","modified_gmt":"2024-09-04T21:30:08","slug":"pagina-inicial","status":"publish","type":"page","link":"https:\/\/sites.usp.br\/labi-ipusp\/","title":{"rendered":""},"content":{"rendered":"<p><a style=\"font-family: 'Open Sans', sans-serif; font-size: 18px; font-weight: var( --e-global-typography-text-font-weight ); color: #ea9629; outline: 0px;\" href=\"https:\/\/sites.usp.br\/labi-ipusp\/wp-content\/uploads\/sites\/583\/2019\/08\/espiral-labi.jpg\"><img decoding=\"async\" src=\"https:\/\/sites.usp.br\/labi-ipusp\/wp-content\/uploads\/sites\/583\/2019\/08\/espiral-labi-300x218.jpg\" alt=\"\" width=\"252\" height=\"183\" \/><\/a><\/p>\n<h4>LABORAT\u00d3RIO DE ESTUDOS DO IMAGIN\u00c1RIO \u2013 LABI<\/h4>\n<h6>Depto de Psicologia da Aprendizagem, do Desenvolvimento e da Personalidade \u2013 PSA<br \/>\nInstituto de Psicologia da Universidade de S\u00e3o Paulo \u2013 IPUSP<br \/>\nAv. Prof. Mello Moraes, 1721, bloco G, sala 19e\u00a0\u2013 Cidade Universit\u00e1ria S\u00e3o Paulo \u2013 SP<br \/>\nemail: labi@usp.br | telefone: 3091-4475 | hor\u00e1rio: 10h \u2013 19h<\/h6>\n<pre>\u2217 Imagem de capa da primeira publica\u00e7\u00e3o da Revista Imagin\u00e1rio, em 1993, \u00e0 \u00e9poca editada pelo N\u00facleo Interdisciplinar do Imagin\u00e1rio \u201cRuy Coelho\u201d da Universidade de S\u00e3o Paulo, criada por Maria Heloisa Beldi.<\/pre>\n","protected":false},"excerpt":{"rendered":"<p>LABORAT\u00d3RIO DE ESTUDOS DO IMAGIN\u00c1RIO \u2013 LABI Depto de Psicologia da Aprendizagem, do Desenvolvimento e da Personalidade \u2013 PSA Instituto de Psicologia da Universidade de S\u00e3o Paulo \u2013 IPUSP Av. Prof. Mello Moraes, 1721, bloco G, sala 19e\u00a0\u2013 Cidade Universit\u00e1ria S\u00e3o Paulo \u2013 SP email: labi@usp.br | telefone: 3091-4475 | hor\u00e1rio: 10h \u2013 19h \u2217 [&hellip;]<\/p>\n","protected":false},"author":1112,"featured_media":0,"parent":0,"menu_order":0,"comment_status":"closed","ping_status":"closed","template":"","meta":{"footnotes":"","_links_to":"","_links_to_target":""},"class_list":["post-79","page","type-page","status-publish","hentry"],"_links":{"self":[{"href":"https:\/\/sites.usp.br\/labi-ipusp\/wp-json\/wp\/v2\/pages\/79","targetHints":{"allow":["GET"]}}],"collection":[{"href":"https:\/\/sites.usp.br\/labi-ipusp\/wp-json\/wp\/v2\/pages"}],"about":[{"href":"https:\/\/sites.usp.br\/labi-ipusp\/wp-json\/wp\/v2\/types\/page"}],"author":[{"embeddable":true,"href":"https:\/\/sites.usp.br\/labi-ipusp\/wp-json\/wp\/v2\/users\/1112"}],"replies":[{"embeddable":true,"href":"https:\/\/sites.usp.br\/labi-ipusp\/wp-json\/wp\/v2\/comments?post=79"}],"version-history":[{"count":5,"href":"https:\/\/sites.usp.br\/labi-ipusp\/wp-json\/wp\/v2\/pages\/79\/revisions"}],"predecessor-version":[{"id":1001,"href":"https:\/\/sites.usp.br\/labi-ipusp\/wp-json\/wp\/v2\/pages\/79\/revisions\/1001"}],"wp:attachment":[{"href":"https:\/\/sites.usp.br\/labi-ipusp\/wp-json\/wp\/v2\/media?parent=79"}],"curies":[{"name":"wp","href":"https:\/\/api.w.org\/{rel}","templated":true}]}}